NOAA style reports

NOAA style reports

NOAA-style Climate Reports

2018: Jan | Feb | Mar | Apr | May | Jun | Jul | Aug | Sep | Oct | Nov | Dec 
2017: Jan | Feb | Mar | Apr | May | Jun | Jul | Aug | Sep | Oct | Nov | Dec 
2016: Jan | Feb | Mar | Apr | May | Jun | Jul | Aug | Sep | Oct | Nov | Dec 
2015: Jan | Feb | Mar | Apr | May | Jun | Jul | Aug | Sep | Oct | Nov | Dec 
2014: Jan | Feb | Mar | Apr | May | Jun | Jul | Aug | Sep | Oct | Nov | Dec 
2013: Jan | Feb | Mar | Apr | May | Jun | Jul | Aug | Sep | Oct | Nov | Dec 
2012: Jan | Feb | Mar | Apr | May | Jun | Jul | Aug | Sep | Oct | Nov | Dec 
2011: Jan | Feb | Mar | Apr | May | Jun | Jul | Aug | Sep | Oct | Nov | Dec 
2010: Jan | Feb | Mar | Apr | May | Jun | Jul | Aug | Sep | Oct | Nov | Dec 
 2009: Jan | Feb | Mar | Apr | May | Jun | Jul | Aug | Sep | Oct | Nov | Dec 
2008: Jan | Feb | Mar | Apr | May | Jun | Jul | Aug | Sep | Oct | Nov | Dec 
 2007: Jan | Feb | Mar | Apr | May | Jun | Jul | Aug | Sep | Oct | Nov | Dec 

Report for 2017 01
MONTHLY CLIMATOLOGICAL SUMMARY for DEC. 2011 NAME: Littleton CITY: Littleton STATE: CO ELEV: 5541 ft LAT: 39 27' 00" N LONG: 104 44' 00" W TEMPERATURE (F), RAIN (in), WIND SPEED (mph) HEAT COOL AVG MEAN DEG DEG WIND DOM DAY TEMP HIGH TIME LOW TIME DAYS DAYS RAIN SPEED HIGH TIME DIR ------------------------------------------------------------------------------------ 1 22.1 32.2 12:01a 14.1 9:36p 42.6 0.0 0.00 1.6 14.0 6:49a N 2 26.9 39.6 9:02a 11.7 2:19a 37.9 0.0 0.28 0.8 15.0 2:32p ENE 3 18.1 25.7 12:01a 7.7 10:18p 46.5 0.0 0.01 1.1 13.0 2:13a NE 4 17.4 28.7 10:50a 6.3 11:49p 47.3 0.0 0.00 1.4 13.0 2:40p E 5 6.4 16.4 10:11a -3.9 11:32p 57.9 0.0 0.00 0.6 9.0 12:03p ESE 6 19.8 35.3 12:11p -4.1 12:34a 45.0 0.0 0.01 1.4 13.0 6:13a W 7 31.8 45.4 12:33p 20.8 10:29p 33.1 0.0 0.06 0.6 11.0 12:46a W 8 25.4 35.3 9:49a 17.5 9:20p 39.5 0.0 0.01 0.5 7.0 9:52a SE 9 25.3 42.1 10:32a 15.7 11:45p 39.5 0.0 0.00 0.4 7.0 12:13p ENE 10 29.1 49.4 10:32a 13.6 4:13a 35.7 0.0 0.00 0.4 12.0 5:23a N 11 30.0 51.4 10:20a 15.4 3:47a 34.9 0.0 0.00 0.2 10.0 7:07a W 12 26.5 40.6 11:08a 16.4 2:33a 38.5 0.0 0.00 0.1 6.0 12:26p E 13 26.9 42.3 10:39a 15.2 3:45a 38.0 0.0 0.00 0.3 6.0 9:20a ENE 14 33.5 48.9 8:58a 21.3 11:58p 31.4 0.0 0.00 0.7 13.0 10:42a ESE 15 26.8 40.6 11:01a 16.2 11:59p 38.0 0.0 0.00 0.3 7.0 9:23a NNE 16 26.3 40.1 11:00a 14.9 3:26a 38.4 0.0 0.00 0.6 10.0 6:45a SE 17 28.4 45.7 11:00a 15.1 4:15a 36.5 0.0 0.00 0.2 6.0 7:27a ENE 18 36.8 62.7 10:41a 18.3 3:39a 28.1 0.0 0.00 0.2 10.0 6:59a W 19 26.6 33.4 1:32a 21.9 8:04p 38.2 0.0 0.00 1.7 13.0 7:35a E 20 27.7 43.1 10:47a 16.9 4:22a 16.7 0.0 0.00 0.3 7.0 10:35a W 21 27.5 31.0 3:09p 24.7 11:42p 13.8 0.0 0.00 1.0 13.0 5:16p E 22 17.6 24.8 12:01a 4.3 10:06p 46.9 0.0 0.00 1.1 12.0 12:32a E 23 22.5 36.0 11:09a 12.6 3:48a 42.0 0.0 0.12 1.7 12.0 3:59a W 24 24.3 41.8 10:50a 13.1 12:00m 40.5 0.0 0.11 0.6 10.0 9:31a W 25 28.5 45.8 10:47a 11.1 2:48a 36.4 0.0 0.03 1.2 12.0 6:22a W 26 32.7 49.9 8:51a 16.7 11:59p 32.3 0.0 0.00 1.1 18.0 7:17a SSE 27 31.6 51.3 11:08a 14.3 1:57a 33.1 0.0 0.00 0.6 19.0 4:05p W 28 39.0 54.8 5:26p 20.3 3:04a 26.0 0.0 0.00 1.1 21.0 5:09p NNE 29 46.1 58.4 10:27a 32.1 2:08a 18.9 0.0 0.00 3.5 33.0 10:42a N 30 41.5 57.3 12:52p 26.4 3:31a 23.5 0.0 0.00 0.9 15.0 9:00p WSW 31 35.5 53.6 2:59a 21.3 9:31p 29.4 0.0 0.00 4.4 30.0 3:32a N ------------------------------------------------------------------------------------- 27.7 62.7 18 -4.1 6 1106.5 0.0 0.63 1.0 33.0 29 W Max >= 90.0: 0 Max <= 32.0: 5 Min <= 32.0: 30 Min <= 0.0: 2 Max Rain: 0.28 ON 12/02/11 Days of Rain: 5 (>.01 in) 3 (>.1 in) 0 (>1 in) Heat Base: 65.0 Cool Base: 65.0 Method: Integration
Note: For Weather Data, and Records Prior to December 2006 please click here for history and records.

Station affiliations

Weather data published to:,
Weather Underground, Citizen Weather Observer Program, WeatherForYou, AnythingWeather.com

Member of: Weather-Matrix, Weather-Watch.com

Quote from the patron saint of the webmaster, St. Alphonsus Liguori :
"My Jesus, Thou alone art sufficient for me.  MY love, do not permit me to separate myself from Thee.  When shall I be able to say, 'My God, I cannot lose thee any more?' "

 ©2007 ExceptionalWeather.com
Radar/maps © Weather Underground. Used with permission.    Valid XHTML 1.0     Valid CSS
Never base important decisions on this or any weather information obtained from the Internet.