NOAA style reports

NOAA style reports

NOAA-style Climate Reports

2018: Jan | Feb | Mar | Apr | May | Jun | Jul | Aug | Sep | Oct | Nov | Dec 
2017: Jan | Feb | Mar | Apr | May | Jun | Jul | Aug | Sep | Oct | Nov | Dec 
2016: Jan | Feb | Mar | Apr | May | Jun | Jul | Aug | Sep | Oct | Nov | Dec 
2015: Jan | Feb | Mar | Apr | May | Jun | Jul | Aug | Sep | Oct | Nov | Dec 
2014: Jan | Feb | Mar | Apr | May | Jun | Jul | Aug | Sep | Oct | Nov | Dec 
2013: Jan | Feb | Mar | Apr | May | Jun | Jul | Aug | Sep | Oct | Nov | Dec 
2012: Jan | Feb | Mar | Apr | May | Jun | Jul | Aug | Sep | Oct | Nov | Dec 
2011: Jan | Feb | Mar | Apr | May | Jun | Jul | Aug | Sep | Oct | Nov | Dec 
2010: Jan | Feb | Mar | Apr | May | Jun | Jul | Aug | Sep | Oct | Nov | Dec 
 2009: Jan | Feb | Mar | Apr | May | Jun | Jul | Aug | Sep | Oct | Nov | Dec 
2008: Jan | Feb | Mar | Apr | May | Jun | Jul | Aug | Sep | Oct | Nov | Dec 
 2007: Jan | Feb | Mar | Apr | May | Jun | Jul | Aug | Sep | Oct | Nov | Dec 

Report for 2016
ANNUAL CLIMATOLOGICAL SUMMARY NAME: Littleton CITY: Littleton STATE: CO ELEV: 5541 ft LAT: 39 27' 00" N LONG: 104 44' 00" W TEMPERATURE (F), HEAT BASE 65.0, COOL BASE 65.0 DEP. HEAT COOL MEAN MEAN FROM DEG DEG MAX MAX MIN MIN YR MO MAX MIN MEAN NORM DAYS DAYS HI DATE LOW DATE >=90 <=32 <=32 <=0 ------------------------------------------------------------------------------------ 11 1 45.5 18.6 31.1 0.0 1049 0 69.4 28 -2.6 12 0 4 30 5 11 2 44.5 15.9 30.8 0.0 956 0 67.8 15 -13.5 2 0 7 26 4 11 3 57.7 30.7 44.3 0.0 563 6 74.0 16 18.6 5 0 2 16 0 11 4 62.1 34.9 48.7 0.0 427 17 83.2 2 23.8 4 0 0 7 0 11 5 64.0 41.3 52.8 0.0 378 33 86.1 8 30.7 5 0 0 1 0 11 6 92.0 61.5 76.4 0.0 5 78 95.9 28 57.6 26 6 0 0 0 11 7 90.5 61.1 74.3 0.0 19 302 100.7 4 53.9 1 17 0 0 0 11 8 91.3 60.9 75.2 0.0 16 319 96.3 18 55.1 8 19 0 0 0 11 9 76.8 49.0 62.3 0.0 123 74 91.2 1 37.8 22 2 0 0 0 11 10 67.8 36.3 51.2 0.0 462 43 86.1 1 17.7 27 0 1 8 0 11 11 55.1 26.1 40.5 0.0 735 1 69.1 24 15.6 2 0 1 27 0 11 12 42.1 15.1 27.7 0.0 1107 0 62.7 18 -4.1 6 0 5 30 2 ------------------------------------------------------------------------------------ 63.8 35.8 49.3 0.0 5839 872 100.7 JUL -13.5 FEB 44 20 145 11 PRECIPITATION (in) DEP. MAX DAYS OF RAIN FROM OBS. OVER YR MO TOTAL NORM DAY DATE .01 .1 1 --------------------------------------------- 11 1 0.01 0.00 0.01 20 0 0 0 11 2 0.01 0.00 0.01 26 0 0 0 11 3 0.35 0.00 0.09 28 6 0 0 11 4 0.99 0.00 0.15 18 10 5 0 11 5 2.94 0.00 1.00 11 11 6 0 11 6 0.13 0.00 0.13 30 1 1 0 11 7 3.27 0.00 0.95 14 14 10 0 11 8 0.28 0.00 0.09 2 6 0 0 11 9 0.16 0.00 0.08 2 3 0 0 11 10 1.56 0.00 0.73 8 5 3 0 11 11 0.41 0.00 0.36 3 2 1 0 11 12 0.63 0.00 0.28 2 5 3 0 --------------------------------------------- 10.74 0.00 1.00 MAY 63 29 0 WIND SPEED (mph) DOM YR MO AVG. HI DATE DIR --------------------------------- 11 1 1.2 29.0 5 NNW 11 2 1.5 30.0 19 SE 11 3 1.7 33.0 22 N 11 4 2.3 30.0 29 N 11 5 1.2 30.0 9 ENE 11 6 0.8 20.0 30 E 11 7 0.6 33.0 14 ESE 11 8 0.5 26.0 11 SSW 11 9 0.3 15.0 2 E 11 10 0.8 27.0 6 N 11 11 1.3 28.0 25 N 11 12 1.0 33.0 29 W --------------------------------- 1.1 33.0 MAR N
Note: For Weather Data, and Records Prior to December 2006 please click here for history and records.

Station affiliations

Weather data published to:,
Weather Underground, Citizen Weather Observer Program, WeatherForYou, AnythingWeather.com

Member of: Weather-Matrix, Weather-Watch.com

Quote from the patron saint of the webmaster, St. Alphonsus Liguori :
"My Jesus, Thou alone art sufficient for me.  MY love, do not permit me to separate myself from Thee.  When shall I be able to say, 'My God, I cannot lose thee any more?' "

 ©2007 ExceptionalWeather.com
Radar/maps © Weather Underground. Used with permission.    Valid XHTML 1.0     Valid CSS
Never base important decisions on this or any weather information obtained from the Internet.