NOAA style reports

NOAA style reports

NOAA-style Climate Reports

2018: Jan | Feb | Mar | Apr | May | Jun | Jul | Aug | Sep | Oct | Nov | Dec 
2017: Jan | Feb | Mar | Apr | May | Jun | Jul | Aug | Sep | Oct | Nov | Dec 
2016: Jan | Feb | Mar | Apr | May | Jun | Jul | Aug | Sep | Oct | Nov | Dec 
2015: Jan | Feb | Mar | Apr | May | Jun | Jul | Aug | Sep | Oct | Nov | Dec 
2014: Jan | Feb | Mar | Apr | May | Jun | Jul | Aug | Sep | Oct | Nov | Dec 
2013: Jan | Feb | Mar | Apr | May | Jun | Jul | Aug | Sep | Oct | Nov | Dec 
2012: Jan | Feb | Mar | Apr | May | Jun | Jul | Aug | Sep | Oct | Nov | Dec 
2011: Jan | Feb | Mar | Apr | May | Jun | Jul | Aug | Sep | Oct | Nov | Dec 
2010: Jan | Feb | Mar | Apr | May | Jun | Jul | Aug | Sep | Oct | Nov | Dec 
 2009: Jan | Feb | Mar | Apr | May | Jun | Jul | Aug | Sep | Oct | Nov | Dec 
2008: Jan | Feb | Mar | Apr | May | Jun | Jul | Aug | Sep | Oct | Nov | Dec 
 2007: Jan | Feb | Mar | Apr | May | Jun | Jul | Aug | Sep | Oct | Nov | Dec 

Report for 2015 10
MONTHLY CLIMATOLOGICAL SUMMARY for AUG. 2015 NAME: Truta, Littleton, CO CITY: Littleton STATE: CO ELEV: 5541 ft LAT: 39 34' 54" N LONG: 105 00' 21" W TEMPERATURE (F), RAIN (in), WIND SPEED (mph) HEAT COOL AVG MEAN DEG DEG WIND DOM DAY TEMP HIGH TIME LOW TIME DAYS DAYS RAIN SPEED HIGH TIME DIR ------------------------------------------------------------------------------------ 1 2 3 4 5 73.2 92.1 1:29p 59.6 11:55p 0.3 3.9 0.00 0.4 7.0 2:22p SW 6 72.7 92.7 8:05a 57.0 1:54a 1.8 9.5 0.00 0.4 9.0 10:00a ENE 7 62.8 66.0 6:04a 58.9 1:10a 0.6 0.0 0.06 0.3 5.0 1:29a SSW 8 68.3 81.1 2:02p 58.1 12:00m 0.6 2.0 0.01 0.2 6.0 1:59p SE 9 73.2 91.0 10:39a 55.3 2:22a 2.0 10.2 0.02 0.7 12.0 9:44a ENE 10 68.9 89.7 8:36a 56.0 2:17a 1.6 3.3 0.68 0.7 14.0 10:02a SE 11 72.6 88.0 10:34a 63.7 11:59p 0.0 6.0 0.00 1.1 18.0 2:04p SE 12 75.2 90.1 12:31p 57.5 2:29a 0.9 11.0 0.00 0.3 10.0 7:01p SSW 13 72.6 93.4 11:34a 60.4 6:16p 1.4 9.0 0.70 0.6 15.0 1:34p SSW 14 73.6 93.8 9:29a 60.9 2:41a 0.5 9.1 0.14 1.1 14.0 2:22p SSW 15 77.5 96.6 10:22a 59.9 11:52p 0.4 12.8 0.10 0.8 17.0 12:59p SSW 16 70.3 88.4 10:15a 58.4 1:43a 1.7 7.0 0.12 0.6 15.0 12:45p NW 17 67.0 83.2 9:15a 53.2 12:00m 2.6 4.6 0.19 0.8 18.0 10:43a ENE 18 61.0 75.6 12:12p 48.8 2:22a 7.0 2.9 0.21 1.0 15.0 9:21a ENE 19 60.5 73.2 12:11p 48.5 2:22a 6.0 1.6 0.01 0.7 13.0 10:52p ENE 20 21 76.7 92.3 10:40a 62.9 8:18p 0.2 9.8 0.00 0.3 9.0 4:09a S 22 70.1 94.0 8:09a 48.6 11:59p 3.0 8.1 0.00 1.1 17.0 9:56a ENE 23 65.4 79.4 11:20a 46.1 2:18a 3.3 3.5 0.00 0.9 10.0 8:11a WNW 24 25 26 27 69.5 71.1 4:40a 68.1 4:11a 0.0 0.1 0.00 0.1 4.0 4:28a SW 28 29 30 31 ------------------------------------------------------------------------------------- 70.1 96.6 15 46.1 23 33.9 114.4 2.24 0.6 18.0 11 ENE Max >= 90.0: 9 Max <= 32.0: 0 Min <= 32.0: 0 Min <= 0.0: 0 Max Rain: 0.70 ON 08/13/15 Days of Rain: 9 (>.01 in) 6 (>.1 in) 0 (>1 in) Heat Base: 65.0 Cool Base: 65.0 Method: Integration
Note: For Weather Data, and Records Prior to December 2006 please click here for history and records.

Station affiliations

Weather data published to:,
Weather Underground, Citizen Weather Observer Program, WeatherForYou, AnythingWeather.com

Member of: Weather-Matrix, Weather-Watch.com

Quote from the patron saint of the webmaster, St. Alphonsus Liguori :
"My Jesus, Thou alone art sufficient for me.  MY love, do not permit me to separate myself from Thee.  When shall I be able to say, 'My God, I cannot lose thee any more?' "

 ©2007 ExceptionalWeather.com
Radar/maps © Weather Underground. Used with permission.    Valid XHTML 1.0     Valid CSS
Never base important decisions on this or any weather information obtained from the Internet.