NOAA style reports

NOAA style reports

NOAA-style Climate Reports

2018: Jan | Feb | Mar | Apr | May | Jun | Jul | Aug | Sep | Oct | Nov | Dec 
2017: Jan | Feb | Mar | Apr | May | Jun | Jul | Aug | Sep | Oct | Nov | Dec 
2016: Jan | Feb | Mar | Apr | May | Jun | Jul | Aug | Sep | Oct | Nov | Dec 
2015: Jan | Feb | Mar | Apr | May | Jun | Jul | Aug | Sep | Oct | Nov | Dec 
2014: Jan | Feb | Mar | Apr | May | Jun | Jul | Aug | Sep | Oct | Nov | Dec 
2013: Jan | Feb | Mar | Apr | May | Jun | Jul | Aug | Sep | Oct | Nov | Dec 
2012: Jan | Feb | Mar | Apr | May | Jun | Jul | Aug | Sep | Oct | Nov | Dec 
2011: Jan | Feb | Mar | Apr | May | Jun | Jul | Aug | Sep | Oct | Nov | Dec 
2010: Jan | Feb | Mar | Apr | May | Jun | Jul | Aug | Sep | Oct | Nov | Dec 
 2009: Jan | Feb | Mar | Apr | May | Jun | Jul | Aug | Sep | Oct | Nov | Dec 
2008: Jan | Feb | Mar | Apr | May | Jun | Jul | Aug | Sep | Oct | Nov | Dec 
 2007: Jan | Feb | Mar | Apr | May | Jun | Jul | Aug | Sep | Oct | Nov | Dec 

Report for 2015 08
MONTHLY CLIMATOLOGICAL SUMMARY for JUL. 2015 NAME: Truta, Littleton, CO CITY: Littleton STATE: CO ELEV: 5541 ft LAT: 39 34' 54" N LONG: 105 00' 21" W TEMPERATURE (F), RAIN (in), WIND SPEED (mph) HEAT COOL AVG MEAN DEG DEG WIND DOM DAY TEMP HIGH TIME LOW TIME DAYS DAYS RAIN SPEED HIGH TIME DIR ------------------------------------------------------------------------------------ 1 66.8 76.1 1:51p 61.3 11:59p 0.4 1.2 0.00 0.5 12.0 1:47p SE 2 69.2 85.9 12:29p 56.7 4:05a 1.3 3.3 0.16 1.2 20.0 3:56p NNW 3 67.2 82.6 2:05p 60.4 8:24p 0.6 1.5 0.10 0.4 9.0 4:28p SSW 4 76.3 95.1 9:58a 63.1 1:56a 0.2 11.5 0.00 0.9 18.0 12:36p SSW 5 71.8 92.3 9:08a 61.0 8:04p 1.1 7.8 0.26 0.6 16.0 9:40a ENE 6 60.7 62.1 8:53a 59.9 4:26a 1.8 0.0 0.14 0.7 9.0 9:43a ENE 7 59.2 72.8 9:38a 55.1 11:46p 3.6 0.2 0.11 0.4 12.0 9:55a SE 8 59.8 71.3 7:20a 54.7 1:16a 5.8 0.6 0.23 0.6 12.0 12:30p NW 9 64.7 81.1 11:02a 55.1 1:30a 3.8 3.5 0.22 0.6 11.0 12:30p NW 10 69.1 88.4 11:49a 52.8 11:56p 4.1 8.1 0.16 0.5 17.0 4:46p ENE 11 70.6 90.1 10:00a 52.0 1:11a 3.3 8.9 0.01 0.6 10.0 12:38p SE 12 74.2 91.6 9:04a 55.3 1:56a 1.5 10.7 0.00 0.4 10.0 9:42a SE 13 70.0 89.9 7:56a 60.2 1:14a 1.2 6.1 0.01 0.6 16.0 10:27a SSW 14 71.6 92.1 10:17a 57.5 11:56p 1.2 7.8 0.01 0.8 15.0 11:17a W 15 72.5 87.0 9:32a 55.3 1:48a 1.4 4.9 0.00 0.5 7.0 7:37a ENE 16 85.1 89.3 7:16a 79.6 5:29a 0.0 1.5 0.00 1.1 7.0 5:35a SW 17 18 19 20 21 22 23 24 75.5 86.1 7:47a 67.4 11:59p 0.0 8.6 0.00 1.1 14.0 1:51p SSW 25 76.7 93.2 11:13a 59.2 2:24a 0.7 12.4 0.00 0.6 13.0 7:33a ENE 26 66.8 87.0 5:47a 59.0 1:52a 0.7 1.1 0.00 0.2 7.0 4:23a SSW 27 28 75.8 89.3 10:35a 57.3 11:57p 0.8 8.6 0.00 1.6 15.0 3:14p ENE 29 73.0 87.2 8:13a 56.3 1:03a 1.4 9.4 0.00 1.0 19.0 8:48a SE 30 75.5 92.5 11:04a 56.2 2:17a 1.4 11.9 0.00 0.6 11.0 9:32a ENE 31 64.3 83.6 5:59a 56.7 2:09a 1.1 1.0 0.00 0.1 3.0 5:16a W ------------------------------------------------------------------------------------- 70.3 95.1 4 52.0 11 37.4 130.6 1.41 0.7 20.0 2 ENE Max >= 90.0: 7 Max <= 32.0: 0 Min <= 32.0: 0 Min <= 0.0: 0 Max Rain: 0.26 ON 07/05/15 Days of Rain: 8 (>.01 in) 7 (>.1 in) 0 (>1 in) Heat Base: 65.0 Cool Base: 65.0 Method: Integration
Note: For Weather Data, and Records Prior to December 2006 please click here for history and records.

Station affiliations

Weather data published to:,
Weather Underground, Citizen Weather Observer Program, WeatherForYou, AnythingWeather.com

Member of: Weather-Matrix, Weather-Watch.com

Quote from the patron saint of the webmaster, St. Alphonsus Liguori :
"My Jesus, Thou alone art sufficient for me.  MY love, do not permit me to separate myself from Thee.  When shall I be able to say, 'My God, I cannot lose thee any more?' "

 ©2007 ExceptionalWeather.com
Radar/maps © Weather Underground. Used with permission.    Valid XHTML 1.0     Valid CSS
Never base important decisions on this or any weather information obtained from the Internet.