NOAA style reports

NOAA style reports

NOAA-style Climate Reports

2018: Jan | Feb | Mar | Apr | May | Jun | Jul | Aug | Sep | Oct | Nov | Dec 
2017: Jan | Feb | Mar | Apr | May | Jun | Jul | Aug | Sep | Oct | Nov | Dec 
2016: Jan | Feb | Mar | Apr | May | Jun | Jul | Aug | Sep | Oct | Nov | Dec 
2015: Jan | Feb | Mar | Apr | May | Jun | Jul | Aug | Sep | Oct | Nov | Dec 
2014: Jan | Feb | Mar | Apr | May | Jun | Jul | Aug | Sep | Oct | Nov | Dec 
2013: Jan | Feb | Mar | Apr | May | Jun | Jul | Aug | Sep | Oct | Nov | Dec 
2012: Jan | Feb | Mar | Apr | May | Jun | Jul | Aug | Sep | Oct | Nov | Dec 
2011: Jan | Feb | Mar | Apr | May | Jun | Jul | Aug | Sep | Oct | Nov | Dec 
2010: Jan | Feb | Mar | Apr | May | Jun | Jul | Aug | Sep | Oct | Nov | Dec 
 2009: Jan | Feb | Mar | Apr | May | Jun | Jul | Aug | Sep | Oct | Nov | Dec 
2008: Jan | Feb | Mar | Apr | May | Jun | Jul | Aug | Sep | Oct | Nov | Dec 
 2007: Jan | Feb | Mar | Apr | May | Jun | Jul | Aug | Sep | Oct | Nov | Dec 

Report for 2015 07
MONTHLY CLIMATOLOGICAL SUMMARY for JUN. 2015 NAME: Truta, Littleton, CO CITY: Littleton STATE: CO ELEV: 5541 ft LAT: 39 34' 54" N LONG: 105 00' 21" W TEMPERATURE (F), RAIN (in), WIND SPEED (mph) HEAT COOL AVG MEAN DEG DEG WIND DOM DAY TEMP HIGH TIME LOW TIME DAYS DAYS RAIN SPEED HIGH TIME DIR ------------------------------------------------------------------------------------ 1 2 56.8 63.1 7:09p 53.8 11:08p 1.7 0.0 0.00 0.1 5.0 11:45p WNW 3 62.5 78.6 11:41a 50.1 1:48a 4.4 2.1 0.14 1.0 13.0 11:53a ENE 4 67.6 85.9 10:44a 51.6 2:35a 3.7 6.2 0.20 1.4 17.0 6:44p ENE 5 60.6 75.3 1:58p 50.1 12:00m 5.8 1.4 0.47 0.8 20.0 4:37p ENE 6 62.9 77.4 1:56p 49.8 12:00m 5.6 3.5 0.01 0.9 16.0 10:23a WNW 7 62.8 78.8 10:21a 48.3 1:34a 6.3 4.1 0.02 1.2 13.0 9:12a SE 8 69.6 85.5 11:08a 51.6 12:01a 3.3 7.8 0.00 0.8 10.0 12:00p ENE 9 66.8 82.0 1:09p 56.5 12:01a 0.9 1.9 0.00 0.6 12.0 2:52p SW 10 65.8 80.5 10:28a 57.6 10:34p 2.0 2.8 0.09 0.5 9.0 2:29p ENE 11 62.1 79.6 10:43a 54.2 4:41p 5.2 2.4 1.14 0.7 17.0 12:50p WNW 12 61.7 75.8 11:35a 54.8 2:11a 5.3 2.0 0.66 0.5 9.0 1:02p ENE 13 70.8 88.0 8:04a 54.1 1:07a 2.5 8.3 0.02 1.3 13.0 11:10a SSW 14 65.0 84.3 1:09p 54.5 11:17p 2.0 2.0 0.00 0.9 14.0 3:54p ENE 15 64.1 74.4 8:44a 54.8 12:01a 3.1 2.3 0.00 0.8 12.0 11:28p ENE 16 67.4 86.1 12:57p 55.1 10:58p 2.8 5.2 0.05 1.1 13.0 10:53a SE 17 71.2 88.6 10:59a 54.1 1:40a 1.9 8.0 0.00 0.8 10.0 11:07a SSW 18 70.7 83.4 12:15p 56.9 1:48a 0.9 6.5 0.00 1.0 12.0 9:55p ENE 19 78.6 97.1 8:00a 60.2 11:38p 0.3 14.0 0.00 1.0 13.0 3:48a SE 20 74.9 88.6 9:24a 58.3 2:06a 0.8 10.7 0.00 0.8 11.0 1:44p ENE 21 78.6 98.0 12:48p 59.0 1:34a 0.4 14.0 0.00 0.7 11.0 11:05a NW 22 70.4 83.0 11:35a 61.3 3:56a 0.2 5.2 0.00 0.9 15.0 3:33a SE 23 75.0 94.7 11:35a 59.5 2:15a 0.7 10.7 0.00 0.9 10.0 6:15p NW 24 72.1 96.1 6:59a 59.5 7:51p 1.9 9.0 0.71 1.1 17.0 12:46p SE 25 71.1 90.3 11:50a 58.4 11:26p 1.4 7.5 0.05 1.0 14.0 2:12p NW 26 69.2 80.5 9:36a 56.6 11:59p 1.6 5.7 0.00 0.6 10.0 11:44a ENE 27 73.1 90.1 10:46a 55.3 1:23a 1.8 9.9 0.00 0.6 11.0 9:37a ENE 28 73.4 93.6 10:01a 60.4 2:00a 1.0 9.4 0.00 0.6 21.0 2:42p W 29 63.8 68.6 4:27a 62.3 1:22a 0.3 0.1 0.00 0.2 5.0 3:37a SW 30 ------------------------------------------------------------------------------------- 68.2 98.0 21 48.3 7 67.8 162.7 3.56 0.8 21.0 28 ENE Max >= 90.0: 7 Max <= 32.0: 0 Min <= 32.0: 0 Min <= 0.0: 0 Max Rain: 1.14 ON 06/11/15 Days of Rain: 11 (>.01 in) 6 (>.1 in) 1 (>1 in) Heat Base: 65.0 Cool Base: 65.0 Method: Integration
Note: For Weather Data, and Records Prior to December 2006 please click here for history and records.

Station affiliations

Weather data published to:,
Weather Underground, Citizen Weather Observer Program, WeatherForYou, AnythingWeather.com

Member of: Weather-Matrix, Weather-Watch.com

Quote from the patron saint of the webmaster, St. Alphonsus Liguori :
"My Jesus, Thou alone art sufficient for me.  MY love, do not permit me to separate myself from Thee.  When shall I be able to say, 'My God, I cannot lose thee any more?' "

 ©2007 ExceptionalWeather.com
Radar/maps © Weather Underground. Used with permission.    Valid XHTML 1.0     Valid CSS
Never base important decisions on this or any weather information obtained from the Internet.