NOAA style reports

NOAA style reports

NOAA-style Climate Reports

2018: Jan | Feb | Mar | Apr | May | Jun | Jul | Aug | Sep | Oct | Nov | Dec 
2017: Jan | Feb | Mar | Apr | May | Jun | Jul | Aug | Sep | Oct | Nov | Dec 
2016: Jan | Feb | Mar | Apr | May | Jun | Jul | Aug | Sep | Oct | Nov | Dec 
2015: Jan | Feb | Mar | Apr | May | Jun | Jul | Aug | Sep | Oct | Nov | Dec 
2014: Jan | Feb | Mar | Apr | May | Jun | Jul | Aug | Sep | Oct | Nov | Dec 
2013: Jan | Feb | Mar | Apr | May | Jun | Jul | Aug | Sep | Oct | Nov | Dec 
2012: Jan | Feb | Mar | Apr | May | Jun | Jul | Aug | Sep | Oct | Nov | Dec 
2011: Jan | Feb | Mar | Apr | May | Jun | Jul | Aug | Sep | Oct | Nov | Dec 
2010: Jan | Feb | Mar | Apr | May | Jun | Jul | Aug | Sep | Oct | Nov | Dec 
 2009: Jan | Feb | Mar | Apr | May | Jun | Jul | Aug | Sep | Oct | Nov | Dec 
2008: Jan | Feb | Mar | Apr | May | Jun | Jul | Aug | Sep | Oct | Nov | Dec 
 2007: Jan | Feb | Mar | Apr | May | Jun | Jul | Aug | Sep | Oct | Nov | Dec 

Report for 2015 06
MONTHLY CLIMATOLOGICAL SUMMARY for MAY. 2015 NAME: Truta, Littleton, CO CITY: Littleton STATE: CO ELEV: 5541 ft LAT: 39 34' 54" N LONG: 105 00' 21" W TEMPERATURE (F), RAIN (in), WIND SPEED (mph) HEAT COOL AVG MEAN DEG DEG WIND DOM DAY TEMP HIGH TIME LOW TIME DAYS DAYS RAIN SPEED HIGH TIME DIR ------------------------------------------------------------------------------------ 1 2 3 52.7 63.7 1:08p 47.6 6:40p 5.6 0.0 0.08 0.9 14.0 2:45p S 4 53.6 63.5 11:32a 47.6 11:03p 11.4 0.0 0.02 0.9 11.0 8:39a ENE 5 50.4 55.1 7:56a 47.7 1:10a 13.7 0.0 0.66 0.3 7.0 10:36a NW 6 54.3 66.6 8:38a 47.0 11:53p 10.8 0.0 0.02 0.6 10.0 8:15a ENE 7 51.1 63.2 11:32a 44.8 11:21p 13.9 0.0 0.19 1.2 13.0 6:16p ENE 8 47.9 55.7 8:42a 44.1 9:02p 17.1 0.0 0.58 1.0 16.0 9:17a NW 9 38.9 48.2 8:16a 27.3 9:26p 26.1 0.0 0.83 1.3 18.0 12:24p NW 10 37.4 46.2 8:52a 27.2 12:27a 27.5 0.0 0.68 0.8 10.0 10:29a ENE 11 47.6 61.6 10:09a 30.3 2:00a 17.4 0.0 0.00 1.1 14.0 1:30p SE 12 56.9 74.2 11:29a 37.0 1:44a 9.7 1.6 0.00 1.3 15.0 9:29a SE 13 60.5 67.4 11:08a 54.1 2:27a 2.2 0.1 0.00 1.8 21.0 8:13a SSW 14 15 16 17 18 48.3 55.3 12:13p 46.1 11:52p 8.2 0.0 0.40 0.4 7.0 12:33p NW 19 45.9 49.8 12:49p 41.9 4:54a 13.4 0.0 0.40 1.4 16.0 4:32a SE 20 21 52.1 57.2 12:12p 48.0 11:49p 9.5 0.0 0.02 0.8 9.0 7:07a ENE 22 52.4 62.9 10:55a 47.3 1:15a 12.6 0.0 0.52 0.7 10.0 9:05a ENE 23 55.3 64.5 10:21a 47.9 1:01a 4.8 0.0 0.03 1.2 20.0 11:09a ENE 24 58.4 59.9 10:56a 57.0 10:37a 0.1 0.0 0.00 1.7 6.0 10:43a NE 25 54.7 72.1 12:12p 44.1 11:45p 7.3 0.8 0.35 1.1 17.0 2:37p ENE 26 58.4 74.6 9:00a 43.2 1:28a 8.5 1.9 0.02 1.0 14.0 11:32a SSW 27 63.6 80.7 9:49a 47.7 12:58a 5.8 4.4 0.04 1.0 13.0 8:24a ENE 28 47.7 48.8 1:45a 47.3 12:32a 1.3 0.0 0.00 0.0 1.0 1:09a NW 29 30 31 ------------------------------------------------------------------------------------- 51.8 80.7 27 27.2 10 226.9 8.8 4.84 1.0 21.0 13 ENE Max >= 90.0: 0 Max <= 32.0: 0 Min <= 32.0: 3 Min <= 0.0: 0 Max Rain: 0.83 ON 05/09/15 Days of Rain: 16 (>.01 in) 9 (>.1 in) 0 (>1 in) Heat Base: 65.0 Cool Base: 65.0 Method: Integration
Note: For Weather Data, and Records Prior to December 2006 please click here for history and records.

Station affiliations

Weather data published to:,
Weather Underground, Citizen Weather Observer Program, WeatherForYou, AnythingWeather.com

Member of: Weather-Matrix, Weather-Watch.com

Quote from the patron saint of the webmaster, St. Alphonsus Liguori :
"My Jesus, Thou alone art sufficient for me.  MY love, do not permit me to separate myself from Thee.  When shall I be able to say, 'My God, I cannot lose thee any more?' "

 ©2007 ExceptionalWeather.com
Radar/maps © Weather Underground. Used with permission.    Valid XHTML 1.0     Valid CSS
Never base important decisions on this or any weather information obtained from the Internet.