NOAA style reports

NOAA style reports

NOAA-style Climate Reports

2018: Jan | Feb | Mar | Apr | May | Jun | Jul | Aug | Sep | Oct | Nov | Dec 
2017: Jan | Feb | Mar | Apr | May | Jun | Jul | Aug | Sep | Oct | Nov | Dec 
2016: Jan | Feb | Mar | Apr | May | Jun | Jul | Aug | Sep | Oct | Nov | Dec 
2015: Jan | Feb | Mar | Apr | May | Jun | Jul | Aug | Sep | Oct | Nov | Dec 
2014: Jan | Feb | Mar | Apr | May | Jun | Jul | Aug | Sep | Oct | Nov | Dec 
2013: Jan | Feb | Mar | Apr | May | Jun | Jul | Aug | Sep | Oct | Nov | Dec 
2012: Jan | Feb | Mar | Apr | May | Jun | Jul | Aug | Sep | Oct | Nov | Dec 
2011: Jan | Feb | Mar | Apr | May | Jun | Jul | Aug | Sep | Oct | Nov | Dec 
2010: Jan | Feb | Mar | Apr | May | Jun | Jul | Aug | Sep | Oct | Nov | Dec 
 2009: Jan | Feb | Mar | Apr | May | Jun | Jul | Aug | Sep | Oct | Nov | Dec 
2008: Jan | Feb | Mar | Apr | May | Jun | Jul | Aug | Sep | Oct | Nov | Dec 
 2007: Jan | Feb | Mar | Apr | May | Jun | Jul | Aug | Sep | Oct | Nov | Dec 

Report for 2015 05
MONTHLY CLIMATOLOGICAL SUMMARY for APR. 2015 NAME: Truta, Littleton, CO CITY: Littleton STATE: CO ELEV: 5541 ft LAT: 39 34' 54" N LONG: 105 00' 21" W TEMPERATURE (F), RAIN (in), WIND SPEED (mph) HEAT COOL AVG MEAN DEG DEG WIND DOM DAY TEMP HIGH TIME LOW TIME DAYS DAYS RAIN SPEED HIGH TIME DIR ------------------------------------------------------------------------------------ 1 56.8 76.0 8:56a 41.1 11:52p 9.8 1.6 0.00 2.0 24.0 1:30p SSE 2 37.0 51.7 8:07a 28.7 11:02p 27.9 0.0 0.03 1.7 16.0 10:45a NW 3 37.8 51.4 12:16p 26.7 3:13a 27.2 0.0 0.14 1.1 13.0 1:19p ENE 4 47.3 67.4 12:11p 25.0 3:17a 17.8 0.1 0.00 1.3 15.0 9:50a NW 5 56.1 77.9 11:36a 28.8 3:14a 12.1 3.2 0.00 1.7 13.0 6:56a SSE 6 58.9 78.8 12:24p 37.8 11:59p 9.7 3.6 0.00 2.3 22.0 12:36p WNW 7 52.1 68.3 1:45p 35.5 12:59a 13.1 0.2 0.00 1.6 15.0 4:03p NW 8 48.1 65.2 9:11a 33.8 11:55p 16.9 0.0 0.15 2.0 19.0 12:00p NE 9 41.6 51.9 1:22p 32.2 2:59a 23.2 0.0 0.01 1.9 16.0 10:05p ENE 10 45.3 61.0 12:35p 30.6 3:10a 15.3 0.0 0.00 1.2 12.0 1:16p SSW 11 53.3 70.8 7:41a 40.5 12:34a 9.5 0.4 0.00 1.9 13.0 5:09a SSE 12 55.4 69.9 12:19p 34.7 11:59p 10.8 1.1 0.00 2.8 24.0 10:18a NW 13 54.2 70.8 11:42a 29.4 2:56a 11.7 0.9 0.00 2.8 17.0 4:16p SSE 14 62.1 76.8 8:13a 44.8 3:16a 6.2 3.3 0.00 3.8 34.0 2:41p SE 15 55.5 62.6 4:35a 45.8 2:48a 3.1 0.0 0.00 2.5 20.0 12:05a SW 16 17 18 19 20 21 22 54.8 57.3 5:01a 40.9 12:10a 0.0 0.0 0.00 0.3 2.0 4:59a NNW 23 46.3 55.3 4:17p 39.8 11:50p 6.0 0.0 0.00 0.5 13.0 4:42p SSW 24 54.7 70.1 8:57a 39.3 1:55a 8.9 0.5 0.00 1.6 25.0 11:42a SSW 25 55.8 72.1 6:55a 42.2 1:22a 9.9 0.7 0.00 1.7 15.0 11:45a SSE 26 45.2 47.1 12:01a 42.6 1:43a 1.5 0.0 0.00 2.2 12.0 1:38a ENE 27 28 29 30 ------------------------------------------------------------------------------------- 50.9 78.8 6 25.0 4 240.6 15.6 0.33 1.8 34.0 14 SSE Max >= 90.0: 0 Max <= 32.0: 0 Min <= 32.0: 6 Min <= 0.0: 0 Max Rain: 0.15 ON 04/08/15 Days of Rain: 3 (>.01 in) 2 (>.1 in) 0 (>1 in) Heat Base: 65.0 Cool Base: 65.0 Method: Integration
Note: For Weather Data, and Records Prior to December 2006 please click here for history and records.

Station affiliations

Weather data published to:,
Weather Underground, Citizen Weather Observer Program, WeatherForYou, AnythingWeather.com

Member of: Weather-Matrix, Weather-Watch.com

Quote from the patron saint of the webmaster, St. Alphonsus Liguori :
"My Jesus, Thou alone art sufficient for me.  MY love, do not permit me to separate myself from Thee.  When shall I be able to say, 'My God, I cannot lose thee any more?' "

 ©2007 ExceptionalWeather.com
Radar/maps © Weather Underground. Used with permission.    Valid XHTML 1.0     Valid CSS
Never base important decisions on this or any weather information obtained from the Internet.