NOAA style reports

NOAA style reports

NOAA-style Climate Reports

2018: Jan | Feb | Mar | Apr | May | Jun | Jul | Aug | Sep | Oct | Nov | Dec 
2017: Jan | Feb | Mar | Apr | May | Jun | Jul | Aug | Sep | Oct | Nov | Dec 
2016: Jan | Feb | Mar | Apr | May | Jun | Jul | Aug | Sep | Oct | Nov | Dec 
2015: Jan | Feb | Mar | Apr | May | Jun | Jul | Aug | Sep | Oct | Nov | Dec 
2014: Jan | Feb | Mar | Apr | May | Jun | Jul | Aug | Sep | Oct | Nov | Dec 
2013: Jan | Feb | Mar | Apr | May | Jun | Jul | Aug | Sep | Oct | Nov | Dec 
2012: Jan | Feb | Mar | Apr | May | Jun | Jul | Aug | Sep | Oct | Nov | Dec 
2011: Jan | Feb | Mar | Apr | May | Jun | Jul | Aug | Sep | Oct | Nov | Dec 
2010: Jan | Feb | Mar | Apr | May | Jun | Jul | Aug | Sep | Oct | Nov | Dec 
 2009: Jan | Feb | Mar | Apr | May | Jun | Jul | Aug | Sep | Oct | Nov | Dec 
2008: Jan | Feb | Mar | Apr | May | Jun | Jul | Aug | Sep | Oct | Nov | Dec 
 2007: Jan | Feb | Mar | Apr | May | Jun | Jul | Aug | Sep | Oct | Nov | Dec 

Report for 2015 04
MONTHLY CLIMATOLOGICAL SUMMARY for MAR. 2015 NAME: Truta, Littleton, CO CITY: Littleton STATE: CO ELEV: 5541 ft LAT: 39 34' 54" N LONG: 105 00' 21" W TEMPERATURE (F), RAIN (in), WIND SPEED (mph) HEAT COOL AVG MEAN DEG DEG WIND DOM DAY TEMP HIGH TIME LOW TIME DAYS DAYS RAIN SPEED HIGH TIME DIR ------------------------------------------------------------------------------------ 1 20.6 29.7 11:03a 6.5 1:19a 44.4 0.0 0.05 0.6 7.0 6:39a ENE 2 28.1 40.8 12:20p 10.9 2:32a 36.9 0.0 0.05 1.0 14.0 10:24p WNW 3 21.7 35.0 12:01a 12.9 11:59p 43.2 0.0 0.00 1.0 15.0 4:01a NE 4 14.7 22.9 9:32a 9.3 5:09p 50.1 0.0 0.06 1.1 13.0 10:57p S 5 30.0 49.4 11:16a 14.6 12:01a 35.0 0.0 0.02 1.7 14.0 3:59a S 6 30.4 31.2 1:01a 29.5 12:01a 4.5 0.0 0.00 2.1 11.0 12:37a S 7 8 35.4 40.6 8:22p 32.2 11:57p 4.5 0.0 0.00 0.3 5.0 10:05p SSW 9 31.6 40.6 8:42p 27.2 5:58a 12.9 0.0 0.00 0.1 6.0 10:09p NW 10 44.9 60.4 4:19p 28.8 2:18a 20.0 0.0 0.00 1.3 10.0 1:15p S 11 51.0 69.6 2:59p 34.1 6:39a 14.6 0.6 0.00 1.7 11.0 4:47p S 12 49.9 63.2 1:36p 37.8 7:36a 15.1 0.0 0.00 1.7 17.0 8:30p NE 13 47.6 58.4 3:15p 40.6 11:59p 17.4 0.0 0.00 1.2 13.0 3:10p NW 14 50.7 71.3 4:37p 31.8 7:20a 15.2 0.9 0.00 1.9 15.0 11:17a S 15 61.9 79.4 2:55p 45.2 5:11a 7.3 4.1 0.00 2.7 18.0 11:23p SSE 16 55.2 61.5 12:03a 49.4 5:13a 2.5 0.0 0.00 2.6 13.0 12:02a S 17 52.7 62.7 1:53p 38.2 11:56p 6.5 0.0 0.00 2.8 18.0 11:32a SE 18 48.5 65.8 12:01p 33.7 3:02a 16.5 0.0 0.04 1.4 15.0 7:12p SW 19 40.5 46.4 5:30p 35.0 10:12p 24.4 0.0 0.46 0.9 12.0 5:40a ENE 20 48.7 68.3 5:05p 35.0 6:20a 16.5 0.2 0.00 1.6 11.0 5:12a S 21 53.5 72.3 3:18p 36.9 4:57a 12.8 1.3 0.00 2.1 12.0 2:07p S 22 56.2 69.6 3:31p 42.5 5:22a 9.3 0.5 0.00 2.2 17.0 8:54p S 23 47.7 62.7 12:01p 40.6 5:51a 8.7 0.0 0.00 1.9 19.0 11:16a SSE 24 48.7 53.3 6:26p 42.6 11:58p 3.8 0.0 0.00 1.5 16.0 7:01p SW 25 36.4 44.2 1:23p 31.2 10:03p 28.4 0.0 0.21 1.5 13.0 5:35a NE 26 47.6 63.7 1:38p 29.1 4:12a 17.4 0.0 0.00 2.4 17.0 12:20p S 27 55.1 72.7 2:32p 33.8 3:11a 11.4 1.5 0.00 2.5 21.0 2:48p WNW 28 56.2 77.7 1:42p 46.7 1:35a 5.9 0.7 0.00 2.0 20.0 11:13p S 29 52.0 65.6 1:29p 37.9 11:59p 13.0 0.0 0.00 2.0 13.0 2:10a SE 30 57.6 76.1 10:43a 37.6 12:06a 10.1 2.7 0.00 1.8 18.0 12:37p S 31 61.6 79.9 11:11a 45.4 3:26a 7.0 3.6 0.00 2.0 12.0 5:36a S ------------------------------------------------------------------------------------- 44.6 79.9 31 6.5 1 515.3 16.1 0.89 1.7 21.0 27 S Max >= 90.0: 0 Max <= 32.0: 3 Min <= 32.0: 11 Min <= 0.0: 0 Max Rain: 0.46 ON 03/19/15 Days of Rain: 7 (>.01 in) 2 (>.1 in) 0 (>1 in) Heat Base: 65.0 Cool Base: 65.0 Method: Integration
Note: For Weather Data, and Records Prior to December 2006 please click here for history and records.

Station affiliations

Weather data published to:,
Weather Underground, Citizen Weather Observer Program, WeatherForYou, AnythingWeather.com

Member of: Weather-Matrix, Weather-Watch.com

Quote from the patron saint of the webmaster, St. Alphonsus Liguori :
"My Jesus, Thou alone art sufficient for me.  MY love, do not permit me to separate myself from Thee.  When shall I be able to say, 'My God, I cannot lose thee any more?' "

 ©2007 ExceptionalWeather.com
Radar/maps © Weather Underground. Used with permission.    Valid XHTML 1.0     Valid CSS
Never base important decisions on this or any weather information obtained from the Internet.