NOAA style reports

NOAA style reports

NOAA-style Climate Reports

2018: Jan | Feb | Mar | Apr | May | Jun | Jul | Aug | Sep | Oct | Nov | Dec 
2017: Jan | Feb | Mar | Apr | May | Jun | Jul | Aug | Sep | Oct | Nov | Dec 
2016: Jan | Feb | Mar | Apr | May | Jun | Jul | Aug | Sep | Oct | Nov | Dec 
2015: Jan | Feb | Mar | Apr | May | Jun | Jul | Aug | Sep | Oct | Nov | Dec 
2014: Jan | Feb | Mar | Apr | May | Jun | Jul | Aug | Sep | Oct | Nov | Dec 
2013: Jan | Feb | Mar | Apr | May | Jun | Jul | Aug | Sep | Oct | Nov | Dec 
2012: Jan | Feb | Mar | Apr | May | Jun | Jul | Aug | Sep | Oct | Nov | Dec 
2011: Jan | Feb | Mar | Apr | May | Jun | Jul | Aug | Sep | Oct | Nov | Dec 
2010: Jan | Feb | Mar | Apr | May | Jun | Jul | Aug | Sep | Oct | Nov | Dec 
 2009: Jan | Feb | Mar | Apr | May | Jun | Jul | Aug | Sep | Oct | Nov | Dec 
2008: Jan | Feb | Mar | Apr | May | Jun | Jul | Aug | Sep | Oct | Nov | Dec 
 2007: Jan | Feb | Mar | Apr | May | Jun | Jul | Aug | Sep | Oct | Nov | Dec 

Report for 2015 03
MONTHLY CLIMATOLOGICAL SUMMARY for FEB. 2015 NAME: Truta, Littleton, CO CITY: Littleton STATE: CO ELEV: 5541 ft LAT: 39 34' 54" N LONG: 105 00' 21" W TEMPERATURE (F), RAIN (in), WIND SPEED (mph) HEAT COOL AVG MEAN DEG DEG WIND DOM DAY TEMP HIGH TIME LOW TIME DAYS DAYS RAIN SPEED HIGH TIME DIR ------------------------------------------------------------------------------------ 1 22.6 30.9 10:01a 18.0 4:13p 42.3 0.0 0.10 0.8 19.0 11:14p ENE 2 34.7 52.0 11:20a 17.8 1:33a 30.2 0.0 0.12 1.5 19.0 12:09p NW 3 43.1 62.1 11:08a 29.1 3:06a 21.9 0.0 0.00 1.4 14.0 4:49a ENE 4 27.8 36.6 12:01a 22.7 7:49p 37.1 0.0 0.03 1.5 18.0 2:31a NE 5 46.5 66.1 10:47a 26.9 4:21a 18.6 0.0 0.02 1.0 14.0 1:10a SSE 6 56.2 72.5 12:47p 36.5 3:57a 10.1 1.3 0.00 2.0 13.0 12:28a S 7 54.0 74.6 11:50a 35.2 4:39a 12.5 1.4 0.00 1.8 23.0 12:39p S 8 50.2 69.9 11:37a 34.3 10:18p 15.5 0.7 0.00 2.5 20.0 7:12a WNW 9 48.9 71.5 11:52a 28.1 3:56a 16.7 0.6 0.00 1.1 12.0 11:19p S 10 45.2 60.2 11:55a 30.6 4:18a 19.8 0.0 0.04 1.4 20.0 1:12p NE 11 36.3 47.0 12:33p 30.7 6:51p 28.7 0.0 0.19 0.9 12.0 10:52p S 12 44.7 64.2 11:03a 31.3 3:49a 20.3 0.0 0.00 2.0 15.0 11:11a S 13 47.1 63.7 12:00p 33.4 4:34a 17.9 0.0 0.00 1.3 10.0 10:44p S 14 47.9 62.9 11:59a 34.3 11:41p 17.1 0.0 0.00 1.4 12.0 2:02a S 15 30.7 38.0 7:28a 26.7 11:20p 34.2 0.0 0.00 0.8 15.0 7:25a NE 16 25.4 32.4 11:12a 14.4 11:37p 39.4 0.0 0.01 0.4 11.0 10:11a NNW 17 21.8 35.3 12:30p 11.2 4:02a 43.1 0.0 0.29 0.7 12.0 10:28a SSW 18 31.4 52.5 12:11p 11.2 3:01a 33.6 0.0 0.19 0.8 13.0 11:34p SSW 19 46.2 64.5 11:21a 29.4 4:19a 18.8 0.0 0.00 1.9 17.0 9:29a S 20 37.5 52.9 8:52a 27.3 3:43a 27.5 0.0 0.00 1.4 21.0 12:09p NW 21 25.0 32.7 9:28a 14.0 11:57p 39.9 0.0 0.10 1.3 22.0 1:08p NE 22 11.7 15.1 5:57a 9.5 4:12p 53.1 0.0 0.00 0.6 9.0 7:25a NE 23 16.3 26.3 12:30p 7.7 2:48a 48.5 0.0 0.18 0.7 10.0 9:40p S 24 30.2 46.1 12:44p 17.8 12:01a 34.8 0.0 0.31 1.6 12.0 3:25a S 25 29.9 48.2 6:53a 14.0 12:00m 35.0 0.0 0.07 1.2 18.0 3:52a NE 26 14.1 21.6 7:55a 6.3 3:48a 50.8 0.0 0.00 0.6 10.0 1:48p NNW 27 13.5 25.4 10:52a 3.9 11:39p 51.3 0.0 0.06 0.6 9.0 10:34a NW 28 15.1 28.7 10:39a 0.1 3:51a 49.8 0.0 0.08 0.7 11.0 8:33a NW ------------------------------------------------------------------------------------- 34.1 74.6 7 0.1 28 868.5 4.0 1.79 1.2 23.0 7 S Max >= 90.0: 0 Max <= 32.0: 6 Min <= 32.0: 23 Min <= 0.0: 0 Max Rain: 0.31 ON 02/24/15 Days of Rain: 14 (>.01 in) 6 (>.1 in) 0 (>1 in) Heat Base: 65.0 Cool Base: 65.0 Method: Integration
Note: For Weather Data, and Records Prior to December 2006 please click here for history and records.

Station affiliations

Weather data published to:,
Weather Underground, Citizen Weather Observer Program, WeatherForYou, AnythingWeather.com

Member of: Weather-Matrix, Weather-Watch.com

Quote from the patron saint of the webmaster, St. Alphonsus Liguori :
"My Jesus, Thou alone art sufficient for me.  MY love, do not permit me to separate myself from Thee.  When shall I be able to say, 'My God, I cannot lose thee any more?' "

 ©2007 ExceptionalWeather.com
Radar/maps © Weather Underground. Used with permission.    Valid XHTML 1.0     Valid CSS
Never base important decisions on this or any weather information obtained from the Internet.