NOAA style reports

NOAA style reports

NOAA-style Climate Reports

2018: Jan | Feb | Mar | Apr | May | Jun | Jul | Aug | Sep | Oct | Nov | Dec 
2017: Jan | Feb | Mar | Apr | May | Jun | Jul | Aug | Sep | Oct | Nov | Dec 
2016: Jan | Feb | Mar | Apr | May | Jun | Jul | Aug | Sep | Oct | Nov | Dec 
2015: Jan | Feb | Mar | Apr | May | Jun | Jul | Aug | Sep | Oct | Nov | Dec 
2014: Jan | Feb | Mar | Apr | May | Jun | Jul | Aug | Sep | Oct | Nov | Dec 
2013: Jan | Feb | Mar | Apr | May | Jun | Jul | Aug | Sep | Oct | Nov | Dec 
2012: Jan | Feb | Mar | Apr | May | Jun | Jul | Aug | Sep | Oct | Nov | Dec 
2011: Jan | Feb | Mar | Apr | May | Jun | Jul | Aug | Sep | Oct | Nov | Dec 
2010: Jan | Feb | Mar | Apr | May | Jun | Jul | Aug | Sep | Oct | Nov | Dec 
 2009: Jan | Feb | Mar | Apr | May | Jun | Jul | Aug | Sep | Oct | Nov | Dec 
2008: Jan | Feb | Mar | Apr | May | Jun | Jul | Aug | Sep | Oct | Nov | Dec 
 2007: Jan | Feb | Mar | Apr | May | Jun | Jul | Aug | Sep | Oct | Nov | Dec 

Report for 2015 02
MONTHLY CLIMATOLOGICAL SUMMARY for JAN. 2015 NAME: Truta, Littleton, CO CITY: Littleton STATE: CO ELEV: 5541 ft LAT: 39 34' 54" N LONG: 105 00' 21" W TEMPERATURE (F), RAIN (in), WIND SPEED (mph) HEAT COOL AVG MEAN DEG DEG WIND DOM DAY TEMP HIGH TIME LOW TIME DAYS DAYS RAIN SPEED HIGH TIME DIR ------------------------------------------------------------------------------------ 1 16.0 27.0 12:17p 1.1 12:56a 48.6 0.0 0.00 0.3 10.0 1:01p SSW 2 22.9 37.3 12:59p 14.4 5:40a 42.0 0.0 0.01 1.3 13.0 10:50p SSE 3 17.5 34.0 8:39a -3.3 11:26p 47.3 0.0 0.00 1.7 16.0 12:04p S 4 15.3 32.8 1:42p -3.1 12:01a 49.6 0.0 0.00 1.2 15.0 7:42a WNW 5 33.5 52.6 11:39a 7.7 12:06a 31.4 0.0 0.39 1.5 14.0 1:23a ENE 6 37.5 56.9 11:39a 21.6 11:49p 27.5 0.0 0.14 1.1 18.0 12:20p NW 7 23.5 42.8 10:51p 15.7 6:12a 41.5 0.0 0.01 1.4 15.0 8:07p ENE 8 36.6 48.5 7:24a 18.8 11:38p 28.4 0.0 0.00 2.4 19.0 7:27a ENE 9 22.4 30.3 12:03p 15.2 5:04a 42.4 0.0 0.02 0.5 9.0 12:07p WNW 10 35.0 55.9 11:01a 19.9 12:01a 30.0 0.0 0.00 0.4 7.0 10:35a NW 11 35.1 42.6 10:12a 25.0 12:06a 29.9 0.0 0.04 0.9 10.0 3:16a S 12 26.6 29.8 9:16a 24.2 4:31p 38.4 0.0 0.00 0.4 8.0 10:02a NNE 13 28.8 35.9 9:54a 24.1 4:06a 36.1 0.0 0.01 0.5 11.0 10:00a ENE 14 29.3 42.1 12:36p 18.0 5:07a 35.7 0.0 0.01 0.7 8.0 10:28a S 15 39.6 55.6 12:08p 28.5 12:25a 25.4 0.0 0.00 2.3 13.0 4:22a SSE 16 44.1 58.6 12:25p 32.4 3:33a 20.9 0.0 0.00 2.3 24.0 10:18p SSE 17 42.8 52.8 10:56a 34.4 3:52a 22.2 0.0 0.00 3.9 29.0 5:24a NW 18 46.6 61.0 10:56a 32.2 11:45p 18.4 0.0 0.00 2.4 30.0 12:12p WNW 19 40.7 57.5 10:05a 29.4 2:56a 24.3 0.0 0.00 1.4 14.0 10:26a ENE 20 32.8 39.5 9:06a 28.7 5:33a 12.7 0.0 0.01 0.7 10.0 9:01a ENE 21 22 23 32.9 39.8 2:53p 30.7 11:43p 12.2 0.0 0.00 1.3 10.0 11:29p SSE 24 40.4 51.6 11:52a 29.1 12:00m 24.6 0.0 0.01 2.8 26.0 2:09p SSE 25 41.1 60.1 11:14a 25.7 2:15a 23.9 0.0 0.00 1.3 19.0 12:01p WNW 26 51.5 70.6 10:45a 38.8 12:01a 14.1 0.7 0.00 2.3 16.0 11:12p S 27 52.4 73.0 11:10a 36.6 10:00p 13.7 1.1 0.00 2.2 18.0 7:08a S 28 43.2 60.4 10:13a 30.1 4:36a 21.8 0.0 0.00 1.8 29.0 10:50a NW 29 39.2 47.1 12:20p 31.8 11:59p 25.8 0.0 0.00 1.4 11.0 11:21a SE 30 39.0 48.5 11:13a 30.7 12:44a 26.0 0.0 0.00 0.2 5.0 4:26p NNW 31 33.2 39.9 8:59a 24.7 11:57p 31.7 0.0 0.00 0.4 13.0 8:13p NNW ------------------------------------------------------------------------------------- 34.5 73.0 27 -3.3 3 846.5 1.8 0.65 1.4 30.0 18 S Max >= 90.0: 0 Max <= 32.0: 3 Min <= 32.0: 24 Min <= 0.0: 2 Max Rain: 0.39 ON 01/05/15 Days of Rain: 4 (>.01 in) 2 (>.1 in) 0 (>1 in) Heat Base: 65.0 Cool Base: 65.0 Method: Integration
Note: For Weather Data, and Records Prior to December 2006 please click here for history and records.

Station affiliations

Weather data published to:,
Weather Underground, Citizen Weather Observer Program, WeatherForYou, AnythingWeather.com

Member of: Weather-Matrix, Weather-Watch.com

Quote from the patron saint of the webmaster, St. Alphonsus Liguori :
"My Jesus, Thou alone art sufficient for me.  MY love, do not permit me to separate myself from Thee.  When shall I be able to say, 'My God, I cannot lose thee any more?' "

 ©2007 ExceptionalWeather.com
Radar/maps © Weather Underground. Used with permission.    Valid XHTML 1.0     Valid CSS
Never base important decisions on this or any weather information obtained from the Internet.