NOAA style reports

NOAA style reports

NOAA-style Climate Reports

2018: Jan | Feb | Mar | Apr | May | Jun | Jul | Aug | Sep | Oct | Nov | Dec 
2017: Jan | Feb | Mar | Apr | May | Jun | Jul | Aug | Sep | Oct | Nov | Dec 
2016: Jan | Feb | Mar | Apr | May | Jun | Jul | Aug | Sep | Oct | Nov | Dec 
2015: Jan | Feb | Mar | Apr | May | Jun | Jul | Aug | Sep | Oct | Nov | Dec 
2014: Jan | Feb | Mar | Apr | May | Jun | Jul | Aug | Sep | Oct | Nov | Dec 
2013: Jan | Feb | Mar | Apr | May | Jun | Jul | Aug | Sep | Oct | Nov | Dec 
2012: Jan | Feb | Mar | Apr | May | Jun | Jul | Aug | Sep | Oct | Nov | Dec 
2011: Jan | Feb | Mar | Apr | May | Jun | Jul | Aug | Sep | Oct | Nov | Dec 
2010: Jan | Feb | Mar | Apr | May | Jun | Jul | Aug | Sep | Oct | Nov | Dec 
 2009: Jan | Feb | Mar | Apr | May | Jun | Jul | Aug | Sep | Oct | Nov | Dec 
2008: Jan | Feb | Mar | Apr | May | Jun | Jul | Aug | Sep | Oct | Nov | Dec 
 2007: Jan | Feb | Mar | Apr | May | Jun | Jul | Aug | Sep | Oct | Nov | Dec 

Report for 2015
ANNUAL CLIMATOLOGICAL SUMMARY NAME: Truta, Littleton, CO CITY: Littleton STATE: CO ELEV: 5541 ft LAT: 39 34' 54" N LONG: 105 00' 21" W TEMPERATURE (F), HEAT BASE 65.0, COOL BASE 65.0 DEP. HEAT COOL MEAN MEAN FROM DEG DEG MAX MAX MIN MIN YR MO MAX MIN MEAN NORM DAYS DAYS HI DATE LOW DATE >=90 <=32 <=32 <=0 ------------------------------------------------------------------------------------ 14 1 45.5 20.9 33.1 0.0 926 0 64.7 19 -1.6 6 0 5 29 1 14 2 45.5 17.5 30.9 0.0 919 0 67.1 16 -13.3 6 0 6 26 4 14 3 56.2 27.4 41.1 0.0 738 4 72.7 9 8.1 2 0 2 22 0 14 4 61.6 37.2 49.2 0.0 327 16 78.8 9 26.3 4 0 0 6 0 14 5 70.5 44.2 56.4 0.0 310 66 89.9 28 29.8 1 0 0 5 0 14 6 81.9 51.7 65.9 0.0 98 133 96.8 29 38.2 9 4 0 0 0 14 7 87.1 60.1 71.7 0.0 42 232 97.8 7 53.5 17 14 0 0 0 14 8 83.6 56.0 68.2 0.0 83 177 92.7 17 48.2 28 2 0 0 0 14 9 79.2 50.2 63.3 0.0 184 133 94.3 3 32.5 13 2 0 0 0 14 10 69.4 38.5 51.4 0.0 370 29 83.0 15 28.8 28 0 0 3 0 14 11 49.4 21.8 34.2 0.0 660 2 70.8 1 -6.5 13 0 5 19 3 14 12 42.1 17.8 29.2 0.0 977 0 64.8 12 -14.8 31 0 6 28 2 ------------------------------------------------------------------------------------ 64.3 37.0 49.6 0.0 5633 791 97.8 JUL -14.8 DEC 22 24 138 10 PRECIPITATION (in) DEP. MAX DAYS OF RAIN FROM OBS. OVER YR MO TOTAL NORM DAY DATE .01 .1 1 --------------------------------------------- 14 1 0.39 0.00 0.11 7 6 1 0 14 2 0.02 0.00 0.01 3 0 0 0 14 3 0.89 0.00 0.29 5 7 4 0 14 4 0.72 0.00 0.48 23 5 2 0 14 5 3.62 0.00 1.02 23 13 7 1 14 6 1.21 0.00 0.53 8 7 3 0 14 7 2.89 0.00 1.43 30 11 5 1 14 8 1.54 0.00 0.50 28 13 3 0 14 9 3.11 0.00 1.38 29 11 8 1 14 10 0.37 0.00 0.29 1 2 1 0 14 11 0.70 0.00 0.31 3 4 3 0 14 12 0.42 0.00 0.08 15 7 0 0 --------------------------------------------- 15.88 0.00 1.43 JUL 86 37 3 WIND SPEED (mph) DOM YR MO AVG. HI DATE DIR --------------------------------- 14 1 1.8 33.0 13 S 14 2 2.0 36.0 15 WNW 14 3 2.1 33.0 17 S 14 4 2.4 30.0 28 S 14 5 1.2 32.0 10 ENE 14 6 1.0 29.0 3 ENE 14 7 0.9 26.0 7 ENE 14 8 0.6 24.0 8 SSW 14 9 0.6 18.0 28 ENE 14 10 0.8 22.0 1 SE 14 11 1.2 26.0 10 ENE 14 12 0.8 30.0 22 S --------------------------------- 1.3 36.0 FEB ENE
Note: For Weather Data, and Records Prior to December 2006 please click here for history and records.

Station affiliations

Weather data published to:,
Weather Underground, Citizen Weather Observer Program, WeatherForYou, AnythingWeather.com

Member of: Weather-Matrix, Weather-Watch.com

Quote from the patron saint of the webmaster, St. Alphonsus Liguori :
"My Jesus, Thou alone art sufficient for me.  MY love, do not permit me to separate myself from Thee.  When shall I be able to say, 'My God, I cannot lose thee any more?' "

 ©2007 ExceptionalWeather.com
Radar/maps © Weather Underground. Used with permission.    Valid XHTML 1.0     Valid CSS
Never base important decisions on this or any weather information obtained from the Internet.