NOAA style reports

NOAA style reports

NOAA-style Climate Reports

2018: Jan | Feb | Mar | Apr | May | Jun | Jul | Aug | Sep | Oct | Nov | Dec 
2017: Jan | Feb | Mar | Apr | May | Jun | Jul | Aug | Sep | Oct | Nov | Dec 
2016: Jan | Feb | Mar | Apr | May | Jun | Jul | Aug | Sep | Oct | Nov | Dec 
2015: Jan | Feb | Mar | Apr | May | Jun | Jul | Aug | Sep | Oct | Nov | Dec 
2014: Jan | Feb | Mar | Apr | May | Jun | Jul | Aug | Sep | Oct | Nov | Dec 
2013: Jan | Feb | Mar | Apr | May | Jun | Jul | Aug | Sep | Oct | Nov | Dec 
2012: Jan | Feb | Mar | Apr | May | Jun | Jul | Aug | Sep | Oct | Nov | Dec 
2011: Jan | Feb | Mar | Apr | May | Jun | Jul | Aug | Sep | Oct | Nov | Dec 
2010: Jan | Feb | Mar | Apr | May | Jun | Jul | Aug | Sep | Oct | Nov | Dec 
 2009: Jan | Feb | Mar | Apr | May | Jun | Jul | Aug | Sep | Oct | Nov | Dec 
2008: Jan | Feb | Mar | Apr | May | Jun | Jul | Aug | Sep | Oct | Nov | Dec 
 2007: Jan | Feb | Mar | Apr | May | Jun | Jul | Aug | Sep | Oct | Nov | Dec 

Report for 2014 12
MONTHLY CLIMATOLOGICAL SUMMARY for NOV. 2014 NAME: Truta, Littleton, CO CITY: Littleton STATE: CO ELEV: 5541 ft LAT: 39 34' 54" N LONG: 105 00' 21" W TEMPERATURE (F), RAIN (in), WIND SPEED (mph) HEAT COOL AVG MEAN DEG DEG WIND DOM DAY TEMP HIGH TIME LOW TIME DAYS DAYS RAIN SPEED HIGH TIME DIR ------------------------------------------------------------------------------------ 1 55.7 70.8 1:58p 31.3 12:50a 9.9 0.5 0.00 2.1 20.0 8:53a SSE 2 53.6 65.2 9:16a 36.8 11:59p 11.4 0.0 0.00 1.8 21.0 8:21a SE 3 37.1 46.1 10:12a 28.8 10:41p 27.9 0.0 0.31 0.7 14.0 11:28a ENE 4 40.9 60.4 12:27p 27.3 2:03a 24.1 0.0 0.00 0.9 13.0 7:44a S 5 45.5 65.6 12:18p 29.8 4:12a 19.5 0.0 0.00 0.9 12.0 2:24p ENE 6 47.8 69.9 12:29p 29.1 2:39a 17.8 0.6 0.00 0.7 10.0 7:04a S 7 49.1 69.8 11:00a 37.5 11:58p 16.1 0.2 0.21 1.4 21.0 12:07p NE 8 45.7 66.4 12:16p 34.6 11:57p 19.4 0.1 0.00 1.0 13.0 9:00a SSE 9 51.2 68.4 2:07p 32.4 2:17a 14.2 0.4 0.00 1.1 14.0 9:28p SSE 10 32.9 64.7 8:51a 14.4 11:44p 32.0 0.0 0.00 2.3 26.0 8:54a NE 11 13.1 19.1 9:50a 6.3 11:37p 51.7 0.0 0.00 1.2 10.0 10:11a ENE 12 2.4 6.9 10:53a -3.5 11:43p 62.1 0.0 0.00 1.1 10.0 6:49a NE 13 -2.5 5.4 10:00p -6.5 2:20a 18.6 0.0 0.00 0.0 2.0 10:17p NNW 14 20.6 40.1 12:46p 5.0 12:01a 44.3 0.0 0.06 0.5 10.0 3:23a NW 15 14.6 20.3 3:49a 6.7 10:06p 50.3 0.0 0.00 1.2 11.0 7:40a ENE 16 16.5 32.7 11:20a -1.8 5:17a 33.6 0.0 0.12 0.9 10.0 7:32a S 17 21.4 30.1 4:00p 17.2 9:52p 14.4 0.0 0.00 0.4 6.0 10:51p SSE 18 34.6 48.6 12:12p 20.3 2:17a 30.4 0.0 0.00 1.7 19.0 11:33a S 19 34.8 49.8 11:05a 22.7 12:00m 30.2 0.0 0.00 0.7 9.0 8:44a NNW 20 33.2 51.9 12:30p 19.2 4:07a 31.8 0.0 0.00 0.3 7.0 11:52a NNW 21 38.9 55.3 1:24p 26.6 3:37a 26.0 0.0 0.00 1.0 13.0 10:29p SSW 22 47.2 63.2 11:11a 37.8 9:13p 17.8 0.0 0.00 2.2 18.0 2:32a SSE 23 36.3 41.6 1:25a 31.6 6:01a 12.4 0.0 0.00 1.5 16.0 2:05a NE 24 25 26 27 28 29 54.9 67.9 11:45a 43.1 11:18p 9.2 0.3 0.00 3.1 21.0 6:38a S 30 29.6 53.8 8:00a 18.8 4:14p 35.1 0.0 0.00 1.5 18.0 8:42a ENE ------------------------------------------------------------------------------------- 34.2 70.8 1 -6.5 13 660.2 2.1 0.70 1.2 26.0 10 ENE Max >= 90.0: 0 Max <= 32.0: 5 Min <= 32.0: 19 Min <= 0.0: 3 Max Rain: 0.31 ON 11/03/14 Days of Rain: 4 (>.01 in) 3 (>.1 in) 0 (>1 in) Heat Base: 65.0 Cool Base: 65.0 Method: Integration
Note: For Weather Data, and Records Prior to December 2006 please click here for history and records.

Station affiliations

Weather data published to:,
Weather Underground, Citizen Weather Observer Program, WeatherForYou, AnythingWeather.com

Member of: Weather-Matrix, Weather-Watch.com

Quote from the patron saint of the webmaster, St. Alphonsus Liguori :
"My Jesus, Thou alone art sufficient for me.  MY love, do not permit me to separate myself from Thee.  When shall I be able to say, 'My God, I cannot lose thee any more?' "

 ©2007 ExceptionalWeather.com
Radar/maps © Weather Underground. Used with permission.    Valid XHTML 1.0     Valid CSS
Never base important decisions on this or any weather information obtained from the Internet.