NOAA style reports

NOAA style reports

NOAA-style Climate Reports

2018: Jan | Feb | Mar | Apr | May | Jun | Jul | Aug | Sep | Oct | Nov | Dec 
2017: Jan | Feb | Mar | Apr | May | Jun | Jul | Aug | Sep | Oct | Nov | Dec 
2016: Jan | Feb | Mar | Apr | May | Jun | Jul | Aug | Sep | Oct | Nov | Dec 
2015: Jan | Feb | Mar | Apr | May | Jun | Jul | Aug | Sep | Oct | Nov | Dec 
2014: Jan | Feb | Mar | Apr | May | Jun | Jul | Aug | Sep | Oct | Nov | Dec 
2013: Jan | Feb | Mar | Apr | May | Jun | Jul | Aug | Sep | Oct | Nov | Dec 
2012: Jan | Feb | Mar | Apr | May | Jun | Jul | Aug | Sep | Oct | Nov | Dec 
2011: Jan | Feb | Mar | Apr | May | Jun | Jul | Aug | Sep | Oct | Nov | Dec 
2010: Jan | Feb | Mar | Apr | May | Jun | Jul | Aug | Sep | Oct | Nov | Dec 
 2009: Jan | Feb | Mar | Apr | May | Jun | Jul | Aug | Sep | Oct | Nov | Dec 
2008: Jan | Feb | Mar | Apr | May | Jun | Jul | Aug | Sep | Oct | Nov | Dec 
 2007: Jan | Feb | Mar | Apr | May | Jun | Jul | Aug | Sep | Oct | Nov | Dec 

Report for 2014 11
MONTHLY CLIMATOLOGICAL SUMMARY for OCT. 2014 NAME: Truta, Littleton, CO CITY: Littleton STATE: CO ELEV: 5541 ft LAT: 39 34' 54" N LONG: 105 00' 21" W TEMPERATURE (F), RAIN (in), WIND SPEED (mph) HEAT COOL AVG MEAN DEG DEG WIND DOM DAY TEMP HIGH TIME LOW TIME DAYS DAYS RAIN SPEED HIGH TIME DIR ------------------------------------------------------------------------------------ 1 48.5 67.4 1:45p 39.9 3:14a 16.6 0.1 0.29 0.7 22.0 2:35p NNW 2 48.3 66.3 3:53p 35.0 6:54a 16.7 0.0 0.00 0.7 16.0 11:46p SSW 3 45.9 63.5 4:25p 35.3 5:47a 19.0 0.0 0.00 0.8 18.0 12:26a SE 4 46.1 70.8 11:43a 37.8 1:27a 9.5 0.2 0.00 0.4 10.0 3:09a SSW 5 6 7 8 9 10 50.7 63.5 12:55p 41.5 11:58p 11.6 0.0 0.00 0.5 11.0 1:08p SE 11 53.5 73.7 2:06p 39.6 2:56a 12.7 1.2 0.01 0.4 18.0 3:02p SSW 12 46.9 56.3 8:28a 37.8 9:28p 18.1 0.0 0.06 1.1 17.0 10:07a ENE 13 44.4 58.3 1:38p 33.5 6:11a 20.6 0.0 0.00 0.5 9.0 11:12a SW 14 54.0 76.0 3:18p 39.8 2:17a 12.8 1.9 0.00 0.9 12.0 6:24a SSE 15 59.8 83.0 2:42p 42.2 4:49a 8.4 3.2 0.00 1.1 17.0 9:45a SSW 16 54.6 73.2 1:31p 40.2 4:28a 12.0 1.6 0.00 0.7 12.0 2:26p ENE 17 47.4 63.7 3:01p 35.2 5:48a 17.6 0.0 0.00 0.5 11.0 1:00p NW 18 50.6 71.5 1:39p 37.5 2:40a 15.2 0.7 0.00 0.4 9.0 2:41p NW 19 54.2 74.6 1:27p 39.9 3:04a 12.7 1.9 0.00 0.4 9.0 2:43p ENE 20 59.5 76.7 12:46p 41.5 12:47a 8.0 2.4 0.00 2.4 16.0 3:14p SE 21 62.1 77.4 12:59p 52.8 9:58p 5.4 2.6 0.00 1.3 15.0 7:35p SE 22 54.8 69.6 1:42p 42.9 12:00m 10.9 0.7 0.00 0.5 9.0 3:55p ENE 23 55.4 74.2 2:03p 37.9 4:13a 11.3 1.7 0.00 0.7 10.0 8:24a SE 24 61.4 81.1 1:10p 47.1 9:44p 7.5 3.9 0.00 0.8 11.0 12:17p S 25 59.2 79.9 1:15p 44.5 6:11a 9.0 3.2 0.00 1.1 12.0 2:05p SE 26 60.1 77.0 12:10p 45.5 12:04a 7.7 2.8 0.00 0.9 13.0 1:01a ENE 27 41.1 50.8 9:40a 33.8 11:59p 23.9 0.0 0.01 1.1 14.0 1:41p SE 28 42.2 61.3 1:10p 28.8 5:35a 22.8 0.0 0.00 0.6 8.0 1:08p SE 29 49.7 71.6 1:32p 29.3 4:55a 16.0 0.8 0.00 0.9 11.0 1:02p SW 30 45.3 63.2 1:16p 32.5 6:10a 19.7 0.0 0.00 0.8 12.0 2:32p ENE 31 41.1 58.7 2:08p 28.8 5:34a 23.9 0.0 0.00 0.5 11.0 12:19p NNW ------------------------------------------------------------------------------------- 51.4 83.0 15 28.8 28 369.6 28.9 0.37 0.8 22.0 1 SE Max >= 90.0: 0 Max <= 32.0: 0 Min <= 32.0: 3 Min <= 0.0: 0 Max Rain: 0.29 ON 10/01/14 Days of Rain: 2 (>.01 in) 1 (>.1 in) 0 (>1 in) Heat Base: 65.0 Cool Base: 65.0 Method: Integration
Note: For Weather Data, and Records Prior to December 2006 please click here for history and records.

Station affiliations

Weather data published to:,
Weather Underground, Citizen Weather Observer Program, WeatherForYou, AnythingWeather.com

Member of: Weather-Matrix, Weather-Watch.com

Quote from the patron saint of the webmaster, St. Alphonsus Liguori :
"My Jesus, Thou alone art sufficient for me.  MY love, do not permit me to separate myself from Thee.  When shall I be able to say, 'My God, I cannot lose thee any more?' "

 ©2007 ExceptionalWeather.com
Radar/maps © Weather Underground. Used with permission.    Valid XHTML 1.0     Valid CSS
Never base important decisions on this or any weather information obtained from the Internet.