NOAA style reports

NOAA style reports

NOAA-style Climate Reports

2018: Jan | Feb | Mar | Apr | May | Jun | Jul | Aug | Sep | Oct | Nov | Dec 
2017: Jan | Feb | Mar | Apr | May | Jun | Jul | Aug | Sep | Oct | Nov | Dec 
2016: Jan | Feb | Mar | Apr | May | Jun | Jul | Aug | Sep | Oct | Nov | Dec 
2015: Jan | Feb | Mar | Apr | May | Jun | Jul | Aug | Sep | Oct | Nov | Dec 
2014: Jan | Feb | Mar | Apr | May | Jun | Jul | Aug | Sep | Oct | Nov | Dec 
2013: Jan | Feb | Mar | Apr | May | Jun | Jul | Aug | Sep | Oct | Nov | Dec 
2012: Jan | Feb | Mar | Apr | May | Jun | Jul | Aug | Sep | Oct | Nov | Dec 
2011: Jan | Feb | Mar | Apr | May | Jun | Jul | Aug | Sep | Oct | Nov | Dec 
2010: Jan | Feb | Mar | Apr | May | Jun | Jul | Aug | Sep | Oct | Nov | Dec 
 2009: Jan | Feb | Mar | Apr | May | Jun | Jul | Aug | Sep | Oct | Nov | Dec 
2008: Jan | Feb | Mar | Apr | May | Jun | Jul | Aug | Sep | Oct | Nov | Dec 
 2007: Jan | Feb | Mar | Apr | May | Jun | Jul | Aug | Sep | Oct | Nov | Dec 

Report for 2014 09
MONTHLY CLIMATOLOGICAL SUMMARY for AUG. 2014 NAME: Truta, Littleton, CO CITY: Littleton STATE: CO ELEV: 5541 ft LAT: 39 34' 54" N LONG: 105 00' 21" W TEMPERATURE (F), RAIN (in), WIND SPEED (mph) HEAT COOL AVG MEAN DEG DEG WIND DOM DAY TEMP HIGH TIME LOW TIME DAYS DAYS RAIN SPEED HIGH TIME DIR ------------------------------------------------------------------------------------ 1 65.7 79.9 4:11p 52.9 5:50a 4.1 4.8 0.00 0.4 10.0 5:25p SSW 2 70.0 85.9 3:47p 54.2 6:16a 2.9 8.0 0.00 1.0 9.0 6:19p SE 3 74.1 89.5 3:31p 59.2 6:22a 1.1 10.3 0.00 0.7 10.0 4:20p ENE 4 72.4 86.5 4:05p 59.6 6:33a 1.1 8.5 0.00 0.6 12.0 10:08p NW 5 69.6 84.1 11:24a 59.6 12:00m 0.4 5.0 0.04 0.6 11.0 1:48p SSW 6 70.9 88.2 1:24p 55.6 3:55a 2.3 8.3 0.04 0.6 13.0 6:58p ENE 7 66.2 83.4 11:44a 57.2 11:50p 2.6 3.8 0.38 0.5 18.0 12:28p SE 8 68.8 85.1 11:51a 55.9 4:09a 2.9 6.7 0.00 0.7 24.0 12:59p SSW 9 68.2 87.2 12:29p 57.3 5:01a 2.6 5.9 0.04 0.6 17.0 1:32p SSW 10 65.9 78.5 11:57a 54.7 2:31a 3.4 4.3 0.00 0.4 9.0 1:00p SW 11 70.5 86.5 4:02p 54.2 6:53a 2.7 8.2 0.00 0.6 12.0 2:15p SSW 12 74.3 89.0 2:09p 59.6 6:43a 1.3 10.6 0.00 0.7 10.0 5:31p SW 13 75.3 91.4 2:56p 64.0 6:33a 0.0 10.4 0.00 1.0 22.0 6:28p SSW 14 71.2 84.9 1:21p 62.6 11:56p 0.1 6.2 0.04 0.9 18.0 3:01p W 15 59.2 62.6 12:01a 57.2 5:26a 1.5 0.0 0.00 0.1 4.0 2:13a SW 16 17 78.7 92.7 11:50a 66.1 10:01p 0.0 7.5 0.00 1.1 12.0 3:43p SE 18 71.2 89.9 11:28a 56.7 6:01a 1.7 7.8 0.00 0.6 15.0 2:14p SE 19 69.1 89.5 12:29p 56.2 6:35a 2.8 6.8 0.00 0.6 24.0 3:00p SSW 20 70.6 85.9 1:02p 55.7 6:19a 2.1 7.7 0.08 0.5 12.0 1:51p ENE 21 69.2 85.7 2:19p 54.2 6:01a 2.7 7.0 0.00 0.4 11.0 6:25p SSW 22 63.8 69.6 12:22p 58.6 10:43p 2.3 1.1 0.02 0.2 9.0 7:49p ENE 23 66.8 81.8 5:25p 53.5 6:10a 3.7 5.4 0.00 0.9 13.0 3:21p ENE 24 67.4 84.5 2:20p 49.6 6:31a 4.4 6.7 0.03 0.5 11.0 1:41p ENE 25 63.4 79.6 1:39p 49.5 6:26a 4.8 3.2 0.05 0.5 9.0 8:59a ENE 26 64.3 80.1 12:54p 55.4 6:25a 3.4 2.7 0.06 0.6 17.0 2:16p W 27 65.1 80.3 1:47p 51.9 11:56p 4.2 4.3 0.17 0.9 13.0 6:26p ENE 28 57.4 75.4 10:33a 48.2 6:06a 8.8 1.2 0.50 0.5 16.0 1:19p SSW 29 62.1 81.8 11:15a 50.8 5:30a 6.1 3.2 0.09 0.6 21.0 2:40p SSW 30 69.3 89.3 2:18p 55.4 6:07a 2.8 7.2 0.00 0.9 23.0 7:59p SSE 31 65.1 79.0 3:12p 53.6 11:58p 3.8 3.8 0.00 0.7 12.0 4:29p ENE ------------------------------------------------------------------------------------- 68.2 92.7 17 48.2 28 82.6 176.6 1.54 0.6 24.0 8 SSW Max >= 90.0: 2 Max <= 32.0: 0 Min <= 32.0: 0 Min <= 0.0: 0 Max Rain: 0.50 ON 08/28/14 Days of Rain: 13 (>.01 in) 3 (>.1 in) 0 (>1 in) Heat Base: 65.0 Cool Base: 65.0 Method: Integration
Note: For Weather Data, and Records Prior to December 2006 please click here for history and records.

Station affiliations

Weather data published to:,
Weather Underground, Citizen Weather Observer Program, WeatherForYou, AnythingWeather.com

Member of: Weather-Matrix, Weather-Watch.com

Quote from the patron saint of the webmaster, St. Alphonsus Liguori :
"My Jesus, Thou alone art sufficient for me.  MY love, do not permit me to separate myself from Thee.  When shall I be able to say, 'My God, I cannot lose thee any more?' "

 ©2007 ExceptionalWeather.com
Radar/maps © Weather Underground. Used with permission.    Valid XHTML 1.0     Valid CSS
Never base important decisions on this or any weather information obtained from the Internet.