NOAA style reports

NOAA style reports

NOAA-style Climate Reports

2018: Jan | Feb | Mar | Apr | May | Jun | Jul | Aug | Sep | Oct | Nov | Dec 
2017: Jan | Feb | Mar | Apr | May | Jun | Jul | Aug | Sep | Oct | Nov | Dec 
2016: Jan | Feb | Mar | Apr | May | Jun | Jul | Aug | Sep | Oct | Nov | Dec 
2015: Jan | Feb | Mar | Apr | May | Jun | Jul | Aug | Sep | Oct | Nov | Dec 
2014: Jan | Feb | Mar | Apr | May | Jun | Jul | Aug | Sep | Oct | Nov | Dec 
2013: Jan | Feb | Mar | Apr | May | Jun | Jul | Aug | Sep | Oct | Nov | Dec 
2012: Jan | Feb | Mar | Apr | May | Jun | Jul | Aug | Sep | Oct | Nov | Dec 
2011: Jan | Feb | Mar | Apr | May | Jun | Jul | Aug | Sep | Oct | Nov | Dec 
2010: Jan | Feb | Mar | Apr | May | Jun | Jul | Aug | Sep | Oct | Nov | Dec 
 2009: Jan | Feb | Mar | Apr | May | Jun | Jul | Aug | Sep | Oct | Nov | Dec 
2008: Jan | Feb | Mar | Apr | May | Jun | Jul | Aug | Sep | Oct | Nov | Dec 
 2007: Jan | Feb | Mar | Apr | May | Jun | Jul | Aug | Sep | Oct | Nov | Dec 

Report for 2014 07
MONTHLY CLIMATOLOGICAL SUMMARY for JUN. 2014 NAME: Truta, Littleton, CO CITY: Littleton STATE: CO ELEV: 5541 ft LAT: 39 34' 54" N LONG: 105 00' 21" W TEMPERATURE (F), RAIN (in), WIND SPEED (mph) HEAT COOL AVG MEAN DEG DEG WIND DOM DAY TEMP HIGH TIME LOW TIME DAYS DAYS RAIN SPEED HIGH TIME DIR ------------------------------------------------------------------------------------ 1 68.8 86.3 1:57p 50.7 5:43a 3.8 7.6 0.00 1.0 15.0 9:35p ENE 2 70.0 86.1 2:40p 52.0 5:53a 3.0 8.1 0.00 1.0 11.0 12:59p SE 3 74.8 92.3 3:59p 54.8 3:04a 2.0 11.8 0.00 2.7 29.0 1:17p W 4 62.3 82.4 12:03p 47.9 6:02a 4.8 2.7 0.05 0.6 15.0 8:13p ENE 5 62.3 79.6 3:27p 48.9 5:58a 5.6 3.0 0.26 1.3 16.0 5:30p ENE 6 65.9 81.2 11:14a 53.3 5:00a 3.8 4.7 0.00 1.6 16.0 7:19a SE 7 58.8 72.0 3:50p 47.6 4:58a 7.3 1.1 0.00 1.0 15.0 4:43p NW 8 53.3 69.3 11:26a 45.5 11:59p 11.7 0.1 0.53 1.0 16.0 12:27p ENE 9 54.9 71.6 5:18p 38.2 5:58a 11.1 1.0 0.01 0.8 13.0 12:45p ENE 10 66.8 85.9 2:11p 47.3 1:44a 5.3 7.1 0.00 1.0 26.0 3:01p SSW 11 66.9 86.5 11:18a 56.5 11:56p 2.3 4.2 0.02 1.3 17.0 4:22p SE 12 56.2 56.9 1:23a 55.4 4:45a 2.2 0.0 0.00 0.5 5.0 4:25a E 13 14 15 16 17 18 19 59.0 59.5 11:26p 58.6 11:58p 0.1 0.0 0.00 0.0 1.0 11:28p NW 20 70.3 87.4 2:49p 50.8 5:48a 3.8 9.1 0.00 0.8 12.0 4:50p ENE 21 68.4 86.1 12:26p 55.7 5:32a 2.4 5.8 0.05 0.7 15.0 2:40p ENE 22 65.1 78.6 11:20a 53.5 4:09a 3.8 3.9 0.00 1.1 18.0 3:05p WNW 23 64.0 81.6 2:13p 48.8 6:03a 5.3 4.3 0.00 0.9 17.0 3:49p NW 24 66.6 80.7 5:57p 54.7 5:46a 3.4 5.0 0.22 0.9 11.0 2:54p ENE 25 70.2 89.7 11:50a 55.4 5:42a 2.5 7.7 0.07 1.1 20.0 1:21p SE 26 72.3 93.6 2:01p 53.5 5:30a 2.7 10.0 0.00 0.7 10.0 2:27p ENE 27 67.1 83.6 12:11p 55.6 6:29a 2.8 4.8 0.00 1.0 13.0 12:45p ENE 28 69.6 84.3 2:05p 51.1 6:08a 3.3 7.8 0.00 1.3 17.0 11:57a ENE 29 74.3 96.8 4:08p 51.3 5:30a 3.2 12.5 0.00 0.7 11.0 7:20p ENE 30 73.2 93.4 2:09p 54.8 5:27a 2.2 10.4 0.00 1.4 18.0 2:54p ENE ------------------------------------------------------------------------------------- 65.9 96.8 29 38.2 9 98.4 132.7 1.21 1.0 29.0 3 ENE Max >= 90.0: 4 Max <= 32.0: 0 Min <= 32.0: 0 Min <= 0.0: 0 Max Rain: 0.53 ON 06/08/14 Days of Rain: 7 (>.01 in) 3 (>.1 in) 0 (>1 in) Heat Base: 65.0 Cool Base: 65.0 Method: Integration
Note: For Weather Data, and Records Prior to December 2006 please click here for history and records.

Station affiliations

Weather data published to:,
Weather Underground, Citizen Weather Observer Program, WeatherForYou, AnythingWeather.com

Member of: Weather-Matrix, Weather-Watch.com

Quote from the patron saint of the webmaster, St. Alphonsus Liguori :
"My Jesus, Thou alone art sufficient for me.  MY love, do not permit me to separate myself from Thee.  When shall I be able to say, 'My God, I cannot lose thee any more?' "

 ©2007 ExceptionalWeather.com
Radar/maps © Weather Underground. Used with permission.    Valid XHTML 1.0     Valid CSS
Never base important decisions on this or any weather information obtained from the Internet.