NOAA style reports

NOAA style reports

NOAA-style Climate Reports

2018: Jan | Feb | Mar | Apr | May | Jun | Jul | Aug | Sep | Oct | Nov | Dec 
2017: Jan | Feb | Mar | Apr | May | Jun | Jul | Aug | Sep | Oct | Nov | Dec 
2016: Jan | Feb | Mar | Apr | May | Jun | Jul | Aug | Sep | Oct | Nov | Dec 
2015: Jan | Feb | Mar | Apr | May | Jun | Jul | Aug | Sep | Oct | Nov | Dec 
2014: Jan | Feb | Mar | Apr | May | Jun | Jul | Aug | Sep | Oct | Nov | Dec 
2013: Jan | Feb | Mar | Apr | May | Jun | Jul | Aug | Sep | Oct | Nov | Dec 
2012: Jan | Feb | Mar | Apr | May | Jun | Jul | Aug | Sep | Oct | Nov | Dec 
2011: Jan | Feb | Mar | Apr | May | Jun | Jul | Aug | Sep | Oct | Nov | Dec 
2010: Jan | Feb | Mar | Apr | May | Jun | Jul | Aug | Sep | Oct | Nov | Dec 
 2009: Jan | Feb | Mar | Apr | May | Jun | Jul | Aug | Sep | Oct | Nov | Dec 
2008: Jan | Feb | Mar | Apr | May | Jun | Jul | Aug | Sep | Oct | Nov | Dec 
 2007: Jan | Feb | Mar | Apr | May | Jun | Jul | Aug | Sep | Oct | Nov | Dec 

Report for 2014 05
MONTHLY CLIMATOLOGICAL SUMMARY for MAY. 2014 NAME: Truta, Littleton, CO CITY: Littleton STATE: CO ELEV: 5541 ft LAT: 39 34' 54" N LONG: 105 00' 21" W TEMPERATURE (F), RAIN (in), WIND SPEED (mph) HEAT COOL AVG MEAN DEG DEG WIND DOM DAY TEMP HIGH TIME LOW TIME DAYS DAYS RAIN SPEED HIGH TIME DIR ------------------------------------------------------------------------------------ 1 46.2 60.9 4:22p 29.8 6:04a 18.8 0.0 0.00 1.7 17.0 12:12p NE 2 58.2 75.6 2:49p 38.2 1:48a 9.4 2.6 0.00 1.5 18.0 8:26p S 3 65.3 78.8 6:11p 48.0 5:37a 4.4 4.7 0.00 1.3 12.0 1:11p S 4 69.5 85.9 2:25p 58.0 1:07a 2.0 6.6 0.00 2.7 21.0 3:31p SSE 5 66.0 82.6 5:20p 49.9 5:15a 3.6 4.6 0.00 1.7 22.0 3:08p SE 6 63.4 77.4 2:10p 52.9 11:52p 4.5 2.9 0.00 1.9 17.0 2:35p SSE 7 54.0 66.3 3:37p 41.9 11:56p 11.1 0.0 0.07 1.5 16.0 1:56p ENE 8 43.7 53.9 12:02p 35.9 5:58a 21.3 0.0 0.50 1.0 12.0 11:45a ENE 9 50.7 64.8 7:10p 35.8 5:11a 14.2 0.0 0.07 0.9 12.0 4:53p ENE 10 53.8 70.1 12:15p 40.3 2:56a 11.8 0.5 0.10 1.1 32.0 4:02p SE 11 36.5 47.7 12:01a 31.8 11:18p 28.5 0.0 0.66 2.0 17.0 7:36p NW 12 33.8 39.6 1:58p 30.0 8:59a 31.2 0.0 0.59 1.1 13.0 8:28a NW 13 39.6 50.7 3:40p 30.3 6:26a 25.4 0.0 0.11 1.0 14.0 12:36p W 14 45.0 59.5 2:42p 30.4 4:38a 20.0 0.0 0.01 1.3 15.0 11:59a SSW 15 50.5 65.6 4:07p 34.9 5:56a 14.5 0.0 0.00 1.1 13.0 2:08p SE 16 53.7 70.6 9:39a 39.3 6:04a 11.6 0.3 0.01 1.3 16.0 11:08a ENE 17 57.1 71.3 5:59p 44.2 5:34a 8.8 0.9 0.00 1.0 10.0 10:35a NNW 18 52.2 55.9 3:59a 48.5 12:41a 3.2 0.0 0.00 1.6 13.0 4:41a SE 19 20 59.1 67.8 5:26p 51.1 11:57p 1.7 0.1 0.00 0.6 13.0 6:08p NE 21 59.3 71.1 4:16p 49.9 1:39a 6.8 1.1 0.04 1.0 19.0 2:20p ENE 22 60.4 77.6 1:10p 52.8 3:16a 6.5 2.0 0.04 0.9 18.0 4:50p SW 23 58.8 76.8 5:09p 44.9 5:55a 8.3 2.1 1.02 0.9 14.0 5:36p SE 24 56.8 71.8 3:04p 47.6 5:49a 8.8 0.6 0.11 0.8 13.0 7:54p W 25 55.8 71.6 12:35p 44.3 5:46a 9.9 0.7 0.05 0.9 19.0 3:40p SSW 26 60.8 78.6 3:14p 45.2 5:17a 7.4 3.2 0.00 0.9 18.0 4:10p WNW 27 68.1 85.5 3:08p 49.2 5:16a 4.7 7.8 0.00 0.9 13.0 4:48p SSW 28 72.1 89.9 3:19p 54.5 5:16a 3.0 10.1 0.00 1.3 15.0 6:24p SSW 29 71.8 89.9 12:23p 59.0 6:10a 0.9 7.7 0.00 1.5 16.0 4:43p SE 30 63.8 74.4 1:16p 56.6 6:36a 3.1 1.9 0.24 0.8 13.0 12:05p NW 31 66.0 81.4 1:07p 50.7 4:55a 4.4 5.4 0.00 1.1 16.0 1:29p SE ------------------------------------------------------------------------------------- 56.4 89.9 28 29.8 1 309.8 65.8 3.62 1.2 32.0 10 ENE Max >= 90.0: 0 Max <= 32.0: 0 Min <= 32.0: 5 Min <= 0.0: 0 Max Rain: 1.02 ON 05/23/14 Days of Rain: 13 (>.01 in) 7 (>.1 in) 1 (>1 in) Heat Base: 65.0 Cool Base: 65.0 Method: Integration
Note: For Weather Data, and Records Prior to December 2006 please click here for history and records.

Station affiliations

Weather data published to:,
Weather Underground, Citizen Weather Observer Program, WeatherForYou, AnythingWeather.com

Member of: Weather-Matrix, Weather-Watch.com

Quote from the patron saint of the webmaster, St. Alphonsus Liguori :
"My Jesus, Thou alone art sufficient for me.  MY love, do not permit me to separate myself from Thee.  When shall I be able to say, 'My God, I cannot lose thee any more?' "

 ©2007 ExceptionalWeather.com
Radar/maps © Weather Underground. Used with permission.    Valid XHTML 1.0     Valid CSS
Never base important decisions on this or any weather information obtained from the Internet.