NOAA style reports

NOAA style reports

NOAA-style Climate Reports

2018: Jan | Feb | Mar | Apr | May | Jun | Jul | Aug | Sep | Oct | Nov | Dec 
2017: Jan | Feb | Mar | Apr | May | Jun | Jul | Aug | Sep | Oct | Nov | Dec 
2016: Jan | Feb | Mar | Apr | May | Jun | Jul | Aug | Sep | Oct | Nov | Dec 
2015: Jan | Feb | Mar | Apr | May | Jun | Jul | Aug | Sep | Oct | Nov | Dec 
2014: Jan | Feb | Mar | Apr | May | Jun | Jul | Aug | Sep | Oct | Nov | Dec 
2013: Jan | Feb | Mar | Apr | May | Jun | Jul | Aug | Sep | Oct | Nov | Dec 
2012: Jan | Feb | Mar | Apr | May | Jun | Jul | Aug | Sep | Oct | Nov | Dec 
2011: Jan | Feb | Mar | Apr | May | Jun | Jul | Aug | Sep | Oct | Nov | Dec 
2010: Jan | Feb | Mar | Apr | May | Jun | Jul | Aug | Sep | Oct | Nov | Dec 
 2009: Jan | Feb | Mar | Apr | May | Jun | Jul | Aug | Sep | Oct | Nov | Dec 
2008: Jan | Feb | Mar | Apr | May | Jun | Jul | Aug | Sep | Oct | Nov | Dec 
 2007: Jan | Feb | Mar | Apr | May | Jun | Jul | Aug | Sep | Oct | Nov | Dec 

Report for 2014 04
MONTHLY CLIMATOLOGICAL SUMMARY for APR. 2014 NAME: Truta, Littleton, CO CITY: Littleton STATE: CO ELEV: 5541 ft LAT: 39 34' 54" N LONG: 105 00' 21" W TEMPERATURE (F), RAIN (in), WIND SPEED (mph) HEAT COOL AVG MEAN DEG DEG WIND DOM DAY TEMP HIGH TIME LOW TIME DAYS DAYS RAIN SPEED HIGH TIME DIR ------------------------------------------------------------------------------------ 1 46.7 60.4 4:26p 33.5 3:37a 18.3 0.0 0.00 2.8 20.0 11:35a SE 2 38.9 49.9 4:41p 27.6 6:54a 26.1 0.0 0.05 1.8 16.0 1:16p NW 3 34.6 42.6 3:37p 30.6 6:39a 30.3 0.0 0.14 0.9 14.0 10:38a SW 4 38.8 51.0 5:02p 26.3 6:09a 26.1 0.0 0.03 2.1 16.0 9:32a SE 5 43.8 56.3 1:41p 31.6 4:53a 21.2 0.0 0.00 1.5 18.0 2:47p S 6 43.1 53.9 12:09p 32.5 6:31a 21.9 0.0 0.00 1.5 16.0 12:55p S 7 43.0 53.8 6:02p 34.3 7:10a 22.0 0.0 0.02 2.0 19.0 5:58p NW 8 52.1 71.5 3:50p 32.8 1:40a 13.9 1.0 0.00 2.2 19.0 4:38p S 9 61.8 78.8 2:52p 48.5 6:23a 6.3 3.1 0.00 2.9 29.0 4:09p SSE 10 56.1 73.5 4:17p 38.5 7:07a 10.1 1.2 0.00 2.0 20.0 6:01p NW 11 44.7 51.4 12:18a 41.3 5:35a 5.1 0.0 0.00 0.6 5.0 12:05a WSW 12 13 14 15 16 17 18 19 20 21 59.0 66.1 5:25p 53.9 11:32p 1.7 0.0 0.00 3.2 15.0 10:16p SSE 22 64.4 78.8 3:24p 52.3 6:46a 4.5 3.9 0.00 3.5 24.0 4:25p SSE 23 57.6 74.9 1:45p 38.9 11:40p 9.3 1.9 0.48 2.8 24.0 5:39p SSW 24 49.5 65.3 5:34p 31.6 6:39a 15.5 0.0 0.00 1.5 11.0 4:44p SE 25 58.2 74.9 2:20p 37.5 3:42a 8.8 2.0 0.00 2.5 20.0 3:43p SSE 26 60.2 76.3 2:12p 43.6 4:11a 7.6 2.8 0.00 2.7 23.0 12:49p SW 27 48.8 54.1 12:52a 43.1 11:43p 16.2 0.0 0.00 3.5 22.0 8:31a NW 28 46.4 56.5 3:05p 37.6 3:37a 18.6 0.0 0.00 4.8 30.0 4:09p WNW 29 44.2 51.9 1:30p 34.0 6:14a 20.8 0.0 0.00 3.6 27.0 3:08p NW 30 42.0 52.3 2:28p 30.4 6:38a 23.0 0.0 0.00 2.4 24.0 10:28a NE ------------------------------------------------------------------------------------- 49.2 78.8 9 26.3 4 327.3 15.9 0.72 2.4 30.0 28 S Max >= 90.0: 0 Max <= 32.0: 0 Min <= 32.0: 6 Min <= 0.0: 0 Max Rain: 0.48 ON 04/23/14 Days of Rain: 5 (>.01 in) 2 (>.1 in) 0 (>1 in) Heat Base: 65.0 Cool Base: 65.0 Method: Integration
Note: For Weather Data, and Records Prior to December 2006 please click here for history and records.

Station affiliations

Weather data published to:,
Weather Underground, Citizen Weather Observer Program, WeatherForYou, AnythingWeather.com

Member of: Weather-Matrix, Weather-Watch.com

Quote from the patron saint of the webmaster, St. Alphonsus Liguori :
"My Jesus, Thou alone art sufficient for me.  MY love, do not permit me to separate myself from Thee.  When shall I be able to say, 'My God, I cannot lose thee any more?' "

 ©2007 ExceptionalWeather.com
Radar/maps © Weather Underground. Used with permission.    Valid XHTML 1.0     Valid CSS
Never base important decisions on this or any weather information obtained from the Internet.