NOAA style reports

NOAA style reports

NOAA-style Climate Reports

2018: Jan | Feb | Mar | Apr | May | Jun | Jul | Aug | Sep | Oct | Nov | Dec 
2017: Jan | Feb | Mar | Apr | May | Jun | Jul | Aug | Sep | Oct | Nov | Dec 
2016: Jan | Feb | Mar | Apr | May | Jun | Jul | Aug | Sep | Oct | Nov | Dec 
2015: Jan | Feb | Mar | Apr | May | Jun | Jul | Aug | Sep | Oct | Nov | Dec 
2014: Jan | Feb | Mar | Apr | May | Jun | Jul | Aug | Sep | Oct | Nov | Dec 
2013: Jan | Feb | Mar | Apr | May | Jun | Jul | Aug | Sep | Oct | Nov | Dec 
2012: Jan | Feb | Mar | Apr | May | Jun | Jul | Aug | Sep | Oct | Nov | Dec 
2011: Jan | Feb | Mar | Apr | May | Jun | Jul | Aug | Sep | Oct | Nov | Dec 
2010: Jan | Feb | Mar | Apr | May | Jun | Jul | Aug | Sep | Oct | Nov | Dec 
 2009: Jan | Feb | Mar | Apr | May | Jun | Jul | Aug | Sep | Oct | Nov | Dec 
2008: Jan | Feb | Mar | Apr | May | Jun | Jul | Aug | Sep | Oct | Nov | Dec 
 2007: Jan | Feb | Mar | Apr | May | Jun | Jul | Aug | Sep | Oct | Nov | Dec 

Report for 2014 03
MONTHLY CLIMATOLOGICAL SUMMARY for MAR. 2014 NAME: Truta, Littleton, CO CITY: Littleton STATE: CO ELEV: 5541 ft LAT: 39 34' 54" N LONG: 105 00' 21" W TEMPERATURE (F), RAIN (in), WIND SPEED (mph) HEAT COOL AVG MEAN DEG DEG WIND DOM DAY TEMP HIGH TIME LOW TIME DAYS DAYS RAIN SPEED HIGH TIME DIR ------------------------------------------------------------------------------------ 1 19.6 28.7 12:01a 12.4 11:13p 45.3 0.0 0.01 1.3 12.0 6:33a NNW 2 17.1 29.5 3:29p 8.1 6:27a 47.7 0.0 0.01 0.8 9.0 2:57a N 3 43.3 61.2 3:13p 19.1 12:50a 21.7 0.0 0.00 2.3 23.0 1:22p S 4 43.2 61.0 1:02p 32.2 2:57a 18.8 0.0 0.04 2.0 18.0 6:18p S 5 39.2 52.9 4:20p 26.6 6:24a 25.8 0.0 0.29 0.8 10.0 8:58a S 6 50.3 63.4 12:14p 39.8 12:56a 14.7 0.0 0.00 1.6 13.0 12:48p S 7 36.8 45.7 2:50a 31.8 11:30p 28.2 0.0 0.15 0.5 7.0 6:13a NNW 8 36.9 47.3 3:27p 29.0 4:17a 28.0 0.0 0.23 1.0 12.0 10:55p S 9 49.8 72.7 3:05p 34.4 5:31a 15.6 1.1 0.00 3.8 23.0 5:23p SSE 10 55.9 70.3 5:00p 40.8 7:20a 10.2 1.0 0.00 1.2 14.0 9:44a S 11 34.1 45.7 12:01a 20.5 11:58p 30.9 0.0 0.00 1.7 19.0 10:45a NW 12 31.9 52.6 4:13p 14.3 5:25a 33.1 0.0 0.11 1.4 13.0 10:07a S 13 44.1 65.5 4:18p 23.8 4:27a 20.9 0.0 0.00 1.6 16.0 6:54p WNW 14 45.3 63.7 4:21p 29.1 5:46a 19.7 0.0 0.00 1.5 12.0 9:40a S 15 38.5 47.7 11:53a 27.8 11:59p 26.5 0.0 0.00 2.9 23.0 3:10p WNW 16 42.8 65.0 4:06p 21.9 7:35a 22.2 0.0 0.00 1.7 18.0 6:10p NW 17 52.1 69.6 1:30p 37.6 12:59a 13.4 0.5 0.00 3.7 33.0 3:51p S 18 33.8 39.1 12:01a 26.9 11:57p 31.2 0.0 0.00 3.4 26.0 2:04a NE 19 39.1 57.6 5:30p 20.3 5:51a 25.9 0.0 0.00 1.6 11.0 7:59a S 20 45.7 66.6 3:25p 25.4 7:25a 19.3 0.0 0.00 1.2 14.0 6:56p ENE 21 37.9 46.7 3:02p 25.0 7:23a 27.0 0.0 0.00 2.0 18.0 3:24a SE 22 29.4 36.8 12:01a 25.0 6:56a 35.6 0.0 0.02 1.4 14.0 1:29p NW 23 39.5 62.4 3:46p 17.0 6:49a 25.5 0.0 0.03 2.3 24.0 11:26p WNW 24 33.3 46.4 4:54p 24.7 6:52a 31.7 0.0 0.00 1.1 16.0 12:14a NW 25 40.9 65.6 4:00p 20.5 6:57a 24.1 0.0 0.00 1.2 13.0 3:47p NW 26 51.7 69.8 3:51p 31.6 2:51a 13.7 0.4 0.00 3.3 22.0 7:53p S 27 46.7 58.6 5:08p 36.5 11:37p 18.3 0.0 0.00 3.5 25.0 12:12p NW 28 42.7 55.1 1:40p 30.9 5:11a 22.3 0.0 0.00 3.3 33.0 3:18p NW 29 50.9 68.1 3:56p 34.6 12:20a 13.1 0.2 0.00 1.8 14.0 8:21a S 30 56.1 70.3 3:13p 45.5 4:13a 9.3 0.5 0.00 4.8 33.0 9:02p S 31 46.7 56.2 1:55p 37.3 4:53a 18.3 0.0 0.00 5.0 28.0 8:57a WNW ------------------------------------------------------------------------------------- 41.1 72.7 9 8.1 2 738.0 3.7 0.89 2.1 33.0 17 S Max >= 90.0: 0 Max <= 32.0: 2 Min <= 32.0: 22 Min <= 0.0: 0 Max Rain: 0.29 ON 03/05/14 Days of Rain: 7 (>.01 in) 4 (>.1 in) 0 (>1 in) Heat Base: 65.0 Cool Base: 65.0 Method: Integration
Note: For Weather Data, and Records Prior to December 2006 please click here for history and records.

Station affiliations

Weather data published to:,
Weather Underground, Citizen Weather Observer Program, WeatherForYou, AnythingWeather.com

Member of: Weather-Matrix, Weather-Watch.com

Quote from the patron saint of the webmaster, St. Alphonsus Liguori :
"My Jesus, Thou alone art sufficient for me.  MY love, do not permit me to separate myself from Thee.  When shall I be able to say, 'My God, I cannot lose thee any more?' "

 ©2007 ExceptionalWeather.com
Radar/maps © Weather Underground. Used with permission.    Valid XHTML 1.0     Valid CSS
Never base important decisions on this or any weather information obtained from the Internet.