NOAA style reports

NOAA style reports

NOAA-style Climate Reports

2018: Jan | Feb | Mar | Apr | May | Jun | Jul | Aug | Sep | Oct | Nov | Dec 
2017: Jan | Feb | Mar | Apr | May | Jun | Jul | Aug | Sep | Oct | Nov | Dec 
2016: Jan | Feb | Mar | Apr | May | Jun | Jul | Aug | Sep | Oct | Nov | Dec 
2015: Jan | Feb | Mar | Apr | May | Jun | Jul | Aug | Sep | Oct | Nov | Dec 
2014: Jan | Feb | Mar | Apr | May | Jun | Jul | Aug | Sep | Oct | Nov | Dec 
2013: Jan | Feb | Mar | Apr | May | Jun | Jul | Aug | Sep | Oct | Nov | Dec 
2012: Jan | Feb | Mar | Apr | May | Jun | Jul | Aug | Sep | Oct | Nov | Dec 
2011: Jan | Feb | Mar | Apr | May | Jun | Jul | Aug | Sep | Oct | Nov | Dec 
2010: Jan | Feb | Mar | Apr | May | Jun | Jul | Aug | Sep | Oct | Nov | Dec 
 2009: Jan | Feb | Mar | Apr | May | Jun | Jul | Aug | Sep | Oct | Nov | Dec 
2008: Jan | Feb | Mar | Apr | May | Jun | Jul | Aug | Sep | Oct | Nov | Dec 
 2007: Jan | Feb | Mar | Apr | May | Jun | Jul | Aug | Sep | Oct | Nov | Dec 

Report for 2014 02
MONTHLY CLIMATOLOGICAL SUMMARY for FEB. 2014 NAME: Truta, Littleton, CO CITY: Littleton STATE: CO ELEV: 5541 ft LAT: 39 34' 54" N LONG: 105 00' 21" W TEMPERATURE (F), RAIN (in), WIND SPEED (mph) HEAT COOL AVG MEAN DEG DEG WIND DOM DAY TEMP HIGH TIME LOW TIME DAYS DAYS RAIN SPEED HIGH TIME DIR ------------------------------------------------------------------------------------ 1 20.9 26.0 1:16p 9.7 11:59p 40.1 0.0 0.00 0.3 6.0 11:58a ENE 2 16.2 31.8 2:15p 0.9 5:12a 43.1 0.0 0.00 0.6 10.0 9:42a S 3 19.3 32.5 2:37p 3.9 6:05a 42.1 0.0 0.01 0.6 9.0 3:14p WNW 4 11.8 20.3 12:01a -1.8 11:07p 48.9 0.0 0.00 1.0 10.0 1:51p NE 5 -4.1 6.5 1:38p -12.2 7:29a 68.7 0.0 0.00 0.6 8.0 2:25p N 6 -3.2 8.8 3:16p -13.3 1:45a 67.4 0.0 0.00 0.6 10.0 1:51p WNW 7 19.8 45.7 3:15p -6.3 2:24a 45.0 0.0 0.00 0.8 13.0 6:36a WNW 8 35.8 51.0 2:31p 17.5 2:40a 29.2 0.0 0.00 2.2 20.0 12:51p SSE 9 23.4 28.2 11:41a 20.5 11:41p 41.5 0.0 0.00 0.8 11.0 11:45a NNW 10 24.8 37.9 3:04p 18.0 3:08a 40.2 0.0 0.00 0.6 7.0 12:08a WNW 11 35.2 48.0 3:56p 21.3 12:02a 29.7 0.0 0.00 2.5 23.0 9:06p S 12 35.4 48.5 3:48p 24.7 5:08a 29.5 0.0 0.00 1.6 16.0 1:41a SSE 13 45.2 59.5 3:40p 31.5 12:01a 19.8 0.0 0.00 2.2 24.0 11:19p W 14 43.2 52.5 2:55p 34.9 10:05p 21.8 0.0 0.00 2.5 26.0 3:11a NW 15 43.1 60.4 9:04a 28.4 12:00m 21.9 0.0 0.00 2.0 36.0 5:36a ENE 16 46.9 67.1 1:51p 27.5 2:41a 18.3 0.2 0.00 3.7 36.0 11:28p SW 17 48.6 65.0 2:59p 28.1 7:08a 16.4 0.0 0.00 2.8 36.0 1:19a SE 18 49.6 65.6 4:01p 33.8 12:00m 15.4 0.0 0.00 2.8 24.0 12:49p WNW 19 45.2 62.6 1:58p 26.3 11:57p 19.8 0.0 0.00 3.0 22.0 6:38p SE 20 28.9 36.2 3:23p 23.6 2:48a 36.0 0.0 0.00 5.5 32.0 2:05p NW 21 39.8 52.5 3:13p 26.9 12:32a 25.1 0.0 0.00 5.6 33.0 10:48a W 22 38.5 53.2 3:17p 27.2 6:42a 26.5 0.0 0.00 3.4 32.0 12:13p WNW 23 30.4 45.8 4:49p 22.2 5:20a 19.1 0.0 0.00 0.7 9.0 5:55p WNW 24 38.5 66.3 2:37p 22.5 6:47a 26.5 0.0 0.01 3.4 27.0 3:20p WNW 25 20.8 34.6 9:48a 12.4 11:48p 44.0 0.0 0.00 1.7 19.0 11:44a NE 26 29.5 50.4 3:45p 9.2 2:03a 35.5 0.0 0.00 1.6 17.0 5:47a NW 27 41.6 57.8 4:08p 24.5 1:42a 23.4 0.0 0.00 1.0 10.0 1:12p WNW 28 41.3 59.3 12:07p 28.7 11:40p 23.7 0.0 0.00 1.8 21.0 3:09p ENE ------------------------------------------------------------------------------------- 30.9 67.1 16 -13.3 6 918.6 0.2 0.02 2.0 36.0 15 WNW Max >= 90.0: 0 Max <= 32.0: 6 Min <= 32.0: 26 Min <= 0.0: 4 Max Rain: 0.01 ON 02/03/14 Days of Rain: 0 (>.01 in) 0 (>.1 in) 0 (>1 in) Heat Base: 65.0 Cool Base: 65.0 Method: Integration
Note: For Weather Data, and Records Prior to December 2006 please click here for history and records.

Station affiliations

Weather data published to:,
Weather Underground, Citizen Weather Observer Program, WeatherForYou, AnythingWeather.com

Member of: Weather-Matrix, Weather-Watch.com

Quote from the patron saint of the webmaster, St. Alphonsus Liguori :
"My Jesus, Thou alone art sufficient for me.  MY love, do not permit me to separate myself from Thee.  When shall I be able to say, 'My God, I cannot lose thee any more?' "

 ©2007 ExceptionalWeather.com
Radar/maps © Weather Underground. Used with permission.    Valid XHTML 1.0     Valid CSS
Never base important decisions on this or any weather information obtained from the Internet.