NOAA style reports

NOAA style reports

NOAA-style Climate Reports

2018: Jan | Feb | Mar | Apr | May | Jun | Jul | Aug | Sep | Oct | Nov | Dec 
2017: Jan | Feb | Mar | Apr | May | Jun | Jul | Aug | Sep | Oct | Nov | Dec 
2016: Jan | Feb | Mar | Apr | May | Jun | Jul | Aug | Sep | Oct | Nov | Dec 
2015: Jan | Feb | Mar | Apr | May | Jun | Jul | Aug | Sep | Oct | Nov | Dec 
2014: Jan | Feb | Mar | Apr | May | Jun | Jul | Aug | Sep | Oct | Nov | Dec 
2013: Jan | Feb | Mar | Apr | May | Jun | Jul | Aug | Sep | Oct | Nov | Dec 
2012: Jan | Feb | Mar | Apr | May | Jun | Jul | Aug | Sep | Oct | Nov | Dec 
2011: Jan | Feb | Mar | Apr | May | Jun | Jul | Aug | Sep | Oct | Nov | Dec 
2010: Jan | Feb | Mar | Apr | May | Jun | Jul | Aug | Sep | Oct | Nov | Dec 
 2009: Jan | Feb | Mar | Apr | May | Jun | Jul | Aug | Sep | Oct | Nov | Dec 
2008: Jan | Feb | Mar | Apr | May | Jun | Jul | Aug | Sep | Oct | Nov | Dec 
 2007: Jan | Feb | Mar | Apr | May | Jun | Jul | Aug | Sep | Oct | Nov | Dec 

Report for 2014 01
MONTHLY CLIMATOLOGICAL SUMMARY for JAN. 2014 NAME: Truta, Littleton, CO CITY: Littleton STATE: CO ELEV: 5541 ft LAT: 39 34' 54" N LONG: 105 00' 21" W TEMPERATURE (F), RAIN (in), WIND SPEED (mph) HEAT COOL AVG MEAN DEG DEG WIND DOM DAY TEMP HIGH TIME LOW TIME DAYS DAYS RAIN SPEED HIGH TIME DIR ------------------------------------------------------------------------------------ 1 31.6 39.2 7:14a 23.0 9:02p 33.3 0.0 0.00 2.1 17.0 7:09a NE 2 29.5 43.6 3:21p 15.9 7:36a 35.4 0.0 0.00 0.8 11.0 11:01p WNW 3 46.3 62.1 2:18p 31.9 12:01a 18.7 0.0 0.00 1.5 13.0 3:43p SSE 4 21.6 39.2 1:02a 8.4 11:58p 43.3 0.0 0.00 1.4 18.0 1:00a NE 5 8.9 15.9 2:27p 3.0 11:14p 55.9 0.0 0.00 1.4 12.0 7:53a S 6 17.4 38.3 3:08p -1.6 6:09a 47.4 0.0 0.03 0.8 11.0 6:07a S 7 36.8 44.8 2:42p 30.7 12:00m 28.2 0.0 0.11 0.0 0.0 --- --- 8 30.2 43.9 1:08p 18.4 6:24a 34.7 0.0 0.04 0.0 0.0 --- --- 9 34.1 49.5 2:05p 20.0 2:55a 30.8 0.0 0.01 0.4 22.0 11:56p NE 10 32.9 41.6 11:49a 24.7 6:11a 32.1 0.0 0.00 4.3 32.0 2:57p WNW 11 42.5 58.4 1:19p 23.2 5:36a 22.5 0.0 0.00 2.4 19.0 4:27p S 12 37.2 47.3 8:58a 26.9 12:00m 27.7 0.0 0.00 4.0 30.0 1:08p WNW 13 39.3 48.6 1:15p 26.7 12:02a 25.7 0.0 0.00 6.1 33.0 10:23p WNW 14 29.4 40.5 12:11a 19.1 11:48p 35.6 0.0 0.05 1.7 24.0 2:04a NW 15 39.9 55.4 1:33p 18.9 12:01a 25.1 0.0 0.00 3.3 26.0 6:36p WNW 16 36.6 47.7 12:03p 28.4 4:21a 14.3 0.0 0.00 1.5 19.0 6:34a SW 17 31.1 31.9 11:25p 30.3 11:59p 0.8 0.0 0.00 0.0 1.0 11:44p W 18 39.8 54.2 12:17p 26.1 1:43a 25.2 0.0 0.00 1.7 13.0 1:05p S 19 46.4 64.7 2:20p 36.0 8:10p 18.6 0.0 0.00 2.7 18.0 1:53p S 20 38.3 45.8 3:12p 29.7 9:20p 26.7 0.0 0.00 1.6 17.0 6:49a S 21 43.5 62.9 1:17p 26.4 11:45p 21.5 0.0 0.00 3.0 23.0 1:35p SSE 22 31.0 42.3 2:42p 18.4 7:26a 33.9 0.0 0.00 1.4 15.0 6:18p ENE 23 17.4 26.1 12:01a 8.3 7:12a 41.4 0.0 0.00 0.9 11.0 12:54a NE 24 38.5 57.5 2:32p 23.2 12:01a 26.4 0.0 0.06 2.2 16.0 1:00p SSE 25 47.6 63.1 3:16p 37.8 12:01a 17.4 0.0 0.00 2.7 22.0 4:24p S 26 39.5 60.4 12:34p 18.6 11:57p 25.5 0.0 0.00 3.1 30.0 4:04p NE 27 18.4 22.7 12:38p 15.9 9:33p 45.0 0.0 0.00 1.3 10.0 10:26a ENE 28 20.4 35.8 3:16p 3.5 5:51a 40.5 0.0 0.07 0.9 11.0 10:00a S 29 36.5 50.2 12:34p 14.8 12:01a 28.4 0.0 0.01 1.2 12.0 9:54p E 30 40.0 50.4 12:50a 24.4 12:00m 25.0 0.0 0.01 1.9 29.0 12:46a NW 31 22.1 27.3 1:31p 17.5 4:32a 39.0 0.0 0.00 0.4 13.0 12:01a NW ------------------------------------------------------------------------------------- 33.1 64.7 19 -1.6 6 926.0 0.0 0.39 1.8 33.0 13 S Max >= 90.0: 0 Max <= 32.0: 5 Min <= 32.0: 29 Min <= 0.0: 1 Max Rain: 0.11 ON 01/07/14 Days of Rain: 6 (>.01 in) 1 (>.1 in) 0 (>1 in) Heat Base: 65.0 Cool Base: 65.0 Method: Integration
Note: For Weather Data, and Records Prior to December 2006 please click here for history and records.

Station affiliations

Weather data published to:,
Weather Underground, Citizen Weather Observer Program, WeatherForYou, AnythingWeather.com

Member of: Weather-Matrix, Weather-Watch.com

Quote from the patron saint of the webmaster, St. Alphonsus Liguori :
"My Jesus, Thou alone art sufficient for me.  MY love, do not permit me to separate myself from Thee.  When shall I be able to say, 'My God, I cannot lose thee any more?' "

 ©2007 ExceptionalWeather.com
Radar/maps © Weather Underground. Used with permission.    Valid XHTML 1.0     Valid CSS
Never base important decisions on this or any weather information obtained from the Internet.