NOAA style reports

NOAA style reports

NOAA-style Climate Reports

2018: Jan | Feb | Mar | Apr | May | Jun | Jul | Aug | Sep | Oct | Nov | Dec 
2017: Jan | Feb | Mar | Apr | May | Jun | Jul | Aug | Sep | Oct | Nov | Dec 
2016: Jan | Feb | Mar | Apr | May | Jun | Jul | Aug | Sep | Oct | Nov | Dec 
2015: Jan | Feb | Mar | Apr | May | Jun | Jul | Aug | Sep | Oct | Nov | Dec 
2014: Jan | Feb | Mar | Apr | May | Jun | Jul | Aug | Sep | Oct | Nov | Dec 
2013: Jan | Feb | Mar | Apr | May | Jun | Jul | Aug | Sep | Oct | Nov | Dec 
2012: Jan | Feb | Mar | Apr | May | Jun | Jul | Aug | Sep | Oct | Nov | Dec 
2011: Jan | Feb | Mar | Apr | May | Jun | Jul | Aug | Sep | Oct | Nov | Dec 
2010: Jan | Feb | Mar | Apr | May | Jun | Jul | Aug | Sep | Oct | Nov | Dec 
 2009: Jan | Feb | Mar | Apr | May | Jun | Jul | Aug | Sep | Oct | Nov | Dec 
2008: Jan | Feb | Mar | Apr | May | Jun | Jul | Aug | Sep | Oct | Nov | Dec 
 2007: Jan | Feb | Mar | Apr | May | Jun | Jul | Aug | Sep | Oct | Nov | Dec 

Report for 2013 12
MONTHLY CLIMATOLOGICAL SUMMARY for DEC. 2013 NAME: Truta, Littleton, CO CITY: Littleton STATE: CO ELEV: 5541 ft LAT: 39 34' 54" N LONG: 105 00' 21" W TEMPERATURE (F), RAIN (in), WIND SPEED (mph) HEAT COOL AVG MEAN DEG DEG WIND DOM DAY TEMP HIGH TIME LOW TIME DAYS DAYS RAIN SPEED HIGH TIME DIR ------------------------------------------------------------------------------------ 1 43.6 55.4 1:12p 28.5 12:33a 21.4 0.0 0.00 1.4 13.0 10:50p S 2 49.3 61.2 1:07p 35.6 6:36a 15.7 0.0 0.00 2.6 33.0 1:49p SE 3 37.0 59.0 11:36a 12.6 11:46p 28.0 0.0 0.00 2.5 17.0 11:17a NE 4 6.7 12.6 12:01a -2.6 11:58p 58.0 0.0 0.00 1.1 10.0 1:19a NE 5 -0.7 8.1 12:39p -7.5 7:30a 65.3 0.0 0.00 0.6 10.0 1:27p NW 6 -0.7 9.9 1:59p -8.9 6:33a 64.9 0.0 0.00 0.4 7.0 1:30p WNW 7 2.0 10.9 12:58p -7.9 3:26a 62.6 0.0 0.00 0.4 7.0 11:43a NE 8 8.8 21.8 2:47p 0.7 2:04a 55.9 0.0 0.00 0.4 7.0 12:17p NW 9 11.3 25.8 2:54p -1.4 7:19a 53.5 0.0 0.00 0.8 13.0 3:47p SW 10 26.1 45.7 1:25p 2.6 3:39a 38.8 0.0 0.02 1.7 16.0 4:20p ENE 11 23.8 38.6 1:42p 9.3 7:32a 41.0 0.0 0.00 0.9 9.0 9:46a S 12 37.4 56.6 2:52p 20.3 7:11a 27.6 0.0 0.00 1.6 13.0 1:07a S 13 35.4 49.1 1:48p 26.4 6:06a 29.6 0.0 0.00 1.4 13.0 2:19p S 14 30.8 44.1 2:58p 20.6 5:36a 34.2 0.0 0.00 1.1 12.0 9:23a S 15 40.0 56.2 12:56p 24.1 5:36a 25.0 0.0 0.00 1.9 17.0 11:57a WNW 16 44.8 60.5 12:55p 29.7 6:33a 20.2 0.0 0.00 2.9 27.0 1:04p WNW 17 44.5 61.2 3:02p 25.7 7:08a 20.5 0.0 0.00 1.2 11.0 9:54p S 18 50.4 66.1 1:54p 37.6 11:42p 14.7 0.0 0.00 2.0 15.0 1:09a S 19 36.1 49.4 11:28a 17.3 12:00m 28.9 0.0 0.00 1.5 14.0 8:42p NE 20 20.2 25.7 3:05p 16.1 11:46p 44.6 0.0 0.00 0.5 5.0 2:52a NW 21 21.3 31.9 1:51p 12.1 7:00a 43.5 0.0 0.00 0.5 12.0 12:53p NW 22 27.4 41.1 2:53p 15.6 7:23a 37.5 0.0 0.00 1.3 18.0 4:32p S 23 30.1 46.2 2:30p 20.0 4:30a 34.9 0.0 0.00 0.9 13.0 5:58p S 24 38.5 55.1 12:36p 24.2 11:01p 26.5 0.0 0.00 2.7 35.0 12:40p WNW 25 32.1 45.5 3:01p 18.9 7:16a 32.8 0.0 0.00 1.8 11.0 2:22a S 26 39.3 52.8 1:44p 27.3 3:22a 25.7 0.0 0.00 1.6 11.0 10:36p S 27 42.9 58.9 3:03p 34.7 7:00a 22.1 0.0 0.00 2.1 13.0 9:56a S 28 39.8 58.9 1:00p 21.8 11:46p 25.2 0.0 0.00 2.6 19.0 2:24p S 29 24.0 34.3 1:57p 11.2 7:59a 40.9 0.0 0.00 0.8 11.0 10:38p S 30 32.7 45.8 2:34p 19.9 7:31a 32.2 0.0 0.00 1.1 16.0 12:15p SSW 31 41.3 55.4 2:32p 27.8 7:52a 23.7 0.0 0.00 1.6 17.0 12:39p S ------------------------------------------------------------------------------------- 29.6 66.1 18 -8.9 6 1095.4 0.0 0.02 1.4 35.0 24 S Max >= 90.0: 0 Max <= 32.0: 8 Min <= 32.0: 28 Min <= 0.0: 5 Max Rain: 0.02 ON 12/10/13 Days of Rain: 1 (>.01 in) 0 (>.1 in) 0 (>1 in) Heat Base: 65.0 Cool Base: 65.0 Method: Integration
Note: For Weather Data, and Records Prior to December 2006 please click here for history and records.

Station affiliations

Weather data published to:,
Weather Underground, Citizen Weather Observer Program, WeatherForYou, AnythingWeather.com

Member of: Weather-Matrix, Weather-Watch.com

Quote from the patron saint of the webmaster, St. Alphonsus Liguori :
"My Jesus, Thou alone art sufficient for me.  MY love, do not permit me to separate myself from Thee.  When shall I be able to say, 'My God, I cannot lose thee any more?' "

 ©2007 ExceptionalWeather.com
Radar/maps © Weather Underground. Used with permission.    Valid XHTML 1.0     Valid CSS
Never base important decisions on this or any weather information obtained from the Internet.