NOAA style reports

NOAA style reports

NOAA-style Climate Reports

2018: Jan | Feb | Mar | Apr | May | Jun | Jul | Aug | Sep | Oct | Nov | Dec 
2017: Jan | Feb | Mar | Apr | May | Jun | Jul | Aug | Sep | Oct | Nov | Dec 
2016: Jan | Feb | Mar | Apr | May | Jun | Jul | Aug | Sep | Oct | Nov | Dec 
2015: Jan | Feb | Mar | Apr | May | Jun | Jul | Aug | Sep | Oct | Nov | Dec 
2014: Jan | Feb | Mar | Apr | May | Jun | Jul | Aug | Sep | Oct | Nov | Dec 
2013: Jan | Feb | Mar | Apr | May | Jun | Jul | Aug | Sep | Oct | Nov | Dec 
2012: Jan | Feb | Mar | Apr | May | Jun | Jul | Aug | Sep | Oct | Nov | Dec 
2011: Jan | Feb | Mar | Apr | May | Jun | Jul | Aug | Sep | Oct | Nov | Dec 
2010: Jan | Feb | Mar | Apr | May | Jun | Jul | Aug | Sep | Oct | Nov | Dec 
 2009: Jan | Feb | Mar | Apr | May | Jun | Jul | Aug | Sep | Oct | Nov | Dec 
2008: Jan | Feb | Mar | Apr | May | Jun | Jul | Aug | Sep | Oct | Nov | Dec 
 2007: Jan | Feb | Mar | Apr | May | Jun | Jul | Aug | Sep | Oct | Nov | Dec 

Report for 2013 11
MONTHLY CLIMATOLOGICAL SUMMARY for NOV. 2013 NAME: Truta, Littleton, CO CITY: Littleton STATE: CO ELEV: 5541 ft LAT: 39 34' 54" N LONG: 105 00' 21" W TEMPERATURE (F), RAIN (in), WIND SPEED (mph) HEAT COOL AVG MEAN DEG DEG WIND DOM DAY TEMP HIGH TIME LOW TIME DAYS DAYS RAIN SPEED HIGH TIME DIR ------------------------------------------------------------------------------------ 1 40.4 52.6 3:57p 32.8 6:55a 24.6 0.0 0.00 1.4 21.0 3:57p ENE 2 45.7 68.1 2:59p 25.6 7:48a 19.5 0.2 0.00 0.9 16.0 11:13p S 3 55.8 68.8 12:12p 38.3 10:52p 9.6 0.4 0.00 2.4 22.0 10:58a ENE 4 35.3 46.0 2:01p 27.8 11:41p 29.6 0.0 0.00 1.9 16.0 2:37p SE 5 32.5 43.8 3:05p 22.4 11:29p 32.4 0.0 0.00 1.1 13.0 4:46a NW 6 38.2 53.6 2:27p 23.2 12:01a 26.8 0.0 0.00 2.3 20.0 4:36p S 7 42.1 60.9 2:15p 25.4 5:54a 22.9 0.0 0.00 1.1 11.0 8:54a S 8 52.6 66.4 9:44a 37.3 11:56p 12.5 0.0 0.00 1.7 15.0 2:24a ENE 9 46.3 66.0 2:46p 33.1 6:50a 18.7 0.0 0.00 0.5 7.0 2:51p ENE 10 47.0 66.9 2:11p 30.0 6:34a 18.1 0.1 0.00 0.8 10.0 4:43a S 11 43.3 66.0 1:07p 31.0 9:30p 21.8 0.0 0.00 1.7 23.0 1:39p S 12 45.0 61.3 2:46p 31.2 2:39a 20.0 0.0 0.00 1.9 15.0 6:20a S 13 50.5 67.6 2:05p 37.8 2:55a 14.9 0.3 0.00 1.6 13.0 8:05a S 14 49.0 59.2 2:52p 40.3 7:07a 16.0 0.0 0.00 1.4 13.0 6:40p SE 15 50.2 62.7 1:28p 35.5 3:09a 14.8 0.0 0.00 2.8 21.0 12:11p SSW 16 44.2 59.2 1:26p 30.4 7:20a 20.7 0.0 0.00 2.1 23.0 11:11a SSW 17 42.2 55.9 3:08p 31.6 10:36p 22.7 0.0 0.00 1.9 20.0 12:19a ENE 18 42.0 65.0 2:50p 23.9 7:08a 23.0 0.0 0.00 0.7 7.0 8:28a SSW 19 47.4 59.9 2:12p 29.5 12:13a 17.6 0.0 0.00 1.2 11.0 6:19a S 20 45.6 58.1 2:08p 30.0 7:11a 19.4 0.0 0.00 1.1 16.0 11:07p ENE 21 17.8 31.0 12:01a 13.6 5:34p 46.9 0.0 0.00 1.4 12.0 12:35a NE 22 26.8 34.4 12:45p 16.1 12:01a 38.1 0.0 0.09 0.6 10.0 6:40a S 23 28.3 34.9 2:45p 25.4 5:37a 36.7 0.0 0.01 0.5 9.0 12:00p NW 24 28.8 34.7 2:28p 22.2 4:30a 36.0 0.0 0.02 0.2 5.0 2:27p NNE 25 34.8 38.9 2:29p 26.3 11:57p 30.2 0.0 0.00 1.0 12.0 12:48a NE 26 35.4 47.1 1:25p 23.8 2:24a 29.5 0.0 0.00 1.1 11.0 8:28p S 27 43.2 62.6 2:03p 31.0 11:59p 21.8 0.0 0.00 2.2 15.0 9:32a S 28 35.5 48.6 2:05p 25.0 12:00m 29.4 0.0 0.00 0.6 10.0 11:27a S 29 42.3 61.3 1:55p 23.9 2:43a 22.6 0.0 0.00 1.3 12.0 1:54p S 30 42.5 58.4 2:02p 30.7 9:22p 22.4 0.0 0.00 1.3 12.0 7:52a S ------------------------------------------------------------------------------------- 41.0 68.8 3 13.6 21 719.2 1.0 0.12 1.4 23.0 11 S Max >= 90.0: 0 Max <= 32.0: 1 Min <= 32.0: 23 Min <= 0.0: 0 Max Rain: 0.09 ON 11/22/13 Days of Rain: 2 (>.01 in) 0 (>.1 in) 0 (>1 in) Heat Base: 65.0 Cool Base: 65.0 Method: Integration
Note: For Weather Data, and Records Prior to December 2006 please click here for history and records.

Station affiliations

Weather data published to:,
Weather Underground, Citizen Weather Observer Program, WeatherForYou, AnythingWeather.com

Member of: Weather-Matrix, Weather-Watch.com

Quote from the patron saint of the webmaster, St. Alphonsus Liguori :
"My Jesus, Thou alone art sufficient for me.  MY love, do not permit me to separate myself from Thee.  When shall I be able to say, 'My God, I cannot lose thee any more?' "

 ©2007 ExceptionalWeather.com
Radar/maps © Weather Underground. Used with permission.    Valid XHTML 1.0     Valid CSS
Never base important decisions on this or any weather information obtained from the Internet.