NOAA style reports

NOAA style reports

NOAA-style Climate Reports

2018: Jan | Feb | Mar | Apr | May | Jun | Jul | Aug | Sep | Oct | Nov | Dec 
2017: Jan | Feb | Mar | Apr | May | Jun | Jul | Aug | Sep | Oct | Nov | Dec 
2016: Jan | Feb | Mar | Apr | May | Jun | Jul | Aug | Sep | Oct | Nov | Dec 
2015: Jan | Feb | Mar | Apr | May | Jun | Jul | Aug | Sep | Oct | Nov | Dec 
2014: Jan | Feb | Mar | Apr | May | Jun | Jul | Aug | Sep | Oct | Nov | Dec 
2013: Jan | Feb | Mar | Apr | May | Jun | Jul | Aug | Sep | Oct | Nov | Dec 
2012: Jan | Feb | Mar | Apr | May | Jun | Jul | Aug | Sep | Oct | Nov | Dec 
2011: Jan | Feb | Mar | Apr | May | Jun | Jul | Aug | Sep | Oct | Nov | Dec 
2010: Jan | Feb | Mar | Apr | May | Jun | Jul | Aug | Sep | Oct | Nov | Dec 
 2009: Jan | Feb | Mar | Apr | May | Jun | Jul | Aug | Sep | Oct | Nov | Dec 
2008: Jan | Feb | Mar | Apr | May | Jun | Jul | Aug | Sep | Oct | Nov | Dec 
 2007: Jan | Feb | Mar | Apr | May | Jun | Jul | Aug | Sep | Oct | Nov | Dec 

Report for 2013 10
MONTHLY CLIMATOLOGICAL SUMMARY for OCT. 2013 NAME: Truta, Littleton, CO CITY: Littleton STATE: CO ELEV: 5541 ft LAT: 39 34' 54" N LONG: 105 00' 21" W TEMPERATURE (F), RAIN (in), WIND SPEED (mph) HEAT COOL AVG MEAN DEG DEG WIND DOM DAY TEMP HIGH TIME LOW TIME DAYS DAYS RAIN SPEED HIGH TIME DIR ------------------------------------------------------------------------------------ 1 58.0 76.5 3:52p 44.6 5:18a 9.0 2.0 0.00 0.7 11.0 4:38p ENE 2 58.8 74.6 3:53p 45.2 4:22a 8.3 2.2 0.00 0.7 10.0 1:11p ENE 3 51.2 65.0 4:07p 39.8 7:18a 13.7 0.0 0.00 1.0 14.0 3:03p ENE 4 36.7 49.1 12:01a 28.7 11:59p 28.3 0.0 0.51 0.9 19.0 3:36a ENE 5 40.8 61.3 4:51p 26.4 5:18a 24.1 0.0 0.00 0.9 19.0 12:25p NW 6 50.8 66.8 4:27p 38.2 12:01a 14.3 0.1 0.00 0.6 9.0 8:57a SSW 7 58.3 77.7 4:42p 45.5 12:07a 9.2 2.5 0.00 0.7 11.0 9:55a SSW 8 63.0 78.1 4:19p 47.9 1:45a 4.8 2.7 0.00 1.2 15.0 7:09a SSW 9 52.0 64.0 4:22p 42.9 4:06a 13.0 0.0 0.00 0.6 11.0 12:51p ENE 10 48.6 58.1 12:28p 40.9 7:29a 16.4 0.0 0.00 0.6 16.0 4:40p NW 11 50.9 60.7 12:50p 40.1 10:32p 14.1 0.0 0.00 1.0 15.0 1:05a SE 12 45.8 56.6 4:26p 36.9 2:22a 19.2 0.0 0.00 0.5 10.0 5:36p S 13 47.2 63.2 4:25p 33.8 7:30a 17.8 0.0 0.00 0.6 10.0 12:29p NW 14 46.9 55.6 12:24p 39.6 11:48p 18.1 0.0 0.01 1.2 18.0 1:39p ENE 15 36.9 39.6 12:01a 34.1 8:12a 28.1 0.0 0.00 0.6 10.0 1:46a ENE 16 39.0 53.5 4:09p 27.5 7:15a 26.0 0.0 0.00 0.4 9.0 3:03p ENE 17 40.9 49.5 2:36p 31.8 12:33a 24.1 0.0 0.00 0.8 11.0 2:23p ENE 18 34.9 41.9 4:23p 30.9 6:04a 17.9 0.0 0.01 0.6 12.0 2:39a ENE 19 46.0 64.5 4:04p 30.1 1:06a 18.9 0.0 0.00 1.4 18.0 4:54p S 20 41.0 47.7 9:59a 33.4 11:58p 24.0 0.0 0.08 0.9 13.0 3:42p ENE 21 41.2 57.2 3:55p 29.1 6:16a 23.8 0.0 0.00 0.5 15.0 3:52p SSW 22 48.8 63.2 4:14p 38.2 7:13a 16.2 0.0 0.00 0.6 11.0 2:28p SSW 23 50.3 64.3 4:21p 37.6 11:55p 14.7 0.0 0.00 0.8 11.0 2:05p SSW 24 42.4 58.0 4:08p 30.1 7:34a 22.6 0.0 0.00 0.5 11.0 12:30p ENE 25 47.6 66.9 3:01p 31.3 7:47a 17.6 0.2 0.00 0.4 7.0 1:23p ENE 26 46.8 62.4 4:05p 34.9 7:37a 18.2 0.0 0.00 0.4 9.0 11:48p ENE 27 53.0 68.8 4:03p 39.6 11:57p 12.4 0.4 0.00 0.9 7.0 12:05a S 28 36.6 40.9 6:25a 33.1 7:12p 28.4 0.0 0.00 0.7 16.0 6:21a ENE 29 35.8 40.2 2:05p 32.7 7:49a 29.2 0.0 0.03 0.4 10.0 2:25p NE 30 39.1 52.6 12:42p 32.1 11:35p 25.8 0.0 0.01 0.8 17.0 12:47p NW 31 41.4 54.5 1:40p 28.7 2:08a 23.5 0.0 0.01 2.4 24.0 2:31p WNW ------------------------------------------------------------------------------------- 46.2 78.1 8 26.4 5 581.7 10.1 0.66 0.8 24.0 31 ENE Max >= 90.0: 0 Max <= 32.0: 0 Min <= 32.0: 10 Min <= 0.0: 0 Max Rain: 0.51 ON 10/04/13 Days of Rain: 3 (>.01 in) 1 (>.1 in) 0 (>1 in) Heat Base: 65.0 Cool Base: 65.0 Method: Integration
Note: For Weather Data, and Records Prior to December 2006 please click here for history and records.

Station affiliations

Weather data published to:,
Weather Underground, Citizen Weather Observer Program, WeatherForYou, AnythingWeather.com

Member of: Weather-Matrix, Weather-Watch.com

Quote from the patron saint of the webmaster, St. Alphonsus Liguori :
"My Jesus, Thou alone art sufficient for me.  MY love, do not permit me to separate myself from Thee.  When shall I be able to say, 'My God, I cannot lose thee any more?' "

 ©2007 ExceptionalWeather.com
Radar/maps © Weather Underground. Used with permission.    Valid XHTML 1.0     Valid CSS
Never base important decisions on this or any weather information obtained from the Internet.