NOAA style reports

NOAA style reports

NOAA-style Climate Reports

2018: Jan | Feb | Mar | Apr | May | Jun | Jul | Aug | Sep | Oct | Nov | Dec 
2017: Jan | Feb | Mar | Apr | May | Jun | Jul | Aug | Sep | Oct | Nov | Dec 
2016: Jan | Feb | Mar | Apr | May | Jun | Jul | Aug | Sep | Oct | Nov | Dec 
2015: Jan | Feb | Mar | Apr | May | Jun | Jul | Aug | Sep | Oct | Nov | Dec 
2014: Jan | Feb | Mar | Apr | May | Jun | Jul | Aug | Sep | Oct | Nov | Dec 
2013: Jan | Feb | Mar | Apr | May | Jun | Jul | Aug | Sep | Oct | Nov | Dec 
2012: Jan | Feb | Mar | Apr | May | Jun | Jul | Aug | Sep | Oct | Nov | Dec 
2011: Jan | Feb | Mar | Apr | May | Jun | Jul | Aug | Sep | Oct | Nov | Dec 
2010: Jan | Feb | Mar | Apr | May | Jun | Jul | Aug | Sep | Oct | Nov | Dec 
 2009: Jan | Feb | Mar | Apr | May | Jun | Jul | Aug | Sep | Oct | Nov | Dec 
2008: Jan | Feb | Mar | Apr | May | Jun | Jul | Aug | Sep | Oct | Nov | Dec 
 2007: Jan | Feb | Mar | Apr | May | Jun | Jul | Aug | Sep | Oct | Nov | Dec 

Report for 2013 09
MONTHLY CLIMATOLOGICAL SUMMARY for SEP. 2013 NAME: Truta, Littleton, CO CITY: Littleton STATE: CO ELEV: 5541 ft LAT: 39 34' 54" N LONG: 105 00' 21" W TEMPERATURE (F), RAIN (in), WIND SPEED (mph) HEAT COOL AVG MEAN DEG DEG WIND DOM DAY TEMP HIGH TIME LOW TIME DAYS DAYS RAIN SPEED HIGH TIME DIR ------------------------------------------------------------------------------------ 1 68.7 76.5 3:07p 62.1 6:29a 0.3 4.0 0.00 0.8 10.0 6:56p ENE 2 72.1 88.0 5:00p 55.6 6:57a 1.8 8.9 0.00 0.8 13.0 2:12p SSW 3 76.8 92.1 3:34p 65.3 5:09a 0.0 11.8 0.00 1.1 18.0 7:01p SW 4 75.6 90.7 2:48p 68.1 2:53a 0.0 10.6 0.00 0.7 10.0 7:01p SSW 5 75.2 93.6 2:52p 62.6 6:09a 0.3 10.4 0.00 0.7 13.0 5:25p SSW 6 76.4 93.6 3:42p 65.2 3:51a 0.0 11.4 0.00 0.8 15.0 7:36p SSW 7 74.4 92.3 4:07p 60.2 3:59a 0.7 10.1 0.00 0.9 11.0 1:08p SE 8 71.4 91.0 3:47p 58.4 6:45a 1.2 7.6 0.00 0.7 11.0 4:08p SSW 9 66.2 83.2 3:33p 57.3 6:18a 2.9 4.1 0.01 1.3 16.0 3:50p ENE 10 61.1 67.1 1:47p 59.0 5:54a 4.0 0.1 0.75 0.7 11.0 12:58p E 11 61.2 65.3 12:57p 59.0 12:37a 3.8 0.0 0.52 0.3 6.0 3:59p WNW 12 60.6 66.0 2:13p 58.0 4:59a 4.4 0.0 1.02 0.8 13.0 5:20p ENE 13 63.1 74.0 2:32p 57.5 3:05a 3.7 1.9 0.33 0.6 14.0 1:05p SE 14 62.6 76.3 2:38p 57.6 1:56a 3.8 1.4 0.01 0.7 17.0 3:50p ENE 15 56.9 59.5 2:17p 54.1 11:54p 8.1 0.0 0.79 0.5 11.0 1:26p ENE 16 59.7 75.3 4:50p 49.5 5:32a 6.7 1.4 0.01 0.4 7.0 2:02p SSW 17 60.7 75.6 12:03p 54.8 6:49a 2.8 0.6 0.00 0.6 9.0 1:30a SSW 18 68.5 81.4 3:53p 61.5 11:53p 0.2 1.3 0.01 1.4 15.0 7:27p SSW 19 58.8 63.5 3:55p 52.0 7:38a 6.2 0.0 0.00 0.7 11.0 11:43a ENE 20 58.9 73.9 5:07p 47.6 7:13a 7.4 1.3 0.00 0.5 10.0 3:16p ENE 21 65.5 81.4 3:50p 52.0 3:06a 4.1 4.6 0.00 0.8 12.0 5:20a S 22 63.8 75.8 1:41p 55.1 12:00m 3.8 2.6 0.06 1.4 19.0 5:51p S 23 56.0 66.6 4:06p 47.9 3:41a 9.1 0.1 0.50 1.8 21.0 10:00a WNW 24 59.6 75.8 4:11p 47.3 12:23a 7.3 1.9 0.00 1.0 10.0 9:12p SE 25 67.1 82.0 4:18p 45.8 6:48a 3.9 6.1 0.00 1.9 18.0 3:27p SE 26 56.8 70.6 4:18p 44.5 7:12a 8.7 0.5 0.00 0.8 11.0 2:09a NW 27 46.3 51.1 7:53a 39.1 11:56p 18.7 0.0 0.26 0.4 9.0 8:17a ENE 28 48.0 67.1 4:12p 32.7 6:16a 17.1 0.1 0.01 0.5 9.0 4:15p ENE 29 57.4 76.0 4:01p 42.8 12:01a 9.3 1.7 0.00 0.5 9.0 4:24a SSW 30 62.8 80.5 4:14p 49.9 7:03a 6.3 4.1 0.00 0.5 9.0 3:35p ENE ------------------------------------------------------------------------------------- 63.7 93.6 5 32.7 28 146.6 108.6 4.28 0.8 21.0 23 SSW Max >= 90.0: 6 Max <= 32.0: 0 Min <= 32.0: 0 Min <= 0.0: 0 Max Rain: 1.02 ON 09/12/13 Days of Rain: 8 (>.01 in) 7 (>.1 in) 1 (>1 in) Heat Base: 65.0 Cool Base: 65.0 Method: Integration
Note: For Weather Data, and Records Prior to December 2006 please click here for history and records.

Station affiliations

Weather data published to:,
Weather Underground, Citizen Weather Observer Program, WeatherForYou, AnythingWeather.com

Member of: Weather-Matrix, Weather-Watch.com

Quote from the patron saint of the webmaster, St. Alphonsus Liguori :
"My Jesus, Thou alone art sufficient for me.  MY love, do not permit me to separate myself from Thee.  When shall I be able to say, 'My God, I cannot lose thee any more?' "

 ©2007 ExceptionalWeather.com
Radar/maps © Weather Underground. Used with permission.    Valid XHTML 1.0     Valid CSS
Never base important decisions on this or any weather information obtained from the Internet.