NOAA style reports

NOAA style reports

NOAA-style Climate Reports

2018: Jan | Feb | Mar | Apr | May | Jun | Jul | Aug | Sep | Oct | Nov | Dec 
2017: Jan | Feb | Mar | Apr | May | Jun | Jul | Aug | Sep | Oct | Nov | Dec 
2016: Jan | Feb | Mar | Apr | May | Jun | Jul | Aug | Sep | Oct | Nov | Dec 
2015: Jan | Feb | Mar | Apr | May | Jun | Jul | Aug | Sep | Oct | Nov | Dec 
2014: Jan | Feb | Mar | Apr | May | Jun | Jul | Aug | Sep | Oct | Nov | Dec 
2013: Jan | Feb | Mar | Apr | May | Jun | Jul | Aug | Sep | Oct | Nov | Dec 
2012: Jan | Feb | Mar | Apr | May | Jun | Jul | Aug | Sep | Oct | Nov | Dec 
2011: Jan | Feb | Mar | Apr | May | Jun | Jul | Aug | Sep | Oct | Nov | Dec 
2010: Jan | Feb | Mar | Apr | May | Jun | Jul | Aug | Sep | Oct | Nov | Dec 
 2009: Jan | Feb | Mar | Apr | May | Jun | Jul | Aug | Sep | Oct | Nov | Dec 
2008: Jan | Feb | Mar | Apr | May | Jun | Jul | Aug | Sep | Oct | Nov | Dec 
 2007: Jan | Feb | Mar | Apr | May | Jun | Jul | Aug | Sep | Oct | Nov | Dec 

Report for 2013 08
MONTHLY CLIMATOLOGICAL SUMMARY for AUG. 2013 NAME: Truta, Littleton, CO CITY: Littleton STATE: CO ELEV: 5541 ft LAT: 39 34' 54" N LONG: 105 00' 21" W TEMPERATURE (F), RAIN (in), WIND SPEED (mph) HEAT COOL AVG MEAN DEG DEG WIND DOM DAY TEMP HIGH TIME LOW TIME DAYS DAYS RAIN SPEED HIGH TIME DIR ------------------------------------------------------------------------------------ 1 72.9 90.3 12:30p 60.1 5:18a 0.6 8.6 0.00 1.0 25.0 1:45p SSW 2 72.1 91.2 2:54p 58.6 6:09a 1.4 8.5 0.12 1.1 18.0 7:51p SE 3 70.6 88.8 1:39p 57.5 11:50p 1.7 7.3 0.21 1.4 23.0 8:00p ENE 4 70.8 87.0 3:55p 56.2 1:34a 1.8 7.6 0.00 1.0 11.0 3:58p SSW 5 72.7 86.3 2:40p 62.0 5:43a 0.3 8.0 0.00 1.2 14.0 12:35a ENE 6 72.6 87.8 1:57p 60.4 6:42a 0.4 8.0 0.00 1.4 24.0 4:34p SSW 7 66.7 73.2 5:44p 58.9 12:00m 0.9 2.7 0.00 0.7 14.0 8:40p SE 8 62.2 77.0 4:13p 53.5 11:53p 4.9 2.0 0.42 1.0 15.0 8:32p SW 9 61.8 79.2 2:35p 52.0 2:03a 5.4 2.2 0.07 1.1 17.0 4:21p SSW 10 67.8 85.9 3:37p 51.4 6:32a 3.3 6.0 0.00 1.1 17.0 7:08p SSW 11 68.2 81.6 2:35p 57.5 6:50a 1.5 4.6 0.01 0.8 14.0 3:18p SSW 12 65.6 79.0 3:41p 54.8 6:10a 3.1 3.7 0.12 1.0 12.0 6:22p ENE 13 64.8 77.4 6:03p 53.3 6:48a 3.5 3.2 0.01 1.2 17.0 4:26p SSW 14 65.9 83.2 4:33p 52.3 6:40a 3.8 4.7 0.00 0.7 11.0 6:07p ENE 15 70.0 85.1 4:03p 59.5 6:23a 1.4 6.3 0.00 1.0 12.0 4:32a ENE 16 72.2 90.1 4:40p 56.9 7:06a 2.0 9.2 0.00 0.6 9.0 1:12p ENE 17 76.1 94.0 4:39p 59.0 6:19a 1.2 12.4 0.00 1.0 12.0 9:27p SE 18 76.1 76.1 12:01a 76.1 12:01a 0.0 0.0 0.00 1.3 3.0 12:02a S 19 20 82.6 95.1 4:17p 68.9 12:00m 0.0 5.8 0.00 1.0 14.0 7:33p SE 21 73.6 86.7 1:47p 64.0 8:04a 0.0 8.6 0.00 0.7 12.0 1:12p ENE 22 66.6 81.1 4:54p 57.6 6:34p 2.0 3.6 0.54 0.8 17.0 5:13p ENE 23 69.5 86.5 4:05p 58.6 12:29a 1.3 5.9 0.04 1.4 14.0 4:16a SSE 24 68.3 84.9 2:19p 55.7 6:24a 2.5 5.7 0.01 0.7 14.0 3:23p WNW 25 73.2 88.0 3:56p 63.7 1:21a 0.1 8.3 0.00 0.9 11.0 8:32a SSW 26 74.1 89.3 3:05p 62.1 3:46a 0.4 9.5 0.00 0.9 14.0 5:22p NW 27 73.6 89.3 3:46p 62.1 6:37a 0.4 8.9 0.02 0.5 10.0 2:15p SSW 28 73.9 91.0 3:48p 60.4 5:27a 0.8 9.7 0.00 0.5 7.0 8:06a SSW 29 75.0 93.2 4:01p 61.8 4:52a 0.5 10.5 0.00 0.8 15.0 5:50p SSW 30 73.2 89.9 2:35p 67.1 6:08a 0.0 8.2 0.01 0.7 15.0 3:05p SSW 31 74.6 86.3 1:33p 65.5 7:29a 0.0 9.6 0.00 1.1 17.0 6:46p SSW ------------------------------------------------------------------------------------- 70.9 95.1 20 51.4 10 45.2 199.3 1.58 1.0 25.0 1 SSW Max >= 90.0: 7 Max <= 32.0: 0 Min <= 32.0: 0 Min <= 0.0: 0 Max Rain: 0.54 ON 08/22/13 Days of Rain: 8 (>.01 in) 5 (>.1 in) 0 (>1 in) Heat Base: 65.0 Cool Base: 65.0 Method: Integration
Note: For Weather Data, and Records Prior to December 2006 please click here for history and records.

Station affiliations

Weather data published to:,
Weather Underground, Citizen Weather Observer Program, WeatherForYou, AnythingWeather.com

Member of: Weather-Matrix, Weather-Watch.com

Quote from the patron saint of the webmaster, St. Alphonsus Liguori :
"My Jesus, Thou alone art sufficient for me.  MY love, do not permit me to separate myself from Thee.  When shall I be able to say, 'My God, I cannot lose thee any more?' "

 ©2007 ExceptionalWeather.com
Radar/maps © Weather Underground. Used with permission.    Valid XHTML 1.0     Valid CSS
Never base important decisions on this or any weather information obtained from the Internet.