NOAA style reports

NOAA style reports

NOAA-style Climate Reports

2018: Jan | Feb | Mar | Apr | May | Jun | Jul | Aug | Sep | Oct | Nov | Dec 
2017: Jan | Feb | Mar | Apr | May | Jun | Jul | Aug | Sep | Oct | Nov | Dec 
2016: Jan | Feb | Mar | Apr | May | Jun | Jul | Aug | Sep | Oct | Nov | Dec 
2015: Jan | Feb | Mar | Apr | May | Jun | Jul | Aug | Sep | Oct | Nov | Dec 
2014: Jan | Feb | Mar | Apr | May | Jun | Jul | Aug | Sep | Oct | Nov | Dec 
2013: Jan | Feb | Mar | Apr | May | Jun | Jul | Aug | Sep | Oct | Nov | Dec 
2012: Jan | Feb | Mar | Apr | May | Jun | Jul | Aug | Sep | Oct | Nov | Dec 
2011: Jan | Feb | Mar | Apr | May | Jun | Jul | Aug | Sep | Oct | Nov | Dec 
2010: Jan | Feb | Mar | Apr | May | Jun | Jul | Aug | Sep | Oct | Nov | Dec 
 2009: Jan | Feb | Mar | Apr | May | Jun | Jul | Aug | Sep | Oct | Nov | Dec 
2008: Jan | Feb | Mar | Apr | May | Jun | Jul | Aug | Sep | Oct | Nov | Dec 
 2007: Jan | Feb | Mar | Apr | May | Jun | Jul | Aug | Sep | Oct | Nov | Dec 

Report for 2013 06
MONTHLY CLIMATOLOGICAL SUMMARY for JUN. 2013 NAME: Truta, Littleton, CO CITY: Littleton STATE: CO ELEV: 5541 ft LAT: 39 34' 54" N LONG: 105 00' 21" W TEMPERATURE (F), RAIN (in), WIND SPEED (mph) HEAT COOL AVG MEAN DEG DEG WIND DOM DAY TEMP HIGH TIME LOW TIME DAYS DAYS RAIN SPEED HIGH TIME DIR ------------------------------------------------------------------------------------ 1 56.9 68.9 4:54p 41.8 5:14a 8.7 0.6 0.00 1.5 13.0 11:41a ENE 2 63.5 84.1 4:54p 41.9 6:02a 7.3 5.8 0.00 1.0 11.0 5:59p SE 3 74.2 91.0 2:33p 57.5 1:39a 1.1 10.3 0.00 2.4 21.0 4:40p SSE 4 61.2 73.5 6:07p 49.5 11:49p 5.4 1.6 0.35 1.5 24.0 7:12p ENE 5 50.6 55.0 6:41p 46.0 5:26a 14.4 0.0 0.02 0.6 8.0 12:05a ENE 6 61.1 78.5 4:36p 42.6 5:32a 7.3 3.5 0.00 0.9 11.0 12:59p ENE 7 66.0 81.2 12:56p 50.2 5:58a 4.1 5.0 0.00 0.8 16.0 12:56p SSW 8 67.0 76.7 4:52p 57.3 11:58p 1.2 3.2 0.00 1.8 18.0 9:00a ENE 9 65.6 89.0 6:06p 47.1 5:36a 4.8 5.3 0.00 0.7 9.0 11:08a SE 10 80.8 94.7 2:08p 67.8 5:59a 0.0 15.8 0.00 2.0 20.0 6:58p SSE 11 80.2 97.5 2:39p 63.4 3:50a 0.1 15.2 0.00 2.3 26.0 1:22p SSW 12 74.9 92.3 3:39p 55.3 6:09a 1.6 11.5 0.00 1.5 20.0 5:49p SE 13 71.3 82.8 2:30p 57.0 5:56a 1.6 7.9 0.00 1.6 21.0 9:38p NW 14 74.7 88.2 1:08p 62.0 11:59p 0.1 9.8 0.00 2.2 21.0 1:53p SE 15 67.0 80.1 4:36p 54.2 5:41a 2.3 4.3 0.00 1.0 14.0 3:14a NW 16 66.9 83.0 11:04a 55.0 4:46a 2.7 4.6 0.00 1.2 21.0 12:59p SSW 17 66.4 79.4 2:35p 51.0 5:38a 3.2 4.6 0.00 1.1 17.0 4:25p SSW 18 68.0 85.9 4:36p 53.9 5:36a 2.6 5.6 0.00 1.8 19.0 8:41p SE 19 74.5 93.6 3:35p 55.4 5:39a 2.1 11.6 0.00 1.9 16.0 1:50p SE 20 72.5 90.3 5:13p 55.0 5:51a 1.5 8.9 0.00 1.1 12.0 2:55p ENE 21 74.7 92.7 3:37p 55.7 6:25a 1.6 11.3 0.00 1.1 20.0 3:41p SE 22 69.7 84.5 2:43p 55.6 6:12a 1.8 6.5 0.00 1.1 17.0 2:58p NW 23 60.5 78.6 12:00p 52.9 6:07a 3.0 0.8 0.00 0.6 12.0 11:43a ENE 24 76.1 88.2 5:25p 68.1 10:00p 0.0 3.1 0.00 0.5 7.0 6:48p ENE 25 74.6 91.8 4:20p 55.6 6:01a 1.1 10.8 0.00 1.1 11.0 12:48p ENE 26 78.9 95.6 3:41p 58.1 4:20a 0.7 14.7 0.00 1.4 13.0 7:57a ENE 27 79.2 95.9 2:42p 61.0 5:39a 0.3 14.5 0.00 1.1 13.0 11:29a ENE 28 77.8 91.8 4:04p 61.8 11:21p 0.1 12.9 0.25 1.8 17.0 11:47p SE 29 70.3 81.1 6:40p 59.8 6:05a 0.4 5.7 0.01 1.0 21.0 12:01a W 30 67.3 75.3 12:15p 61.5 5:58a 0.9 3.2 0.00 0.9 11.0 11:38a WNW ------------------------------------------------------------------------------------- 69.7 97.5 11 41.8 1 82.0 218.6 0.63 1.3 26.0 11 ENE Max >= 90.0: 11 Max <= 32.0: 0 Min <= 32.0: 0 Min <= 0.0: 0 Max Rain: 0.35 ON 06/04/13 Days of Rain: 3 (>.01 in) 2 (>.1 in) 0 (>1 in) Heat Base: 65.0 Cool Base: 65.0 Method: Integration
Note: For Weather Data, and Records Prior to December 2006 please click here for history and records.

Station affiliations

Weather data published to:,
Weather Underground, Citizen Weather Observer Program, WeatherForYou, AnythingWeather.com

Member of: Weather-Matrix, Weather-Watch.com

Quote from the patron saint of the webmaster, St. Alphonsus Liguori :
"My Jesus, Thou alone art sufficient for me.  MY love, do not permit me to separate myself from Thee.  When shall I be able to say, 'My God, I cannot lose thee any more?' "

 ©2007 ExceptionalWeather.com
Radar/maps © Weather Underground. Used with permission.    Valid XHTML 1.0     Valid CSS
Never base important decisions on this or any weather information obtained from the Internet.