NOAA style reports

NOAA style reports

NOAA-style Climate Reports

2018: Jan | Feb | Mar | Apr | May | Jun | Jul | Aug | Sep | Oct | Nov | Dec 
2017: Jan | Feb | Mar | Apr | May | Jun | Jul | Aug | Sep | Oct | Nov | Dec 
2016: Jan | Feb | Mar | Apr | May | Jun | Jul | Aug | Sep | Oct | Nov | Dec 
2015: Jan | Feb | Mar | Apr | May | Jun | Jul | Aug | Sep | Oct | Nov | Dec 
2014: Jan | Feb | Mar | Apr | May | Jun | Jul | Aug | Sep | Oct | Nov | Dec 
2013: Jan | Feb | Mar | Apr | May | Jun | Jul | Aug | Sep | Oct | Nov | Dec 
2012: Jan | Feb | Mar | Apr | May | Jun | Jul | Aug | Sep | Oct | Nov | Dec 
2011: Jan | Feb | Mar | Apr | May | Jun | Jul | Aug | Sep | Oct | Nov | Dec 
2010: Jan | Feb | Mar | Apr | May | Jun | Jul | Aug | Sep | Oct | Nov | Dec 
 2009: Jan | Feb | Mar | Apr | May | Jun | Jul | Aug | Sep | Oct | Nov | Dec 
2008: Jan | Feb | Mar | Apr | May | Jun | Jul | Aug | Sep | Oct | Nov | Dec 
 2007: Jan | Feb | Mar | Apr | May | Jun | Jul | Aug | Sep | Oct | Nov | Dec 

Report for 2013 04
MONTHLY CLIMATOLOGICAL SUMMARY for APR. 2013 NAME: Truta, Littleton, CO CITY: Littleton STATE: CO ELEV: 5541 ft LAT: 39 34' 54" N LONG: 105 00' 21" W TEMPERATURE (F), RAIN (in), WIND SPEED (mph) HEAT COOL AVG MEAN DEG DEG WIND DOM DAY TEMP HIGH TIME LOW TIME DAYS DAYS RAIN SPEED HIGH TIME DIR ------------------------------------------------------------------------------------ 1 40.7 51.7 5:23p 29.7 7:10a 18.9 0.0 0.01 1.9 16.0 8:13p NW 2 38.1 40.9 11:18a 35.6 10:00p 26.9 0.0 0.11 1.1 11.0 4:55p NW 3 45.6 62.0 5:09p 34.7 6:55a 19.4 0.0 0.01 1.0 12.0 2:51p NW 4 53.6 68.4 3:11p 37.3 5:26a 11.9 0.5 0.00 1.9 11.0 5:58p S 5 59.1 71.5 1:24p 49.2 4:43a 7.3 1.4 0.00 2.4 29.0 9:12p S 6 53.2 63.7 1:36p 39.5 7:09a 11.8 0.0 0.00 2.5 26.0 1:01a ENE 7 52.2 65.2 4:16p 36.3 6:45a 12.8 0.0 0.00 2.3 21.0 4:48p SSE 8 46.9 66.9 2:16p 26.7 11:57p 18.1 0.0 0.00 2.7 26.0 6:12p NW 9 17.2 26.7 12:01a 11.7 11:55p 47.6 0.0 0.00 2.5 18.0 2:40a NE 10 18.6 27.9 5:09p 6.0 6:33a 46.2 0.0 0.17 1.5 12.0 11:03a ENE 11 38.6 58.7 2:00p 20.3 6:19a 26.4 0.0 0.08 1.9 18.0 1:33p ENE 12 42.3 60.7 2:13p 29.0 6:03a 22.7 0.0 0.00 1.7 21.0 3:12p ENE 13 51.6 69.4 2:32p 30.4 5:41a 13.9 0.5 0.00 2.7 21.0 9:01a SSE 14 44.4 55.3 3:08p 32.4 6:53a 20.6 0.0 0.18 4.5 35.0 10:15a WNW 15 30.2 38.9 2:02a 23.3 11:15p 34.7 0.0 0.02 2.4 18.0 5:22a NW 16 29.6 37.8 12:44p 23.2 2:23a 35.3 0.0 0.35 2.3 17.0 2:53p NW 17 26.7 31.9 12:57p 19.4 12:00m 38.1 0.0 0.09 2.3 19.0 3:52p NW 18 26.3 38.2 4:48p 14.4 6:27a 38.7 0.0 0.17 1.3 12.0 6:21p NW 19 41.0 55.4 3:58p 25.7 12:01a 24.0 0.0 0.00 1.7 14.0 10:45p S 20 46.5 58.6 3:47p 32.5 6:08a 18.5 0.0 0.00 1.5 12.0 5:02p SW 21 50.0 64.2 3:31p 36.8 6:17a 15.0 0.0 0.00 2.0 13.0 6:51p S 22 35.0 55.7 10:46a 22.4 11:37p 29.9 0.0 0.01 2.0 20.0 10:58a NE 23 25.6 35.2 4:08p 20.5 6:37a 39.2 0.0 0.33 1.3 9.0 11:39a ENE 24 39.9 56.9 4:50p 25.6 5:48a 25.1 0.0 0.02 2.7 18.0 1:41p S 25 49.8 65.6 4:12p 30.9 6:54a 15.2 0.0 0.00 1.7 12.0 1:15p SSE 26 52.2 66.8 4:09p 34.6 5:56a 12.9 0.1 0.00 1.8 15.0 5:29p ENE 27 59.3 74.7 3:11p 43.1 5:35a 8.1 2.4 0.00 2.2 15.0 2:51p S 28 64.7 79.4 3:51p 48.0 6:02a 5.0 4.7 0.00 3.0 29.0 10:14p SSE 29 65.8 79.8 2:47p 46.1 6:07a 3.8 4.6 0.00 2.3 22.0 6:38p WNW 30 53.1 60.5 1:54p 39.3 11:58p 11.9 0.0 0.00 2.4 17.0 6:06a NE ------------------------------------------------------------------------------------- 43.3 79.8 29 6.0 10 659.9 14.2 1.55 2.1 35.0 14 NW Max >= 90.0: 0 Max <= 32.0: 3 Min <= 32.0: 16 Min <= 0.0: 0 Max Rain: 0.35 ON 04/16/13 Days of Rain: 10 (>.01 in) 6 (>.1 in) 0 (>1 in) Heat Base: 65.0 Cool Base: 65.0 Method: Integration
Note: For Weather Data, and Records Prior to December 2006 please click here for history and records.

Station affiliations

Weather data published to:,
Weather Underground, Citizen Weather Observer Program, WeatherForYou, AnythingWeather.com

Member of: Weather-Matrix, Weather-Watch.com

Quote from the patron saint of the webmaster, St. Alphonsus Liguori :
"My Jesus, Thou alone art sufficient for me.  MY love, do not permit me to separate myself from Thee.  When shall I be able to say, 'My God, I cannot lose thee any more?' "

 ©2007 ExceptionalWeather.com
Radar/maps © Weather Underground. Used with permission.    Valid XHTML 1.0     Valid CSS
Never base important decisions on this or any weather information obtained from the Internet.