NOAA style reports

NOAA style reports

NOAA-style Climate Reports

2018: Jan | Feb | Mar | Apr | May | Jun | Jul | Aug | Sep | Oct | Nov | Dec 
2017: Jan | Feb | Mar | Apr | May | Jun | Jul | Aug | Sep | Oct | Nov | Dec 
2016: Jan | Feb | Mar | Apr | May | Jun | Jul | Aug | Sep | Oct | Nov | Dec 
2015: Jan | Feb | Mar | Apr | May | Jun | Jul | Aug | Sep | Oct | Nov | Dec 
2014: Jan | Feb | Mar | Apr | May | Jun | Jul | Aug | Sep | Oct | Nov | Dec 
2013: Jan | Feb | Mar | Apr | May | Jun | Jul | Aug | Sep | Oct | Nov | Dec 
2012: Jan | Feb | Mar | Apr | May | Jun | Jul | Aug | Sep | Oct | Nov | Dec 
2011: Jan | Feb | Mar | Apr | May | Jun | Jul | Aug | Sep | Oct | Nov | Dec 
2010: Jan | Feb | Mar | Apr | May | Jun | Jul | Aug | Sep | Oct | Nov | Dec 
 2009: Jan | Feb | Mar | Apr | May | Jun | Jul | Aug | Sep | Oct | Nov | Dec 
2008: Jan | Feb | Mar | Apr | May | Jun | Jul | Aug | Sep | Oct | Nov | Dec 
 2007: Jan | Feb | Mar | Apr | May | Jun | Jul | Aug | Sep | Oct | Nov | Dec 

Report for 2013 03
MONTHLY CLIMATOLOGICAL SUMMARY for MAR. 2013 NAME: Truta, Littleton, CO CITY: Littleton STATE: CO ELEV: 5541 ft LAT: 39 34' 54" N LONG: 105 00' 21" W TEMPERATURE (F), RAIN (in), WIND SPEED (mph) HEAT COOL AVG MEAN DEG DEG WIND DOM DAY TEMP HIGH TIME LOW TIME DAYS DAYS RAIN SPEED HIGH TIME DIR ------------------------------------------------------------------------------------ 1 36.8 48.6 4:12p 25.6 6:43a 28.2 0.0 0.00 1.7 15.0 12:55a S 2 44.3 60.4 2:56p 32.4 2:02a 20.7 0.0 0.00 1.9 15.0 3:35p S 3 49.5 63.1 3:12p 35.6 11:37p 15.5 0.0 0.00 2.0 12.0 2:04a SSE 4 28.9 41.5 2:16a 13.1 11:58p 36.1 0.0 0.00 1.6 16.0 5:16a NE 5 26.0 43.1 4:10p 7.7 5:43a 38.7 0.0 0.06 1.1 11.0 12:57p S 6 36.6 58.6 2:30p 17.3 5:01a 28.4 0.0 0.00 1.2 13.0 2:37p NW 7 44.7 67.9 3:51p 27.0 5:28a 20.4 0.1 0.00 1.4 12.0 1:07p WNW 8 36.9 47.4 2:23p 27.3 4:55a 28.0 0.0 0.00 0.7 9.0 1:57p ENE 9 30.5 33.8 12:06a 22.7 11:58p 34.5 0.0 0.11 2.0 18.0 10:02a NW 10 28.2 41.3 3:24p 13.1 6:57a 35.2 0.0 0.33 1.2 10.0 2:10p SSW 11 39.4 53.9 4:03p 30.6 10:42p 25.6 0.0 0.06 2.4 20.0 4:27p ENE 12 31.5 41.3 4:35p 25.3 9:30a 33.5 0.0 0.09 1.1 9.0 9:15a ENE 13 46.5 66.4 4:42p 29.0 1:08a 18.5 0.0 0.00 1.4 12.0 3:48p SSW 14 53.3 72.1 4:58p 34.6 3:05a 12.6 0.9 0.00 1.7 15.0 5:27p S 15 59.6 76.5 3:55p 45.1 12:27a 7.7 2.3 0.00 2.0 18.0 10:42a S 16 45.1 51.0 6:04p 39.3 7:04a 19.9 0.0 0.01 1.5 10.0 7:49a NW 17 46.5 60.7 1:23p 35.0 11:51p 18.5 0.0 0.00 4.5 32.0 2:09p S 18 38.9 52.9 4:18p 23.8 6:57a 26.1 0.0 0.00 2.8 25.0 2:46p WNW 19 40.7 56.5 4:09p 28.8 11:58p 24.3 0.0 0.00 3.0 24.0 4:29p ENE 20 37.2 57.3 1:55p 19.4 6:57a 27.7 0.0 0.00 1.2 16.0 2:45p NNW 21 41.6 57.3 11:41a 28.4 5:58a 23.4 0.0 0.00 2.3 22.0 2:03p NW 22 34.7 51.9 2:30p 24.7 4:14a 30.2 0.0 0.00 2.7 26.0 4:46p NW 23 19.4 26.4 12:01a 12.4 10:50p 45.4 0.0 0.00 1.6 14.0 1:51p NNW 24 18.6 29.4 11:33a 5.8 5:40a 46.3 0.0 0.16 1.3 11.0 1:22p S 25 21.0 32.2 3:09p 5.2 7:08a 43.6 0.0 0.29 1.2 10.0 2:58p S 26 35.8 53.1 5:34p 19.2 4:20a 29.1 0.0 0.10 1.8 13.0 8:16a S 27 41.3 56.5 2:56p 25.7 4:42a 23.7 0.0 0.00 1.2 10.0 5:35p ENE 28 46.9 66.3 3:20p 30.4 5:09a 18.1 0.0 0.00 1.3 12.0 5:01p SE 29 51.1 68.8 3:27p 37.0 6:40a 14.1 0.2 0.00 1.8 18.0 4:12p S 30 50.0 68.8 2:45p 35.8 5:47a 15.2 0.2 0.00 2.3 22.0 3:04p NW 31 52.5 71.3 2:47p 33.2 7:03a 13.4 0.9 0.00 2.3 15.0 4:44p SSE ------------------------------------------------------------------------------------- 39.2 76.5 15 5.2 25 802.6 4.6 1.21 1.8 32.0 17 S Max >= 90.0: 0 Max <= 32.0: 2 Min <= 32.0: 22 Min <= 0.0: 0 Max Rain: 0.33 ON 03/10/13 Days of Rain: 8 (>.01 in) 4 (>.1 in) 0 (>1 in) Heat Base: 65.0 Cool Base: 65.0 Method: Integration
Note: For Weather Data, and Records Prior to December 2006 please click here for history and records.

Station affiliations

Weather data published to:,
Weather Underground, Citizen Weather Observer Program, WeatherForYou, AnythingWeather.com

Member of: Weather-Matrix, Weather-Watch.com

Quote from the patron saint of the webmaster, St. Alphonsus Liguori :
"My Jesus, Thou alone art sufficient for me.  MY love, do not permit me to separate myself from Thee.  When shall I be able to say, 'My God, I cannot lose thee any more?' "

 ©2007 ExceptionalWeather.com
Radar/maps © Weather Underground. Used with permission.    Valid XHTML 1.0     Valid CSS
Never base important decisions on this or any weather information obtained from the Internet.