NOAA style reports

NOAA style reports

NOAA-style Climate Reports

2018: Jan | Feb | Mar | Apr | May | Jun | Jul | Aug | Sep | Oct | Nov | Dec 
2017: Jan | Feb | Mar | Apr | May | Jun | Jul | Aug | Sep | Oct | Nov | Dec 
2016: Jan | Feb | Mar | Apr | May | Jun | Jul | Aug | Sep | Oct | Nov | Dec 
2015: Jan | Feb | Mar | Apr | May | Jun | Jul | Aug | Sep | Oct | Nov | Dec 
2014: Jan | Feb | Mar | Apr | May | Jun | Jul | Aug | Sep | Oct | Nov | Dec 
2013: Jan | Feb | Mar | Apr | May | Jun | Jul | Aug | Sep | Oct | Nov | Dec 
2012: Jan | Feb | Mar | Apr | May | Jun | Jul | Aug | Sep | Oct | Nov | Dec 
2011: Jan | Feb | Mar | Apr | May | Jun | Jul | Aug | Sep | Oct | Nov | Dec 
2010: Jan | Feb | Mar | Apr | May | Jun | Jul | Aug | Sep | Oct | Nov | Dec 
 2009: Jan | Feb | Mar | Apr | May | Jun | Jul | Aug | Sep | Oct | Nov | Dec 
2008: Jan | Feb | Mar | Apr | May | Jun | Jul | Aug | Sep | Oct | Nov | Dec 
 2007: Jan | Feb | Mar | Apr | May | Jun | Jul | Aug | Sep | Oct | Nov | Dec 

Report for 2013 02
MONTHLY CLIMATOLOGICAL SUMMARY for FEB. 2013 NAME: Truta, Littleton, CO CITY: Littleton STATE: CO ELEV: 5541 ft LAT: 39 34' 54" N LONG: 105 00' 21" W TEMPERATURE (F), RAIN (in), WIND SPEED (mph) HEAT COOL AVG MEAN DEG DEG WIND DOM DAY TEMP HIGH TIME LOW TIME DAYS DAYS RAIN SPEED HIGH TIME DIR ------------------------------------------------------------------------------------ 1 34.9 49.9 1:47p 20.5 5:50a 30.1 0.0 0.00 2.5 26.0 2:49p NW 2 37.3 58.3 2:27p 20.0 7:27a 27.6 0.0 0.00 1.7 15.0 1:49a SSE 3 36.7 54.7 1:25p 22.1 5:22a 28.3 0.0 0.00 0.8 10.0 6:00p NW 4 37.5 52.3 1:49p 25.0 12:44a 27.4 0.0 0.00 1.4 13.0 3:38a S 5 43.5 62.1 3:37p 25.4 6:16a 21.5 0.0 0.00 2.1 13.0 4:30p S 6 41.7 56.2 11:57a 28.4 7:21a 23.3 0.0 0.15 1.4 14.0 4:01p S 7 34.9 47.4 3:29p 23.2 7:31a 30.1 0.0 0.23 1.1 10.0 2:14p SSE 8 40.1 54.8 2:56p 28.2 11:34p 24.9 0.0 0.00 2.1 16.0 4:43a SE 9 29.9 36.6 1:21a 21.6 7:21a 35.1 0.0 0.02 1.2 12.0 1:15p NE 10 26.6 35.2 2:12p 20.0 3:39a 38.3 0.0 0.02 1.4 13.0 1:41p ENE 11 22.4 31.9 3:28p 12.6 6:49a 42.6 0.0 0.00 1.1 12.0 2:19p ENE 12 26.9 41.5 2:45p 15.6 6:39a 38.0 0.0 0.00 1.5 11.0 7:05a S 13 34.0 45.5 1:42p 23.8 12:40a 31.0 0.0 0.00 3.9 29.0 11:06a SSE 14 26.1 39.3 10:48a 21.1 10:56p 38.8 0.0 0.02 1.4 16.0 11:25a SE 15 25.4 37.5 12:21p 13.5 3:54a 39.5 0.0 0.01 1.7 14.0 2:01p S 16 39.8 57.6 2:45p 23.0 5:56a 25.1 0.0 0.00 3.0 24.0 10:20a WNW 17 45.0 63.5 1:08p 27.5 12:17a 20.0 0.0 0.00 3.8 27.0 12:54p S 18 31.1 42.5 2:46p 18.6 12:00m 33.9 0.0 0.00 2.3 21.0 2:35p NW 19 27.8 43.8 3:26p 13.8 4:32a 37.1 0.0 0.00 0.9 12.0 1:47p NW 20 26.6 36.3 12:41p 20.3 6:36a 38.3 0.0 0.00 1.3 12.0 1:16p NNW 21 20.7 27.3 2:54p 13.6 12:00m 44.2 0.0 0.11 1.0 12.0 2:35p ENE 22 21.0 33.7 12:39p 8.4 6:14a 43.8 0.0 0.10 0.9 11.0 1:01p ENE 23 32.1 48.9 3:06p 16.1 12:01a 32.7 0.0 0.06 2.2 13.0 9:07a SSE 24 26.0 28.7 12:01a 22.1 11:45p 38.7 0.0 0.01 2.0 21.0 10:27a NNW 25 23.2 38.8 3:08p 9.2 6:04a 41.6 0.0 0.29 0.9 9.0 1:02p S 26 23.9 30.9 2:04p 13.1 12:01a 40.9 0.0 0.06 1.5 17.0 8:56p NE 27 25.0 35.6 1:52p 15.4 5:04a 39.8 0.0 0.06 1.7 13.0 12:59p SSW 28 29.7 43.5 2:59p 12.6 1:47a 35.2 0.0 0.04 3.0 20.0 4:41p SSE ------------------------------------------------------------------------------------- 31.1 63.5 17 8.4 22 947.8 0.0 1.18 1.8 29.0 13 S Max >= 90.0: 0 Max <= 32.0: 4 Min <= 32.0: 28 Min <= 0.0: 0 Max Rain: 0.29 ON 02/25/13 Days of Rain: 12 (>.01 in) 4 (>.1 in) 0 (>1 in) Heat Base: 65.0 Cool Base: 65.0 Method: Integration
Note: For Weather Data, and Records Prior to December 2006 please click here for history and records.

Station affiliations

Weather data published to:,
Weather Underground, Citizen Weather Observer Program, WeatherForYou, AnythingWeather.com

Member of: Weather-Matrix, Weather-Watch.com

Quote from the patron saint of the webmaster, St. Alphonsus Liguori :
"My Jesus, Thou alone art sufficient for me.  MY love, do not permit me to separate myself from Thee.  When shall I be able to say, 'My God, I cannot lose thee any more?' "

 ©2007 ExceptionalWeather.com
Radar/maps © Weather Underground. Used with permission.    Valid XHTML 1.0     Valid CSS
Never base important decisions on this or any weather information obtained from the Internet.