NOAA style reports

NOAA style reports

NOAA-style Climate Reports

2018: Jan | Feb | Mar | Apr | May | Jun | Jul | Aug | Sep | Oct | Nov | Dec 
2017: Jan | Feb | Mar | Apr | May | Jun | Jul | Aug | Sep | Oct | Nov | Dec 
2016: Jan | Feb | Mar | Apr | May | Jun | Jul | Aug | Sep | Oct | Nov | Dec 
2015: Jan | Feb | Mar | Apr | May | Jun | Jul | Aug | Sep | Oct | Nov | Dec 
2014: Jan | Feb | Mar | Apr | May | Jun | Jul | Aug | Sep | Oct | Nov | Dec 
2013: Jan | Feb | Mar | Apr | May | Jun | Jul | Aug | Sep | Oct | Nov | Dec 
2012: Jan | Feb | Mar | Apr | May | Jun | Jul | Aug | Sep | Oct | Nov | Dec 
2011: Jan | Feb | Mar | Apr | May | Jun | Jul | Aug | Sep | Oct | Nov | Dec 
2010: Jan | Feb | Mar | Apr | May | Jun | Jul | Aug | Sep | Oct | Nov | Dec 
 2009: Jan | Feb | Mar | Apr | May | Jun | Jul | Aug | Sep | Oct | Nov | Dec 
2008: Jan | Feb | Mar | Apr | May | Jun | Jul | Aug | Sep | Oct | Nov | Dec 
 2007: Jan | Feb | Mar | Apr | May | Jun | Jul | Aug | Sep | Oct | Nov | Dec 

Report for 2012 12
MONTHLY CLIMATOLOGICAL SUMMARY for NOV. 2012 NAME: Truta, Littleton, CO CITY: Littleton STATE: CO ELEV: 5541 ft LAT: 3934.90N LONG: 10500.35W TEMPERATURE (F), RAIN (in), WIND SPEED (mph) HEAT COOL AVG MEAN DEG DEG WIND DOM DAY TEMP HIGH TIME LOW TIME DAYS DAYS RAIN SPEED HIGH TIME DIR ------------------------------------------------------------------------------------ 1 53.3 70.8 1:53p 38.3 12:01a 12.4 0.8 0.00 0.6 13.0 12:41a SSW 2 47.0 56.6 12:07p 32.7 11:45p 18.0 0.0 0.00 0.3 8.0 12:39p E 3 43.2 60.9 1:18p 28.7 5:55a 21.8 0.0 0.00 0.2 9.0 8:23a NNW 4 48.0 64.0 12:59p 33.2 12:01a 17.0 0.0 0.00 0.5 12.0 1:43p SSW 5 40.5 62.9 11:37a 30.3 2:28a 11.9 0.0 0.00 0.5 10.0 8:34a S 6 52.6 68.6 2:37p 41.5 2:10a 12.5 0.4 0.00 0.5 10.0 7:42a S 7 54.5 73.9 1:50p 39.1 10:44p 12.1 1.6 0.00 1.2 14.0 4:47a S 8 47.1 62.6 9:27a 32.8 11:08p 15.4 0.0 0.00 0.9 17.0 9:42a S 9 47.0 65.2 12:21p 30.6 5:05a 17.9 0.0 0.00 1.3 21.0 11:20p NNW 10 47.7 53.1 12:06a 37.0 11:37a 8.4 0.0 0.00 4.6 27.0 2:50a N 11 12 13 14 38.3 55.7 1:50p 23.2 6:38a 23.9 0.0 0.00 0.4 9.0 1:43p NNW 15 32.8 45.7 2:41p 24.4 6:26a 32.1 0.0 0.00 0.2 9.0 12:37p E 16 41.0 59.0 1:03p 22.5 2:45a 23.9 0.0 0.00 0.8 12.0 4:46a S 17 41.4 45.2 4:03a 34.3 12:02a 5.5 0.0 0.00 1.1 11.0 3:45a S 18 19 35.3 36.9 10:58p 33.8 11:42p 1.3 0.0 0.00 0.3 6.0 11:54p S 20 48.4 68.3 2:18p 34.3 2:11a 16.8 0.2 0.02 1.1 13.0 5:06a S 21 53.1 70.9 2:11p 38.6 12:00m 12.7 0.7 0.00 1.0 14.0 6:14a S 22 39.7 53.2 10:23a 25.4 11:57p 25.3 0.0 0.00 1.0 14.0 12:47p E 23 34.9 51.1 1:58p 21.1 4:41a 30.1 0.0 0.00 0.4 12.0 10:17p S 24 44.9 55.3 11:17a 31.6 11:11p 20.1 0.0 0.00 0.7 12.0 12:02a S 25 44.9 64.7 1:26p 30.9 12:30a 20.1 0.0 0.00 0.6 14.0 10:22a S 26 27.6 32.4 1:54p 18.6 11:59p 37.3 0.0 0.00 0.2 10.0 7:34a ENE 27 37.6 58.0 1:49p 17.2 1:17a 26.2 0.0 0.04 1.4 19.0 8:42a S 28 41.6 58.7 11:48a 27.0 12:21a 23.4 0.0 0.00 0.9 12.0 2:41a S 29 46.4 64.2 2:34p 26.7 1:20a 18.6 0.0 0.00 0.9 11.0 6:59a S 30 44.5 62.0 1:33p 30.4 3:06a 20.5 0.0 0.00 1.1 15.0 8:43a S ------------------------------------------------------------------------------------- 43.6 73.9 7 17.2 27 485.2 3.7 0.06 0.9 27.0 10 S Max >= 90.0: 0 Max <= 32.0: 0 Min <= 32.0: 15 Min <= 0.0: 0 Max Rain: 0.04 ON 11/27/12 Days of Rain: 2 (>.01 in) 0 (>.1 in) 0 (>1 in) Heat Base: 65.0 Cool Base: 65.0 Method: Integration
Note: For Weather Data, and Records Prior to December 2006 please click here for history and records.

Station affiliations

Weather data published to:,
Weather Underground, Citizen Weather Observer Program, WeatherForYou, AnythingWeather.com

Member of: Weather-Matrix, Weather-Watch.com

Quote from the patron saint of the webmaster, St. Alphonsus Liguori :
"My Jesus, Thou alone art sufficient for me.  MY love, do not permit me to separate myself from Thee.  When shall I be able to say, 'My God, I cannot lose thee any more?' "

 ©2007 ExceptionalWeather.com
Radar/maps © Weather Underground. Used with permission.    Valid XHTML 1.0     Valid CSS
Never base important decisions on this or any weather information obtained from the Internet.