NOAA style reports

NOAA style reports

NOAA-style Climate Reports

2018: Jan | Feb | Mar | Apr | May | Jun | Jul | Aug | Sep | Oct | Nov | Dec 
2017: Jan | Feb | Mar | Apr | May | Jun | Jul | Aug | Sep | Oct | Nov | Dec 
2016: Jan | Feb | Mar | Apr | May | Jun | Jul | Aug | Sep | Oct | Nov | Dec 
2015: Jan | Feb | Mar | Apr | May | Jun | Jul | Aug | Sep | Oct | Nov | Dec 
2014: Jan | Feb | Mar | Apr | May | Jun | Jul | Aug | Sep | Oct | Nov | Dec 
2013: Jan | Feb | Mar | Apr | May | Jun | Jul | Aug | Sep | Oct | Nov | Dec 
2012: Jan | Feb | Mar | Apr | May | Jun | Jul | Aug | Sep | Oct | Nov | Dec 
2011: Jan | Feb | Mar | Apr | May | Jun | Jul | Aug | Sep | Oct | Nov | Dec 
2010: Jan | Feb | Mar | Apr | May | Jun | Jul | Aug | Sep | Oct | Nov | Dec 
 2009: Jan | Feb | Mar | Apr | May | Jun | Jul | Aug | Sep | Oct | Nov | Dec 
2008: Jan | Feb | Mar | Apr | May | Jun | Jul | Aug | Sep | Oct | Nov | Dec 
 2007: Jan | Feb | Mar | Apr | May | Jun | Jul | Aug | Sep | Oct | Nov | Dec 

Report for 2012 11
MONTHLY CLIMATOLOGICAL SUMMARY for OCT. 2012 NAME: Truta, Littleton, CO CITY: Littleton STATE: CO ELEV: 5541 ft LAT: 3934.90N LONG: 10500.35W TEMPERATURE (F), RAIN (in), WIND SPEED (mph) HEAT COOL AVG MEAN DEG DEG WIND DOM DAY TEMP HIGH TIME LOW TIME DAYS DAYS RAIN SPEED HIGH TIME DIR ------------------------------------------------------------------------------------ 1 56.3 66.0 4:49p 48.0 11:10p 8.7 0.0 0.00 0.4 15.0 4:32a ENE 2 62.3 80.7 4:21p 47.4 2:14a 6.5 3.8 0.00 0.4 12.0 8:09a SSW 3 60.9 81.8 4:48p 40.3 11:57p 7.8 3.8 0.00 1.1 25.0 5:51p N 4 40.4 48.0 2:09p 35.6 11:16p 24.6 0.0 0.00 0.5 11.0 12:04p N 5 35.0 39.1 10:43a 30.3 7:13a 30.0 0.0 0.14 0.5 12.0 10:57a N 6 33.2 35.9 12:49p 31.8 8:17p 31.8 0.0 0.03 0.4 11.0 12:59p N 7 39.0 53.5 4:25p 27.8 7:04a 26.0 0.0 0.00 0.2 10.0 9:15a N 8 52.4 70.9 4:48p 36.9 12:14a 13.3 0.8 0.00 0.4 9.0 12:49a SSW 9 44.7 54.1 1:39a 34.9 7:10a 20.2 0.0 0.00 0.5 12.0 2:05p N 10 45.3 65.6 3:59p 33.1 5:47a 19.7 0.0 0.00 0.1 6.0 2:44p N 11 53.7 64.3 3:42p 41.5 12:23a 11.3 0.0 0.00 0.6 13.0 11:24a N 12 49.1 69.4 3:23p 35.0 7:39a 16.2 0.3 0.00 0.6 24.0 4:50p N 13 47.4 56.5 5:15p 37.6 5:46a 17.6 0.0 0.01 0.4 18.0 1:01p N 14 51.5 68.8 4:07p 39.9 7:04a 13.8 0.3 0.00 0.2 10.0 2:35p S 15 58.0 77.2 3:50p 42.2 12:01a 9.4 2.4 0.00 0.4 12.0 6:09a N 16 59.1 78.8 4:28p 37.9 6:31a 9.3 3.4 0.00 1.7 31.0 11:58p W 17 49.1 58.6 3:40p 39.3 11:27p 15.9 0.0 0.00 3.7 37.0 12:38a N 18 46.1 65.5 3:50p 28.5 6:43a 18.9 0.0 0.00 1.4 23.0 3:56p N 19 44.3 63.4 11:58a 31.5 3:16a 10.4 0.0 0.00 0.5 10.0 7:24a S 20 21 46.1 53.9 5:57p 41.1 11:55p 4.8 0.0 0.00 0.0 3.0 11:45p NNE 22 49.3 70.8 1:09p 32.9 6:26a 16.2 0.5 0.00 0.5 14.0 2:50p N 23 59.2 77.0 1:16p 37.8 1:46a 9.0 3.3 0.00 1.7 27.0 12:44p N 24 41.3 55.1 12:48p 28.5 11:47p 23.7 0.0 0.32 0.5 12.0 6:23p ENE 25 30.6 34.7 12:17p 27.8 3:41a 34.4 0.0 0.21 0.1 5.0 1:26p ESE 26 31.2 40.1 2:27p 26.1 12:00m 33.7 0.0 0.17 0.4 10.0 10:31p N 27 35.8 50.4 3:02p 24.4 6:46a 29.2 0.0 0.07 0.4 12.0 11:43a SSW 28 41.9 59.5 12:05p 25.8 5:49a 23.1 0.0 0.00 0.4 10.0 7:49a SW 29 51.3 66.6 12:02p 34.4 12:47a 13.8 0.1 0.00 0.3 11.0 7:26a S 30 53.0 68.3 2:40p 42.2 4:47a 12.3 0.3 0.00 0.4 9.0 8:25a S 31 53.3 70.4 2:05p 37.6 11:38p 12.6 0.9 0.00 0.8 15.0 7:56a S ------------------------------------------------------------------------------------- 47.4 81.8 3 24.4 27 524.2 19.9 0.95 0.6 37.0 17 N Max >= 90.0: 0 Max <= 32.0: 0 Min <= 32.0: 10 Min <= 0.0: 0 Max Rain: 0.32 ON 10/24/12 Days of Rain: 6 (>.01 in) 4 (>.1 in) 0 (>1 in) Heat Base: 65.0 Cool Base: 65.0 Method: Integration
Note: For Weather Data, and Records Prior to December 2006 please click here for history and records.

Station affiliations

Weather data published to:,
Weather Underground, Citizen Weather Observer Program, WeatherForYou, AnythingWeather.com

Member of: Weather-Matrix, Weather-Watch.com

Quote from the patron saint of the webmaster, St. Alphonsus Liguori :
"My Jesus, Thou alone art sufficient for me.  MY love, do not permit me to separate myself from Thee.  When shall I be able to say, 'My God, I cannot lose thee any more?' "

 ©2007 ExceptionalWeather.com
Radar/maps © Weather Underground. Used with permission.    Valid XHTML 1.0     Valid CSS
Never base important decisions on this or any weather information obtained from the Internet.