NOAA style reports

NOAA style reports

NOAA-style Climate Reports

2018: Jan | Feb | Mar | Apr | May | Jun | Jul | Aug | Sep | Oct | Nov | Dec 
2017: Jan | Feb | Mar | Apr | May | Jun | Jul | Aug | Sep | Oct | Nov | Dec 
2016: Jan | Feb | Mar | Apr | May | Jun | Jul | Aug | Sep | Oct | Nov | Dec 
2015: Jan | Feb | Mar | Apr | May | Jun | Jul | Aug | Sep | Oct | Nov | Dec 
2014: Jan | Feb | Mar | Apr | May | Jun | Jul | Aug | Sep | Oct | Nov | Dec 
2013: Jan | Feb | Mar | Apr | May | Jun | Jul | Aug | Sep | Oct | Nov | Dec 
2012: Jan | Feb | Mar | Apr | May | Jun | Jul | Aug | Sep | Oct | Nov | Dec 
2011: Jan | Feb | Mar | Apr | May | Jun | Jul | Aug | Sep | Oct | Nov | Dec 
2010: Jan | Feb | Mar | Apr | May | Jun | Jul | Aug | Sep | Oct | Nov | Dec 
 2009: Jan | Feb | Mar | Apr | May | Jun | Jul | Aug | Sep | Oct | Nov | Dec 
2008: Jan | Feb | Mar | Apr | May | Jun | Jul | Aug | Sep | Oct | Nov | Dec 
 2007: Jan | Feb | Mar | Apr | May | Jun | Jul | Aug | Sep | Oct | Nov | Dec 

Report for 2012 09
MONTHLY CLIMATOLOGICAL SUMMARY for SEP. 2012 NAME: Truta, Littleton, CO CITY: Littleton STATE: CO ELEV: 5541 ft LAT: 3934.90N LONG: 10500.35W TEMPERATURE (F), RAIN (in), WIND SPEED (mph) HEAT COOL AVG MEAN DEG DEG WIND DOM DAY TEMP HIGH TIME LOW TIME DAYS DAYS RAIN SPEED HIGH TIME DIR ------------------------------------------------------------------------------------ 1 74.4 91.0 1:22p 62.6 5:58a 0.2 9.5 0.00 0.5 18.0 2:39p N 2 71.9 88.6 2:32p 60.7 6:54a 0.6 7.5 0.00 0.2 12.0 5:23p E 3 70.2 85.9 2:36p 57.6 6:21a 1.6 6.9 0.00 0.4 15.0 3:26p ENE 4 72.5 89.7 4:02p 60.2 12:53a 0.8 8.3 0.00 0.4 13.0 12:53p SSW 5 67.8 84.3 3:41p 50.4 6:55a 3.1 5.9 0.00 0.6 15.0 2:16a ENE 6 72.5 88.8 2:56p 58.9 6:52a 0.8 8.3 0.00 0.4 11.0 2:07a SSW 7 60.4 71.8 3:19p 53.1 12:00m 4.0 0.5 0.00 1.0 19.0 2:30a N 8 60.4 79.0 4:31p 45.4 6:51a 7.7 3.1 0.00 0.3 11.0 1:41p N 9 68.5 85.9 3:18p 51.7 4:56a 4.1 7.6 0.00 0.8 19.0 7:25p N 10 73.2 89.7 4:09p 60.5 3:59a 0.7 8.9 0.00 0.3 11.0 2:16a N 11 69.5 84.5 1:28p 59.6 11:46p 1.5 5.9 0.02 0.3 16.0 6:28p N 12 53.9 59.8 12:20a 49.4 9:18a 11.1 0.0 1.63 0.1 11.0 5:11a E 13 56.8 69.8 4:33p 48.6 12:00m 8.7 0.5 0.01 0.2 13.0 12:51p E 14 59.9 76.3 4:11p 47.0 1:25a 7.5 2.4 0.01 0.3 9.0 8:07a SSW 15 65.0 86.7 3:55p 49.9 4:45a 5.2 5.2 0.00 0.3 9.0 12:36p N 16 67.6 85.1 4:35p 55.4 5:27a 2.9 5.5 0.00 0.3 10.0 12:19p SSW 17 55.9 68.4 12:01a 48.3 11:50p 9.2 0.1 0.00 0.3 17.0 12:51a E 18 59.5 77.2 4:30p 47.0 6:52a 8.1 2.5 0.00 0.2 7.0 2:28a SSW 19 63.6 78.6 4:21p 53.1 11:55p 4.8 3.4 0.01 0.3 10.0 11:00a SSW 20 63.1 79.0 4:24p 52.2 12:46a 5.0 3.1 0.00 0.3 10.0 2:02p SSW 21 60.6 77.4 4:48p 47.0 7:12a 6.7 2.3 0.00 0.2 7.0 2:21a SSW 22 58.8 77.4 4:17p 44.9 7:02a 8.2 2.0 0.00 0.3 9.0 1:51p NNW 23 67.0 84.3 3:36p 51.0 4:11a 3.8 5.9 0.00 0.3 13.0 5:57p SSW 24 64.6 76.7 4:04p 55.6 11:58p 2.7 2.2 0.00 0.1 12.0 9:05p SSW 25 55.2 66.8 1:48p 49.1 7:05a 9.9 0.1 0.33 0.3 16.0 3:08p SSW 26 55.0 63.9 2:11p 49.5 6:41a 10.0 0.0 0.21 0.2 11.0 2:17p E 27 52.6 64.2 4:59p 45.5 7:04a 12.4 0.0 0.01 0.3 10.0 10:52a W 28 56.7 70.6 3:37p 45.5 7:10a 9.1 0.8 0.00 0.3 10.0 3:28p SSW 29 58.3 76.0 3:56p 44.3 7:21a 8.9 2.2 0.00 0.2 10.0 1:42p ENE 30 59.8 73.3 4:22p 50.4 5:51a 6.6 1.4 0.00 0.5 15.0 11:23a ENE ------------------------------------------------------------------------------------- 63.2 91.0 1 44.3 29 165.9 112.0 2.23 0.3 19.0 7 N Max >= 90.0: 1 Max <= 32.0: 0 Min <= 32.0: 0 Min <= 0.0: 0 Max Rain: 1.63 ON 09/12/12 Days of Rain: 4 (>.01 in) 3 (>.1 in) 1 (>1 in) Heat Base: 65.0 Cool Base: 65.0 Method: Integration
Note: For Weather Data, and Records Prior to December 2006 please click here for history and records.

Station affiliations

Weather data published to:,
Weather Underground, Citizen Weather Observer Program, WeatherForYou, AnythingWeather.com

Member of: Weather-Matrix, Weather-Watch.com

Quote from the patron saint of the webmaster, St. Alphonsus Liguori :
"My Jesus, Thou alone art sufficient for me.  MY love, do not permit me to separate myself from Thee.  When shall I be able to say, 'My God, I cannot lose thee any more?' "

 ©2007 ExceptionalWeather.com
Radar/maps © Weather Underground. Used with permission.    Valid XHTML 1.0     Valid CSS
Never base important decisions on this or any weather information obtained from the Internet.