NOAA style reports

NOAA style reports

NOAA-style Climate Reports

2018: Jan | Feb | Mar | Apr | May | Jun | Jul | Aug | Sep | Oct | Nov | Dec 
2017: Jan | Feb | Mar | Apr | May | Jun | Jul | Aug | Sep | Oct | Nov | Dec 
2016: Jan | Feb | Mar | Apr | May | Jun | Jul | Aug | Sep | Oct | Nov | Dec 
2015: Jan | Feb | Mar | Apr | May | Jun | Jul | Aug | Sep | Oct | Nov | Dec 
2014: Jan | Feb | Mar | Apr | May | Jun | Jul | Aug | Sep | Oct | Nov | Dec 
2013: Jan | Feb | Mar | Apr | May | Jun | Jul | Aug | Sep | Oct | Nov | Dec 
2012: Jan | Feb | Mar | Apr | May | Jun | Jul | Aug | Sep | Oct | Nov | Dec 
2011: Jan | Feb | Mar | Apr | May | Jun | Jul | Aug | Sep | Oct | Nov | Dec 
2010: Jan | Feb | Mar | Apr | May | Jun | Jul | Aug | Sep | Oct | Nov | Dec 
 2009: Jan | Feb | Mar | Apr | May | Jun | Jul | Aug | Sep | Oct | Nov | Dec 
2008: Jan | Feb | Mar | Apr | May | Jun | Jul | Aug | Sep | Oct | Nov | Dec 
 2007: Jan | Feb | Mar | Apr | May | Jun | Jul | Aug | Sep | Oct | Nov | Dec 

Report for 2012 08
MONTHLY CLIMATOLOGICAL SUMMARY for AUG. 2012 NAME: Truta, Littleton, CO CITY: Littleton STATE: CO ELEV: 5541 ft LAT: 3934.90N LONG: 10500.35W TEMPERATURE (F), RAIN (in), WIND SPEED (mph) HEAT COOL AVG MEAN DEG DEG WIND DOM DAY TEMP HIGH TIME LOW TIME DAYS DAYS RAIN SPEED HIGH TIME DIR ------------------------------------------------------------------------------------ 1 74.5 89.5 10:02a 65.0 4:22a 0.0 5.1 0.03 0.1 10.0 10:26a N 2 71.5 85.5 10:51a 59.0 12:24a 0.8 7.3 0.01 0.5 25.0 1:13p N 3 76.9 93.6 1:26p 63.1 11:59p 0.1 12.0 0.00 0.8 22.0 5:00p N 4 69.0 83.2 1:58p 57.6 4:11a 1.9 5.9 0.00 0.5 14.0 1:42p N 5 75.5 92.9 1:11p 56.9 4:24a 1.2 11.6 0.00 0.5 16.0 9:55p N 6 79.3 92.9 10:26a 69.6 12:00m 0.0 14.3 0.00 0.6 21.0 3:15p N 7 76.6 91.6 1:04p 64.2 11:52p 0.0 11.6 0.00 0.3 11.0 10:18a E 8 74.8 93.2 1:15p 59.5 4:36a 1.0 10.8 0.00 0.3 10.0 11:01a ENE 9 74.7 91.8 1:31p 54.8 4:31a 1.7 11.4 0.00 0.6 13.0 1:36p N 10 75.5 90.7 12:12p 60.1 4:37a 0.7 11.2 0.00 0.3 13.0 7:57p N 11 74.1 87.8 2:16p 60.4 9:46p 0.6 9.7 0.00 0.9 17.0 12:19p N 12 70.7 85.3 1:35p 54.2 3:59a 2.1 7.8 0.00 0.3 11.0 8:30p N 13 66.7 74.2 11:23a 59.0 11:58p 1.2 3.0 0.00 0.4 18.0 11:26a N 14 73.4 92.7 2:19p 55.4 4:31a 1.9 10.3 0.00 0.2 14.0 5:21p N 15 74.1 92.3 1:59p 59.8 10:54p 0.6 9.7 0.00 0.6 18.0 3:40p N 16 62.4 77.7 1:56p 53.2 11:55p 4.1 1.8 0.00 0.5 13.0 3:48p N 17 67.1 84.9 2:41p 48.5 3:55a 3.3 5.2 0.00 0.2 12.0 7:02p N 18 66.0 79.9 2:16p 55.0 4:28a 3.0 4.0 0.00 0.4 11.0 7:40a N 19 65.4 82.8 2:20p 49.1 4:33a 4.2 4.6 0.00 0.3 11.0 1:30p E 20 67.0 80.9 1:28p 54.7 4:23a 2.5 4.5 0.00 0.2 11.0 12:05a N 21 71.1 87.8 1:29p 54.4 4:16a 2.3 8.4 0.00 0.3 10.0 1:53p ENE 22 71.9 85.1 9:16a 62.0 11:29p 0.1 7.0 0.15 0.7 21.0 10:04a N 23 67.2 80.5 12:07p 58.1 4:17a 1.2 2.5 0.00 0.3 11.0 12:36p N 24 69.7 85.1 3:04p 59.3 6:25a 1.3 6.0 0.00 0.4 17.0 5:17p N 25 67.0 80.3 3:53p 56.9 5:20a 1.9 3.9 0.00 0.4 12.0 8:18a N 26 73.2 92.1 3:29p 55.7 6:34a 1.7 10.0 0.00 0.3 11.0 1:40p ENE 27 72.8 91.0 12:49p 57.5 6:36a 1.3 9.1 0.00 0.5 21.0 4:45p N 28 75.8 93.8 2:45p 62.7 5:01a 0.3 11.0 0.00 0.5 14.0 3:46p N 29 77.5 93.2 4:25p 65.5 5:15a 0.0 12.5 0.00 0.3 15.0 2:55p N 30 74.9 91.2 2:40p 63.5 11:45p 0.0 9.9 0.00 0.8 23.0 3:24p N 31 73.5 88.8 2:21p 57.0 4:09a 1.9 10.3 0.00 1.0 15.0 3:08p N ------------------------------------------------------------------------------------- 71.9 93.8 28 48.5 17 42.9 252.4 0.19 0.5 25.0 2 N Max >= 90.0: 14 Max <= 32.0: 0 Min <= 32.0: 0 Min <= 0.0: 0 Max Rain: 0.15 ON 08/22/12 Days of Rain: 2 (>.01 in) 1 (>.1 in) 0 (>1 in) Heat Base: 65.0 Cool Base: 65.0 Method: Integration
Note: For Weather Data, and Records Prior to December 2006 please click here for history and records.

Station affiliations

Weather data published to:,
Weather Underground, Citizen Weather Observer Program, WeatherForYou, AnythingWeather.com

Member of: Weather-Matrix, Weather-Watch.com

Quote from the patron saint of the webmaster, St. Alphonsus Liguori :
"My Jesus, Thou alone art sufficient for me.  MY love, do not permit me to separate myself from Thee.  When shall I be able to say, 'My God, I cannot lose thee any more?' "

 ©2007 ExceptionalWeather.com
Radar/maps © Weather Underground. Used with permission.    Valid XHTML 1.0     Valid CSS
Never base important decisions on this or any weather information obtained from the Internet.