NOAA style reports

NOAA style reports

NOAA-style Climate Reports

2018: Jan | Feb | Mar | Apr | May | Jun | Jul | Aug | Sep | Oct | Nov | Dec 
2017: Jan | Feb | Mar | Apr | May | Jun | Jul | Aug | Sep | Oct | Nov | Dec 
2016: Jan | Feb | Mar | Apr | May | Jun | Jul | Aug | Sep | Oct | Nov | Dec 
2015: Jan | Feb | Mar | Apr | May | Jun | Jul | Aug | Sep | Oct | Nov | Dec 
2014: Jan | Feb | Mar | Apr | May | Jun | Jul | Aug | Sep | Oct | Nov | Dec 
2013: Jan | Feb | Mar | Apr | May | Jun | Jul | Aug | Sep | Oct | Nov | Dec 
2012: Jan | Feb | Mar | Apr | May | Jun | Jul | Aug | Sep | Oct | Nov | Dec 
2011: Jan | Feb | Mar | Apr | May | Jun | Jul | Aug | Sep | Oct | Nov | Dec 
2010: Jan | Feb | Mar | Apr | May | Jun | Jul | Aug | Sep | Oct | Nov | Dec 
 2009: Jan | Feb | Mar | Apr | May | Jun | Jul | Aug | Sep | Oct | Nov | Dec 
2008: Jan | Feb | Mar | Apr | May | Jun | Jul | Aug | Sep | Oct | Nov | Dec 
 2007: Jan | Feb | Mar | Apr | May | Jun | Jul | Aug | Sep | Oct | Nov | Dec 

Report for 2012 07
MONTHLY CLIMATOLOGICAL SUMMARY for JUN. 2012 NAME: Truta, Littleton, CO CITY: Littleton STATE: CO ELEV: 5541 ft LAT: 3934.90N LONG: 10500.35W TEMPERATURE (F), RAIN (in), WIND SPEED (mph) HEAT COOL AVG MEAN DEG DEG WIND DOM DAY TEMP HIGH TIME LOW TIME DAYS DAYS RAIN SPEED HIGH TIME DIR ------------------------------------------------------------------------------------ 1 68.8 82.2 5:08p 55.9 6:21a 2.2 6.1 0.00 0.8 14.0 3:37p N 2 62.2 82.4 11:58a 49.5 5:41a 4.8 2.0 0.04 0.8 24.0 2:35p N 3 71.1 89.3 3:42p 56.9 2:21a 2.1 8.2 0.00 0.7 25.0 5:48p S 4 73.8 88.4 1:38p 54.5 6:05a 1.1 10.0 0.00 1.1 19.0 9:04p S 5 72.0 80.1 4:23p 60.5 5:08a 0.6 7.5 0.00 2.3 23.0 11:03p N 6 68.8 82.0 3:01p 62.7 6:15a 0.2 2.6 0.00 1.3 15.0 12:24a N 7 66.5 76.8 2:46p 48.3 5:23a 2.2 3.4 0.02 0.6 14.0 3:07p W 8 73.8 90.1 3:12p 56.6 5:04a 1.8 10.6 0.00 1.0 15.0 12:35a ENE 9 76.3 94.3 4:49p 58.1 6:06a 0.8 12.1 0.00 0.5 16.0 1:08p SSW 10 62.4 73.5 4:41p 51.9 6:10a 4.4 1.8 0.00 1.1 18.0 3:11a E 11 61.7 77.4 4:01p 44.8 5:55a 6.5 3.2 0.00 0.9 16.0 4:03p E 12 67.7 84.1 3:03p 53.2 6:09a 3.3 6.0 0.00 0.4 11.0 11:44a ENE 13 72.1 89.3 4:35p 52.5 3:42a 3.1 10.2 0.00 0.6 13.0 12:23p S 14 69.7 84.0 4:30p 54.8 5:38a 1.8 6.5 0.00 0.6 10.0 10:52p ENE 15 66.8 81.8 1:00p 59.0 3:07p 1.4 3.2 0.10 0.7 28.0 2:14p SE 16 67.1 78.1 4:00p 59.2 5:47a 1.5 3.6 0.00 1.2 16.0 2:44p S 17 78.2 95.1 3:21p 62.7 5:31a 0.2 13.4 0.00 1.5 22.0 1:48p S 18 81.5 99.7 4:31p 67.1 5:23a 0.0 16.5 0.00 0.4 11.0 7:14p S 19 78.4 93.4 3:54p 61.0 5:26a 0.4 13.9 0.00 0.9 15.0 5:34p E 20 64.9 72.0 5:30p 56.3 8:01a 2.0 2.0 0.00 0.6 16.0 1:10a ENE 21 71.0 83.2 4:00p 55.3 6:11a 1.6 7.6 0.00 1.4 17.0 9:26a SE 22 77.1 95.6 2:39p 56.7 5:31a 1.1 13.2 0.00 0.6 18.0 12:50p SSW 23 82.0 102.0 4:55p 61.3 4:15a 0.1 17.1 0.00 0.6 19.0 7:57p S 24 82.0 98.2 2:55p 65.3 6:17a 0.0 17.0 0.00 0.7 22.0 6:28p E 25 83.1 99.0 3:44p 63.9 4:51a 0.1 18.2 0.00 1.0 23.0 9:42p SE 26 80.2 99.7 2:12p 65.6 3:07a 0.0 15.2 0.02 0.9 28.0 5:50p SSW 27 75.7 93.6 12:01p 64.5 11:57p 0.0 10.7 0.08 0.9 24.0 3:51p SSW 28 74.1 92.7 1:45p 60.2 6:17a 0.4 9.5 0.00 0.6 21.0 5:07p S 29 78.6 94.3 1:36p 65.0 6:19a 0.0 13.6 0.00 0.5 16.0 3:54p S 30 77.8 92.7 5:21p 65.8 4:16a 0.0 12.8 0.00 0.5 15.0 3:07p S ------------------------------------------------------------------------------------- 72.8 102.0 23 44.8 11 43.7 277.7 0.26 0.9 28.0 15 S Max >= 90.0: 14 Max <= 32.0: 0 Min <= 32.0: 0 Min <= 0.0: 0 Max Rain: 0.10 ON 06/15/12 Days of Rain: 5 (>.01 in) 0 (>.1 in) 0 (>1 in) Heat Base: 65.0 Cool Base: 65.0 Method: Integration
Note: For Weather Data, and Records Prior to December 2006 please click here for history and records.

Station affiliations

Weather data published to:,
Weather Underground, Citizen Weather Observer Program, WeatherForYou, AnythingWeather.com

Member of: Weather-Matrix, Weather-Watch.com

Quote from the patron saint of the webmaster, St. Alphonsus Liguori :
"My Jesus, Thou alone art sufficient for me.  MY love, do not permit me to separate myself from Thee.  When shall I be able to say, 'My God, I cannot lose thee any more?' "

 ©2007 ExceptionalWeather.com
Radar/maps © Weather Underground. Used with permission.    Valid XHTML 1.0     Valid CSS
Never base important decisions on this or any weather information obtained from the Internet.