NOAA style reports

NOAA style reports

NOAA-style Climate Reports

2018: Jan | Feb | Mar | Apr | May | Jun | Jul | Aug | Sep | Oct | Nov | Dec 
2017: Jan | Feb | Mar | Apr | May | Jun | Jul | Aug | Sep | Oct | Nov | Dec 
2016: Jan | Feb | Mar | Apr | May | Jun | Jul | Aug | Sep | Oct | Nov | Dec 
2015: Jan | Feb | Mar | Apr | May | Jun | Jul | Aug | Sep | Oct | Nov | Dec 
2014: Jan | Feb | Mar | Apr | May | Jun | Jul | Aug | Sep | Oct | Nov | Dec 
2013: Jan | Feb | Mar | Apr | May | Jun | Jul | Aug | Sep | Oct | Nov | Dec 
2012: Jan | Feb | Mar | Apr | May | Jun | Jul | Aug | Sep | Oct | Nov | Dec 
2011: Jan | Feb | Mar | Apr | May | Jun | Jul | Aug | Sep | Oct | Nov | Dec 
2010: Jan | Feb | Mar | Apr | May | Jun | Jul | Aug | Sep | Oct | Nov | Dec 
 2009: Jan | Feb | Mar | Apr | May | Jun | Jul | Aug | Sep | Oct | Nov | Dec 
2008: Jan | Feb | Mar | Apr | May | Jun | Jul | Aug | Sep | Oct | Nov | Dec 
 2007: Jan | Feb | Mar | Apr | May | Jun | Jul | Aug | Sep | Oct | Nov | Dec 

Report for 2012 03
MONTHLY CLIMATOLOGICAL SUMMARY for JAN. 2012 NAME: Littleton CITY: Littleton STATE: Colorado ELEV: 5541 ft LAT: 39 27' 00" N LONG: 104 44' 00" W TEMPERATURE (F), RAIN (in), WIND SPEED (mph) HEAT COOL AVG MEAN DEG DEG WIND DOM DAY TEMP HIGH TIME LOW TIME DAYS DAYS RAIN SPEED HIGH TIME DIR ------------------------------------------------------------------------------------ 1 25.7 35.3 11:02a 17.8 11:38p 39.2 0.0 0.00 0.6 11.0 8:06a NNE 2 36.5 55.4 12:37p 15.7 2:38a 28.3 0.0 0.00 0.8 13.0 7:16a WSW 3 39.8 54.7 11:56a 23.5 12:00m 25.2 0.0 0.00 0.6 14.0 11:48a N 4 41.5 61.0 10:54a 21.8 1:34a 23.4 0.0 0.00 1.6 15.0 6:24a WSW 5 46.8 67.6 10:27a 32.5 10:01p 18.4 0.2 0.00 1.0 11.0 4:07a WSW 6 34.6 45.8 7:31a 25.3 9:28p 30.3 0.0 0.00 0.8 11.0 7:44a E 7 27.8 38.8 9:48a 16.7 12:00m 37.1 0.0 0.00 0.4 12.0 11:03a NE 8 23.9 39.5 10:50a 11.9 3:59a 40.9 0.0 0.13 0.3 7.0 7:45a S 9 32.1 50.5 10:48a 17.0 12:01a 32.8 0.0 0.00 0.4 9.0 6:51a WSW 10 39.5 60.5 12:19p 25.8 12:07a 25.5 0.0 0.00 1.5 15.0 5:41a WSW 11 16.8 33.1 12:12a 2.6 11:09p 47.8 0.0 0.00 1.7 13.0 12:03a E 12 26.2 41.5 10:40a 4.1 12:28a 38.8 0.0 0.11 1.1 16.0 11:14a WNW 13 34.6 46.0 12:20p 22.4 11:26p 30.3 0.0 0.00 2.1 25.0 10:28a N 14 41.5 58.4 12:13p 22.4 2:06a 23.5 0.0 0.00 1.2 15.0 10:48p N 15 40.5 53.9 8:34a 27.2 2:44a 10.0 0.0 0.00 2.6 17.0 6:13a WSW 16 17 18 19 20 21 22 39.1 46.2 1:02p 28.2 11:59p 16.3 0.0 0.00 4.1 33.0 2:27p N 23 35.3 51.0 12:20p 21.6 7:14a 29.6 0.0 0.00 0.6 13.0 2:03p N 24 31.2 34.7 8:31a 24.4 11:54p 33.8 0.0 0.02 0.5 11.0 12:11p N 25 42.0 62.6 12:43p 19.9 5:16a 23.0 0.0 0.00 3.1 25.0 10:31p N 26 45.3 58.1 1:16p 32.1 7:51a 19.7 0.0 0.00 1.3 18.0 10:56p N 27 32.8 44.1 1:06a 20.0 11:48p 20.8 0.0 0.00 1.9 16.0 6:58a N 28 29.3 45.7 1:30p 15.1 5:21a 35.0 0.0 0.00 0.2 9.0 12:50a NE 29 41.9 54.4 1:15p 26.7 1:07a 23.0 0.0 0.05 0.4 12.0 11:33a NE 30 46.1 60.7 2:21p 33.8 5:16a 18.9 0.0 0.00 0.6 12.0 9:15a W 31 39.0 53.3 1:58p 26.3 6:58a 25.8 0.0 0.00 0.4 11.0 8:17a NNW ------------------------------------------------------------------------------------- 35.6 67.6 5 2.6 11 697.4 0.2 0.31 1.2 33.0 22 N Max >= 90.0: 0 Max <= 32.0: 0 Min <= 32.0: 22 Min <= 0.0: 0 Max Rain: 0.13 ON 01/08/12 Days of Rain: 4 (>.01 in) 2 (>.1 in) 0 (>1 in) Heat Base: 65.0 Cool Base: 65.0 Method: Integration
Note: For Weather Data, and Records Prior to December 2006 please click here for history and records.

Station affiliations

Weather data published to:,
Weather Underground, Citizen Weather Observer Program, WeatherForYou, AnythingWeather.com

Member of: Weather-Matrix, Weather-Watch.com

Quote from the patron saint of the webmaster, St. Alphonsus Liguori :
"My Jesus, Thou alone art sufficient for me.  MY love, do not permit me to separate myself from Thee.  When shall I be able to say, 'My God, I cannot lose thee any more?' "

 ©2007 ExceptionalWeather.com
Radar/maps © Weather Underground. Used with permission.    Valid XHTML 1.0     Valid CSS
Never base important decisions on this or any weather information obtained from the Internet.