NOAA style reports

NOAA style reports

NOAA-style Climate Reports

2018: Jan | Feb | Mar | Apr | May | Jun | Jul | Aug | Sep | Oct | Nov | Dec 
2017: Jan | Feb | Mar | Apr | May | Jun | Jul | Aug | Sep | Oct | Nov | Dec 
2016: Jan | Feb | Mar | Apr | May | Jun | Jul | Aug | Sep | Oct | Nov | Dec 
2015: Jan | Feb | Mar | Apr | May | Jun | Jul | Aug | Sep | Oct | Nov | Dec 
2014: Jan | Feb | Mar | Apr | May | Jun | Jul | Aug | Sep | Oct | Nov | Dec 
2013: Jan | Feb | Mar | Apr | May | Jun | Jul | Aug | Sep | Oct | Nov | Dec 
2012: Jan | Feb | Mar | Apr | May | Jun | Jul | Aug | Sep | Oct | Nov | Dec 
2011: Jan | Feb | Mar | Apr | May | Jun | Jul | Aug | Sep | Oct | Nov | Dec 
2010: Jan | Feb | Mar | Apr | May | Jun | Jul | Aug | Sep | Oct | Nov | Dec 
 2009: Jan | Feb | Mar | Apr | May | Jun | Jul | Aug | Sep | Oct | Nov | Dec 
2008: Jan | Feb | Mar | Apr | May | Jun | Jul | Aug | Sep | Oct | Nov | Dec 
 2007: Jan | Feb | Mar | Apr | May | Jun | Jul | Aug | Sep | Oct | Nov | Dec 

Report for 2011 10
MONTHLY CLIMATOLOGICAL SUMMARY for SEP. 2011 NAME: Littleton CITY: Littleton STATE: Colorado ELEV: 5403 ft LAT: 39 27' 00" N LONG: 104 44' 00" W TEMPERATURE (F), RAIN (in), WIND SPEED (mph) HEAT COOL AVG MEAN DEG DEG WIND DOM DAY TEMP HIGH TIME LOW TIME DAYS DAYS RAIN SPEED HIGH TIME DIR ------------------------------------------------------------------------------------ 1 78.2 91.2 1:40p 62.4 12:00m 0.1 5.7 0.00 0.2 12.0 5:10p ESE 2 68.3 84.7 1:46p 60.1 4:40a 1.2 4.4 0.08 0.7 15.0 2:39p E 3 60.4 71.3 1:25p 49.6 11:56p 5.4 0.8 0.00 0.6 12.0 2:20a E 4 61.4 77.4 1:59p 44.9 4:09a 6.2 2.6 0.00 0.8 12.0 10:22p ENE 5 71.2 90.1 12:36p 48.0 4:39a 3.4 9.6 0.00 0.5 13.0 6:08p SW 6 64.8 76.1 11:23a 56.6 10:17p 2.8 2.6 0.05 0.3 9.0 1:31p ENE 7 56.3 59.9 6:34a 51.9 11:54p 8.7 0.0 0.03 0.2 7.0 9:20a ESE 8 59.9 74.9 12:25p 51.1 2:13a 6.0 1.4 0.00 0.2 11.0 9:52a ESE 9 49.2 52.6 12:01a 47.1 4:24a 3.7 0.0 0.00 0.0 3.0 5:26a ESE 10 11 12 13 14 15 16 17 18 58.9 62.9 6:26p 52.6 11:50p 1.4 0.0 0.00 0.0 1.0 6:35p N 19 64.6 81.8 1:09p 48.9 3:06a 5.0 4.6 0.00 0.4 10.0 5:57a WSW 20 54.8 65.0 1:47p 44.8 4:38a 10.2 0.0 0.00 0.4 11.0 2:00a ENE 21 53.8 66.4 12:56p 41.9 4:22a 11.3 0.0 0.00 0.7 11.0 1:54p NE 22 56.9 75.8 12:52p 37.8 4:41a 10.6 2.5 0.00 0.3 10.0 10:09a ESE 23 63.4 82.6 12:53p 44.1 4:42a 6.4 4.9 0.00 0.2 9.0 1:12p ENE 24 66.1 84.5 12:58p 50.2 1:46a 4.7 5.8 0.00 0.2 8.0 10:55a ENE 25 65.9 85.3 1:38p 48.2 4:38a 5.1 5.9 0.00 0.2 10.0 2:26p ESE 26 69.5 87.0 1:23p 53.5 4:15a 3.0 7.6 0.00 0.2 9.0 12:09p E 27 64.8 84.7 1:08p 47.4 4:40a 5.4 5.2 0.00 0.1 7.0 1:27p ENE 28 68.5 87.8 1:03p 52.5 11:58p 3.6 7.1 0.00 0.3 9.0 1:11p SW 29 56.1 67.1 1:45p 44.1 11:57p 9.0 0.1 0.00 0.4 12.0 3:46a E 30 58.4 80.5 1:38p 40.5 4:35a 9.6 3.0 0.00 0.1 7.0 9:57a E ------------------------------------------------------------------------------------- 62.3 91.2 1 37.8 22 122.8 73.8 0.16 0.3 15.0 2 E Max >= 90.0: 2 Max <= 32.0: 0 Min <= 32.0: 0 Min <= 0.0: 0 Max Rain: 0.08 ON 09/02/11 Days of Rain: 3 (>.01 in) 0 (>.1 in) 0 (>1 in) Heat Base: 65.0 Cool Base: 65.0 Method: Integration
Note: For Weather Data, and Records Prior to December 2006 please click here for history and records.

Station affiliations

Weather data published to:,
Weather Underground, Citizen Weather Observer Program, WeatherForYou, AnythingWeather.com

Member of: Weather-Matrix, Weather-Watch.com

Quote from the patron saint of the webmaster, St. Alphonsus Liguori :
"My Jesus, Thou alone art sufficient for me.  MY love, do not permit me to separate myself from Thee.  When shall I be able to say, 'My God, I cannot lose thee any more?' "

 ©2007 ExceptionalWeather.com
Radar/maps © Weather Underground. Used with permission.    Valid XHTML 1.0     Valid CSS
Never base important decisions on this or any weather information obtained from the Internet.