NOAA style reports

NOAA style reports

NOAA-style Climate Reports

2018: Jan | Feb | Mar | Apr | May | Jun | Jul | Aug | Sep | Oct | Nov | Dec 
2017: Jan | Feb | Mar | Apr | May | Jun | Jul | Aug | Sep | Oct | Nov | Dec 
2016: Jan | Feb | Mar | Apr | May | Jun | Jul | Aug | Sep | Oct | Nov | Dec 
2015: Jan | Feb | Mar | Apr | May | Jun | Jul | Aug | Sep | Oct | Nov | Dec 
2014: Jan | Feb | Mar | Apr | May | Jun | Jul | Aug | Sep | Oct | Nov | Dec 
2013: Jan | Feb | Mar | Apr | May | Jun | Jul | Aug | Sep | Oct | Nov | Dec 
2012: Jan | Feb | Mar | Apr | May | Jun | Jul | Aug | Sep | Oct | Nov | Dec 
2011: Jan | Feb | Mar | Apr | May | Jun | Jul | Aug | Sep | Oct | Nov | Dec 
2010: Jan | Feb | Mar | Apr | May | Jun | Jul | Aug | Sep | Oct | Nov | Dec 
 2009: Jan | Feb | Mar | Apr | May | Jun | Jul | Aug | Sep | Oct | Nov | Dec 
2008: Jan | Feb | Mar | Apr | May | Jun | Jul | Aug | Sep | Oct | Nov | Dec 
 2007: Jan | Feb | Mar | Apr | May | Jun | Jul | Aug | Sep | Oct | Nov | Dec 

Report for 2011 02
MONTHLY CLIMATOLOGICAL SUMMARY for FEB. 2011 NAME: Parker CITY: Littleton STATE: Colorado ELEV: 5403 ft LAT: 39 27' 00" N LONG: 104 44' 00" W TEMPERATURE (F), RAIN (in), WIND SPEED (mph) HEAT COOL AVG MEAN DEG DEG WIND DOM DAY TEMP HIGH TIME LOW TIME DAYS DAYS RAIN SPEED HIGH TIME DIR ------------------------------------------------------------------------------------ 1 -5.6 -0.6 1:36p -10.0 6:24a 70.2 0.0 0.00 2.3 13.0 5:07p NNW 2 -2.7 9.0 2:14p -13.5 5:29a 67.0 0.0 0.00 0.6 7.0 8:24a W 3 18.3 27.9 7:29p 0.5 5:55a 46.4 0.0 0.00 0.7 9.0 2:03a SSE 4 27.8 39.2 1:30p 8.8 5:27a 37.1 0.0 0.00 0.5 7.0 8:56a SSE 5 32.4 42.1 9:36a 26.0 11:53p 32.6 0.0 0.00 0.8 15.0 5:10a NNW 6 23.4 29.5 12:50p 8.8 11:59p 41.5 0.0 0.00 0.3 18.0 1:06p W 7 25.0 43.3 1:16p 5.6 3:14a 40.0 0.0 0.00 1.7 23.0 9:37p SE 8 4.1 7.6 12:01a -6.1 12:00m 60.6 0.0 0.00 1.7 13.0 12:08a NNW 9 6.0 24.8 2:23p -12.5 4:28a 58.7 0.0 0.00 0.7 10.0 8:34a E 10 20.1 38.8 1:08p 3.7 12:01a 44.8 0.0 0.00 1.3 12.0 12:48p SE 11 26.3 45.7 1:46p 10.4 3:35a 38.6 0.0 0.00 0.4 7.0 1:05a ESE 12 39.5 55.7 1:36p 20.5 1:59a 25.5 0.0 0.00 1.1 15.0 8:49a SE 13 48.5 67.1 12:45p 31.5 11:17p 16.5 0.1 0.00 1.5 14.0 12:49a SE 14 44.5 57.5 1:52p 32.2 10:37p 20.5 0.0 0.00 1.8 17.0 8:51a WSW 15 47.0 67.8 1:32p 30.1 3:14a 18.2 0.2 0.00 0.7 9.0 2:06a ESE 16 53.9 63.2 11:44a 42.5 12:19a 11.1 0.0 0.00 4.4 26.0 10:50a SE 17 43.4 55.9 1:30p 27.8 11:55p 21.6 0.0 0.00 1.8 26.0 1:45p SE 18 39.7 60.2 1:36p 22.5 3:44a 25.3 0.0 0.00 0.9 19.0 2:18p SW 19 46.3 65.5 1:18p 31.8 2:24a 18.7 0.0 0.00 2.4 30.0 11:35p SE 20 38.3 47.7 9:57a 22.2 10:10p 26.6 0.0 0.00 2.9 29.0 12:00p S 21 32.5 48.0 2:00p 17.3 5:17a 32.5 0.0 0.00 1.6 21.0 8:55a NW 22 36.5 54.2 1:51p 17.8 5:40a 28.5 0.0 0.00 0.6 12.0 1:02p NNW 23 37.7 54.1 1:29p 21.6 5:40a 27.3 0.0 0.00 1.5 18.0 2:07p S 24 31.1 44.2 2:00p 21.3 11:16p 33.8 0.0 0.00 1.3 16.0 7:22p NW 25 21.9 26.1 1:47p 17.5 5:30a 43.0 0.0 0.00 1.0 10.0 12:43p NNW 26 41.6 56.7 12:19p 19.9 4:45a 23.4 0.0 0.01 3.4 20.0 11:49a SE 27 38.4 49.1 1:59p 25.0 11:57p 26.6 0.0 0.00 0.7 10.0 5:38p NW 28 45.5 65.6 12:37p 21.0 4:21a 19.5 0.0 0.00 2.7 20.0 9:48a SE ------------------------------------------------------------------------------------- 30.8 67.8 15 -13.5 2 956.1 0.3 0.01 1.5 30.0 19 SE Max >= 90.0: 0 Max <= 32.0: 7 Min <= 32.0: 26 Min <= 0.0: 4 Max Rain: 0.01 ON 02/26/11 Days of Rain: 0 (>.01 in) 0 (>.1 in) 0 (>1 in) Heat Base: 65.0 Cool Base: 65.0 Method: Integration
Note: For Weather Data, and Records Prior to December 2006 please click here for history and records.

Station affiliations

Weather data published to:,
Weather Underground, Citizen Weather Observer Program, WeatherForYou, AnythingWeather.com

Member of: Weather-Matrix, Weather-Watch.com

Quote from the patron saint of the webmaster, St. Alphonsus Liguori :
"My Jesus, Thou alone art sufficient for me.  MY love, do not permit me to separate myself from Thee.  When shall I be able to say, 'My God, I cannot lose thee any more?' "

 ©2007 ExceptionalWeather.com
Radar/maps © Weather Underground. Used with permission.    Valid XHTML 1.0     Valid CSS
Never base important decisions on this or any weather information obtained from the Internet.