NOAA style reports

NOAA style reports

NOAA-style Climate Reports

2018: Jan | Feb | Mar | Apr | May | Jun | Jul | Aug | Sep | Oct | Nov | Dec 
2017: Jan | Feb | Mar | Apr | May | Jun | Jul | Aug | Sep | Oct | Nov | Dec 
2016: Jan | Feb | Mar | Apr | May | Jun | Jul | Aug | Sep | Oct | Nov | Dec 
2015: Jan | Feb | Mar | Apr | May | Jun | Jul | Aug | Sep | Oct | Nov | Dec 
2014: Jan | Feb | Mar | Apr | May | Jun | Jul | Aug | Sep | Oct | Nov | Dec 
2013: Jan | Feb | Mar | Apr | May | Jun | Jul | Aug | Sep | Oct | Nov | Dec 
2012: Jan | Feb | Mar | Apr | May | Jun | Jul | Aug | Sep | Oct | Nov | Dec 
2011: Jan | Feb | Mar | Apr | May | Jun | Jul | Aug | Sep | Oct | Nov | Dec 
2010: Jan | Feb | Mar | Apr | May | Jun | Jul | Aug | Sep | Oct | Nov | Dec 
 2009: Jan | Feb | Mar | Apr | May | Jun | Jul | Aug | Sep | Oct | Nov | Dec 
2008: Jan | Feb | Mar | Apr | May | Jun | Jul | Aug | Sep | Oct | Nov | Dec 
 2007: Jan | Feb | Mar | Apr | May | Jun | Jul | Aug | Sep | Oct | Nov | Dec 

Report for 2011 01
MONTHLY CLIMATOLOGICAL SUMMARY for JAN. 2011 NAME: Parker CITY: Littleton STATE: Colorado ELEV: 5403 ft LAT: 39 27' 00" N LONG: 104 44' 00" W TEMPERATURE (F), RAIN (in), WIND SPEED (mph) HEAT COOL AVG MEAN DEG DEG WIND DOM DAY TEMP HIGH TIME LOW TIME DAYS DAYS RAIN SPEED HIGH TIME DIR ------------------------------------------------------------------------------------ 1 12.4 23.2 1:09p -0.6 12:01a 52.5 0.0 0.00 1.2 16.0 4:27p ESE 2 25.4 41.9 11:27a 11.6 1:52a 39.5 0.0 0.00 0.7 13.0 2:20a NNE 3 20.8 34.3 12:24p 11.4 11:56p 44.2 0.0 0.00 0.7 9.0 10:30a NNE 4 26.1 45.2 12:02p 7.0 5:28a 38.8 0.0 0.00 0.5 13.0 2:06p NNE 5 34.1 46.5 10:20a 22.2 12:00m 30.9 0.0 0.00 2.5 29.0 1:54p WSW 6 38.5 58.0 1:02p 21.0 12:50a 26.5 0.0 0.00 0.8 13.0 11:57a SW 7 34.5 47.9 12:36p 23.5 11:57p 30.5 0.0 0.00 0.5 10.0 1:56p N 8 35.8 57.2 11:20a 19.7 5:18a 29.2 0.0 0.00 0.6 12.0 12:21p N 9 23.7 34.4 12:14a 12.8 11:31p 41.3 0.0 0.00 1.4 10.0 5:44a NNW 10 9.0 19.1 12:52p -0.2 12:00m 55.5 0.0 0.00 0.5 10.0 1:27a SSW 11 8.0 26.0 11:25a -2.4 4:03a 56.8 0.0 0.00 0.5 9.0 1:05p WNW 12 16.9 34.6 11:48a -2.6 1:28a 48.0 0.0 0.00 0.3 7.0 11:57a WNW 13 37.0 55.1 2:51p 22.5 12:01a 28.0 0.0 0.00 0.5 10.0 2:16a SE 14 38.2 54.7 12:53p 28.2 4:43a 26.8 0.0 0.00 0.5 9.0 12:01p WSW 15 36.1 51.6 11:25a 26.0 2:02a 28.9 0.0 0.00 0.4 10.0 8:43a SSE 16 40.6 54.2 9:55p 23.6 5:27a 24.4 0.0 0.00 1.3 26.0 9:20p SW 17 46.7 56.0 12:02p 33.1 12:00m 18.3 0.0 0.00 2.2 27.0 9:54a SW 18 39.5 52.0 11:38a 28.1 2:52a 25.5 0.0 0.00 1.3 16.0 8:17a W 19 25.8 41.3 12:25p 13.1 11:07p 39.2 0.0 0.00 1.2 23.0 12:55p NW 20 25.4 41.2 2:43p 8.3 6:16a 39.5 0.0 0.01 0.8 19.0 2:40p SE 21 38.7 45.4 11:35a 28.8 9:16p 26.3 0.0 0.00 3.5 23.0 12:57a W 22 37.8 46.2 12:34p 30.3 11:55p 27.2 0.0 0.00 3.8 26.0 7:12a SW 23 34.7 50.5 11:46a 19.2 5:24a 30.3 0.0 0.00 2.3 17.0 4:33p SW 24 32.2 40.2 2:53p 22.9 8:38p 32.8 0.0 0.00 1.4 15.0 3:17a WSW 25 32.7 43.9 2:33p 23.6 5:32a 32.3 0.0 0.00 1.5 14.0 2:57a W 26 36.6 46.8 2:00p 30.0 7:43p 28.4 0.0 0.00 0.5 7.0 8:11a NE 27 42.6 58.6 12:45p 31.9 8:51p 22.4 0.0 0.00 0.9 12.0 10:50p ESE 28 48.8 69.4 12:39p 31.6 11:58p 16.6 0.4 0.00 1.5 12.0 7:46a SE 29 40.5 61.2 10:57a 27.5 5:32a 24.5 0.0 0.00 1.0 18.0 1:27p NNW 30 33.4 44.6 2:09p 26.1 2:42a 31.6 0.0 0.00 0.4 10.0 1:39p NW 31 12.5 28.7 1:47a -1.6 11:57p 52.2 0.0 0.00 2.6 14.0 6:05a NNW ------------------------------------------------------------------------------------- 31.1 69.4 28 -2.6 12 1048.9 0.4 0.01 1.2 29.0 5 NNW Max >= 90.0: 0 Max <= 32.0: 4 Min <= 32.0: 30 Min <= 0.0: 5 Max Rain: 0.01 ON 01/20/11 Days of Rain: 0 (>.01 in) 0 (>.1 in) 0 (>1 in) Heat Base: 65.0 Cool Base: 65.0 Method: Integration
Note: For Weather Data, and Records Prior to December 2006 please click here for history and records.

Station affiliations

Weather data published to:,
Weather Underground, Citizen Weather Observer Program, WeatherForYou, AnythingWeather.com

Member of: Weather-Matrix, Weather-Watch.com

Quote from the patron saint of the webmaster, St. Alphonsus Liguori :
"My Jesus, Thou alone art sufficient for me.  MY love, do not permit me to separate myself from Thee.  When shall I be able to say, 'My God, I cannot lose thee any more?' "

 ©2007 ExceptionalWeather.com
Radar/maps © Weather Underground. Used with permission.    Valid XHTML 1.0     Valid CSS
Never base important decisions on this or any weather information obtained from the Internet.