NOAA style reports

NOAA style reports

NOAA-style Climate Reports

2018: Jan | Feb | Mar | Apr | May | Jun | Jul | Aug | Sep | Oct | Nov | Dec 
2017: Jan | Feb | Mar | Apr | May | Jun | Jul | Aug | Sep | Oct | Nov | Dec 
2016: Jan | Feb | Mar | Apr | May | Jun | Jul | Aug | Sep | Oct | Nov | Dec 
2015: Jan | Feb | Mar | Apr | May | Jun | Jul | Aug | Sep | Oct | Nov | Dec 
2014: Jan | Feb | Mar | Apr | May | Jun | Jul | Aug | Sep | Oct | Nov | Dec 
2013: Jan | Feb | Mar | Apr | May | Jun | Jul | Aug | Sep | Oct | Nov | Dec 
2012: Jan | Feb | Mar | Apr | May | Jun | Jul | Aug | Sep | Oct | Nov | Dec 
2011: Jan | Feb | Mar | Apr | May | Jun | Jul | Aug | Sep | Oct | Nov | Dec 
2010: Jan | Feb | Mar | Apr | May | Jun | Jul | Aug | Sep | Oct | Nov | Dec 
 2009: Jan | Feb | Mar | Apr | May | Jun | Jul | Aug | Sep | Oct | Nov | Dec 
2008: Jan | Feb | Mar | Apr | May | Jun | Jul | Aug | Sep | Oct | Nov | Dec 
 2007: Jan | Feb | Mar | Apr | May | Jun | Jul | Aug | Sep | Oct | Nov | Dec 

Report for 2011
ANNUAL CLIMATOLOGICAL SUMMARY NAME: Littleton CITY: Littleton STATE: Colorado ELEV: 5403 ft LAT: 39 27' 00" N LONG: 104 44' 00" W TEMPERATURE (F), HEAT BASE 65.0, COOL BASE 65.0 DEP. HEAT COOL MEAN MEAN FROM DEG DEG MAX MAX MIN MIN YR MO MAX MIN MEAN NORM DAYS DAYS HI DATE LOW DATE >=90 <=32 <=32 <=0 ------------------------------------------------------------------------------------ 10 1 46.5 18.9 30.8 0.0 1060 0 62.3 12 -4.6 7 0 2 31 2 10 2 40.8 18.1 29.0 0.0 1006 0 52.6 27 4.7 9 0 7 28 0 10 3 54.7 28.4 41.0 0.0 748 5 81.2 30 11.2 20 0 0 27 0 10 4 62.1 35.6 48.9 0.0 497 15 79.8 28 27.0 3 0 0 9 0 10 5 69.2 41.3 56.0 0.0 353 73 91.6 28 29.5 1 2 0 2 0 10 6 83.8 54.6 69.3 0.0 91 221 96.3 25 46.8 14 9 0 0 0 10 7 88.8 59.8 73.4 0.0 33 295 99.4 17 50.4 5 17 0 0 0 10 8 87.9 58.8 72.8 0.0 33 275 96.1 22 51.7 17 9 0 0 0 10 9 83.6 49.2 66.0 0.0 128 160 94.0 19 42.3 11 5 0 0 0 10 10 69.8 39.4 53.7 0.0 374 41 84.9 3 26.6 27 0 0 3 0 10 11 54.3 25.9 39.1 0.0 784 8 78.8 6 9.5 24 0 0 23 0 10 12 49.5 21.6 34.6 0.0 942 1 69.4 3 -0.8 31 0 2 30 1 ------------------------------------------------------------------------------------ 65.9 37.7 51.3 0.0 6049 1093 99.4 JUL -4.6 JAN 42 11 153 3 PRECIPITATION (in) DEP. MAX DAYS OF RAIN FROM OBS. OVER YR MO TOTAL NORM DAY DATE .01 .1 1 --------------------------------------------- 10 1 0.10 0.00 0.05 7 3 0 0 10 2 0.43 0.00 0.13 9 7 1 0 10 3 1.62 0.00 0.71 24 11 4 0 10 4 1.32 0.00 0.29 22 12 3 0 10 5 0.51 0.00 0.13 12 9 1 0 10 6 1.17 0.00 0.17 8 14 4 0 10 7 0.79 0.00 0.31 4 8 2 0 10 8 0.75 0.00 0.41 8 7 1 0 10 9 0.02 0.00 0.02 20 1 0 0 10 10 0.41 0.00 0.26 12 2 2 0 10 11 0.25 0.00 0.15 9 4 1 0 10 12 0.01 0.00 0.01 17 0 0 0 --------------------------------------------- 7.38 0.00 0.71 MAR 78 19 0 WIND SPEED (mph) DOM YR MO AVG. HI DATE DIR --------------------------------- 10 1 0.7 28.0 24 NNW 10 2 0.9 24.0 13 NNW 10 3 1.3 27.0 30 NNW 10 4 1.9 39.0 1 W 10 5 1.4 33.0 22 NNW 10 6 0.8 30.0 25 SE 10 7 0.6 21.0 23 SE 10 8 0.7 24.0 12 SE 10 9 0.5 20.0 7 SE 10 10 0.7 30.0 26 SW 10 11 1.2 28.0 16 SE 10 12 0.9 30.0 10 NNW --------------------------------- 1.0 39.0 APR SE
Note: For Weather Data, and Records Prior to December 2006 please click here for history and records.

Station affiliations

Weather data published to:,
Weather Underground, Citizen Weather Observer Program, WeatherForYou, AnythingWeather.com

Member of: Weather-Matrix, Weather-Watch.com

Quote from the patron saint of the webmaster, St. Alphonsus Liguori :
"My Jesus, Thou alone art sufficient for me.  MY love, do not permit me to separate myself from Thee.  When shall I be able to say, 'My God, I cannot lose thee any more?' "

 ©2007 ExceptionalWeather.com
Radar/maps © Weather Underground. Used with permission.    Valid XHTML 1.0     Valid CSS
Never base important decisions on this or any weather information obtained from the Internet.