NOAA style reports

NOAA style reports

NOAA-style Climate Reports

2018: Jan | Feb | Mar | Apr | May | Jun | Jul | Aug | Sep | Oct | Nov | Dec 
2017: Jan | Feb | Mar | Apr | May | Jun | Jul | Aug | Sep | Oct | Nov | Dec 
2016: Jan | Feb | Mar | Apr | May | Jun | Jul | Aug | Sep | Oct | Nov | Dec 
2015: Jan | Feb | Mar | Apr | May | Jun | Jul | Aug | Sep | Oct | Nov | Dec 
2014: Jan | Feb | Mar | Apr | May | Jun | Jul | Aug | Sep | Oct | Nov | Dec 
2013: Jan | Feb | Mar | Apr | May | Jun | Jul | Aug | Sep | Oct | Nov | Dec 
2012: Jan | Feb | Mar | Apr | May | Jun | Jul | Aug | Sep | Oct | Nov | Dec 
2011: Jan | Feb | Mar | Apr | May | Jun | Jul | Aug | Sep | Oct | Nov | Dec 
2010: Jan | Feb | Mar | Apr | May | Jun | Jul | Aug | Sep | Oct | Nov | Dec 
 2009: Jan | Feb | Mar | Apr | May | Jun | Jul | Aug | Sep | Oct | Nov | Dec 
2008: Jan | Feb | Mar | Apr | May | Jun | Jul | Aug | Sep | Oct | Nov | Dec 
 2007: Jan | Feb | Mar | Apr | May | Jun | Jul | Aug | Sep | Oct | Nov | Dec 

Report for 2010 12
MONTHLY CLIMATOLOGICAL SUMMARY for DEC. 2010 NAME: Parker CITY: Littleton STATE: Colorado ELEV: 5403 ft LAT: 39 27' 00" N LONG: 104 44' 00" W TEMPERATURE (F), RAIN (in), WIND SPEED (mph) HEAT COOL AVG MEAN DEG DEG WIND DOM DAY TEMP HIGH TIME LOW TIME DAYS DAYS RAIN SPEED HIGH TIME DIR ------------------------------------------------------------------------------------ 1 40.5 57.5 12:30p 25.0 12:01a 24.5 0.0 0.00 0.6 16.0 2:37p W 2 40.9 60.1 11:47a 27.3 2:40a 24.1 0.0 0.00 0.4 10.0 11:50a W 3 48.4 69.4 11:42a 29.7 11:57p 17.2 0.5 0.00 2.8 28.0 12:38p SW 4 33.4 43.1 1:55p 24.7 11:32p 31.6 0.0 0.00 0.5 7.0 8:52a W 5 30.1 42.1 12:59p 22.9 11:50p 34.8 0.0 0.00 0.2 9.0 1:16p W 6 34.1 50.8 12:57p 19.5 4:33a 30.9 0.0 0.00 0.1 5.0 9:44a NNW 7 37.3 48.6 2:46p 23.8 11:52p 27.6 0.0 0.00 0.8 17.0 2:46a NNW 8 39.0 56.6 10:46a 23.5 5:41a 26.0 0.0 0.00 0.6 9.0 1:11a SE 9 41.7 59.3 12:46p 27.2 5:20a 23.3 0.0 0.00 0.6 16.0 11:39a SSW 10 41.5 58.0 10:38a 28.7 3:28a 23.5 0.0 0.00 1.8 30.0 5:07p SW 11 31.4 42.1 12:15p 17.5 11:50p 33.5 0.0 0.00 2.1 21.0 3:08p W 12 35.3 52.3 1:31p 16.2 2:53a 29.6 0.0 0.00 0.4 11.0 11:44a S 13 47.9 63.2 2:14p 32.4 11:59p 17.1 0.0 0.00 0.4 14.0 8:09a S 14 46.0 66.6 12:37p 28.8 2:15a 19.1 0.1 0.00 0.3 10.0 11:58a SSW 15 37.9 53.6 11:16a 29.4 11:02p 27.1 0.0 0.00 1.3 18.0 1:32p NNW 16 30.0 37.2 12:12p 24.1 4:51a 35.0 0.0 0.00 1.4 13.0 6:14p NE 17 24.8 30.4 1:08p 18.3 11:32p 40.0 0.0 0.01 0.3 6.0 10:35a W 18 25.2 37.6 2:28p 14.3 3:37a 39.6 0.0 0.00 0.3 10.0 10:44a WNW 19 35.9 59.6 12:51p 19.2 3:59a 29.1 0.0 0.00 0.2 7.0 11:34p WNW 20 43.6 60.2 9:29a 26.0 11:44p 21.4 0.0 0.00 1.2 17.0 11:44a SE 21 28.4 37.5 12:23p 22.2 6:19a 36.5 0.0 0.00 0.4 10.0 10:43a WNW 22 28.5 41.8 11:58a 18.4 5:42a 36.5 0.0 0.00 0.3 8.0 12:19p NNW 23 34.4 48.6 2:22p 18.8 5:50a 30.6 0.0 0.00 0.3 11.0 5:56p NW 24 34.3 47.7 12:32p 21.4 12:00m 30.7 0.0 0.00 0.4 11.0 9:34a NNE 25 31.9 55.6 12:51p 16.1 6:05a 33.1 0.0 0.00 0.2 7.0 1:35p SE 26 32.1 52.2 12:19p 16.5 5:40a 32.8 0.0 0.00 0.3 9.0 1:35p N 27 34.5 49.9 1:06p 22.5 4:06a 30.5 0.0 0.00 0.5 7.0 1:44a SE 28 34.5 48.5 2:38p 23.8 6:28a 30.4 0.0 0.00 0.8 18.0 11:57p ESE 29 43.7 58.4 12:16p 29.1 11:32p 21.3 0.0 0.00 3.3 19.0 2:54a SE 30 20.3 35.0 8:07a 4.5 11:40p 44.6 0.0 0.00 2.4 17.0 11:31a NNW 31 5.0 10.7 10:54a -0.8 10:30p 59.7 0.0 0.00 1.4 10.0 12:10p E ------------------------------------------------------------------------------------- 34.6 69.4 3 -0.8 31 941.7 0.6 0.01 0.9 30.0 10 NNW Max >= 90.0: 0 Max <= 32.0: 2 Min <= 32.0: 30 Min <= 0.0: 1 Max Rain: 0.01 ON 12/17/10 Days of Rain: 0 (>.01 in) 0 (>.1 in) 0 (>1 in) Heat Base: 65.0 Cool Base: 65.0 Method: Integration
Note: For Weather Data, and Records Prior to December 2006 please click here for history and records.

Station affiliations

Weather data published to:,
Weather Underground, Citizen Weather Observer Program, WeatherForYou, AnythingWeather.com

Member of: Weather-Matrix, Weather-Watch.com

Quote from the patron saint of the webmaster, St. Alphonsus Liguori :
"My Jesus, Thou alone art sufficient for me.  MY love, do not permit me to separate myself from Thee.  When shall I be able to say, 'My God, I cannot lose thee any more?' "

 ©2007 ExceptionalWeather.com
Radar/maps © Weather Underground. Used with permission.    Valid XHTML 1.0     Valid CSS
Never base important decisions on this or any weather information obtained from the Internet.