NOAA style reports

NOAA style reports

NOAA-style Climate Reports

2018: Jan | Feb | Mar | Apr | May | Jun | Jul | Aug | Sep | Oct | Nov | Dec 
2017: Jan | Feb | Mar | Apr | May | Jun | Jul | Aug | Sep | Oct | Nov | Dec 
2016: Jan | Feb | Mar | Apr | May | Jun | Jul | Aug | Sep | Oct | Nov | Dec 
2015: Jan | Feb | Mar | Apr | May | Jun | Jul | Aug | Sep | Oct | Nov | Dec 
2014: Jan | Feb | Mar | Apr | May | Jun | Jul | Aug | Sep | Oct | Nov | Dec 
2013: Jan | Feb | Mar | Apr | May | Jun | Jul | Aug | Sep | Oct | Nov | Dec 
2012: Jan | Feb | Mar | Apr | May | Jun | Jul | Aug | Sep | Oct | Nov | Dec 
2011: Jan | Feb | Mar | Apr | May | Jun | Jul | Aug | Sep | Oct | Nov | Dec 
2010: Jan | Feb | Mar | Apr | May | Jun | Jul | Aug | Sep | Oct | Nov | Dec 
 2009: Jan | Feb | Mar | Apr | May | Jun | Jul | Aug | Sep | Oct | Nov | Dec 
2008: Jan | Feb | Mar | Apr | May | Jun | Jul | Aug | Sep | Oct | Nov | Dec 
 2007: Jan | Feb | Mar | Apr | May | Jun | Jul | Aug | Sep | Oct | Nov | Dec 

Report for 2008 07
MONTHLY CLIMATOLOGICAL SUMMARY for JUL. 2008 NAME: Parker CITY: Parker STATE: Colorado ELEV: 6100 ft LAT: 39 27' 00" N LONG: 104 44' 00" W TEMPERATURE (F), RAIN (in), WIND SPEED (mph) HEAT COOL AVG MEAN DEG DEG WIND DOM DAY TEMP HIGH TIME LOW TIME DAYS DAYS RAIN SPEED HIGH TIME DIR ------------------------------------------------------------------------------------ 1 72.4 89.5 11:22a 49.9 4:22a 1.8 9.2 0.00 2.2 32.0 3:47p NW 2 68.4 87.0 2:26p 52.0 4:49a 3.1 6.5 0.00 2.6 28.0 8:31p NW 3 68.9 85.5 1:41p 53.3 4:13a 3.1 6.9 0.04 4.0 26.0 5:52p NW 4 75.0 93.4 4:04p 53.1 5:40a 2.2 12.1 0.00 1.8 16.0 11:11a E 5 76.5 93.8 11:06a 59.6 5:34a 0.3 11.7 0.00 3.4 24.0 1:54p SE 6 66.9 84.0 10:40a 54.4 11:30p 2.0 3.9 0.14 1.3 21.0 12:07p SE 7 63.7 79.4 3:43p 52.0 2:58a 3.7 2.5 0.01 0.7 23.0 5:36p NNW 8 64.7 85.1 1:04p 54.4 11:12p 4.1 3.8 0.48 1.8 23.0 3:19p E 9 71.0 85.1 1:35p 53.6 1:33a 2.3 8.4 0.00 4.9 23.0 5:54p SE 10 78.4 92.9 2:03p 60.4 5:13a 0.5 13.9 0.00 2.1 15.0 12:07a SE 11 77.8 94.0 2:37p 57.8 6:00a 0.5 13.3 0.00 3.7 25.0 6:34p NNW 12 65.9 79.0 2:38p 53.5 5:52a 3.2 4.1 0.00 2.6 18.0 9:56p SE 13 72.0 87.8 2:06p 53.6 4:29a 2.5 9.5 0.00 3.7 19.0 10:44p SSE 14 74.3 91.4 11:32a 54.1 5:17a 1.4 10.7 0.00 1.9 21.0 4:14p SE 15 74.5 91.2 2:15p 54.4 5:30a 1.5 10.9 0.00 2.0 19.0 4:02p SE 16 76.9 94.9 3:07p 55.7 5:22a 1.0 12.8 0.00 2.9 22.0 10:26p SE 17 74.4 87.4 12:56p 62.7 5:39a 0.1 9.5 0.00 3.6 24.0 1:55p NW 18 71.3 89.0 12:39p 58.3 5:22a 1.2 7.4 0.07 3.5 36.0 5:34p E 19 76.8 94.0 2:02p 60.1 4:57a 0.7 12.6 0.00 2.0 17.0 4:53p SE 20 79.2 94.0 3:59p 64.3 2:22a 0.0 14.2 0.00 3.0 25.0 12:03p SE 21 75.8 94.0 3:17p 55.6 5:38a 1.3 12.0 0.00 3.0 18.0 4:42p NW 22 77.3 93.8 1:35p 57.2 4:52a 1.1 13.4 0.00 1.8 20.0 5:39p E 23 69.1 92.1 10:08a 58.7 5:17a 0.9 4.9 0.69 2.4 30.0 11:33a SE 24 71.7 90.1 12:23p 58.7 3:35a 0.6 7.3 0.18 2.4 17.0 11:30a SE 25 73.6 89.0 11:07a 59.9 2:49a 0.7 9.3 0.00 2.6 22.0 1:09p SE 26 73.0 89.7 1:58p 61.2 11:59p 0.8 8.8 0.00 1.2 17.0 3:33p SE 27 74.2 89.3 10:23a 55.9 2:43a 1.4 10.6 0.00 1.8 27.0 12:10p E 28 73.4 89.9 11:05a 58.3 2:03a 1.1 9.6 0.00 3.5 26.0 1:51p NW 29 71.8 88.8 12:08p 55.9 2:59a 1.5 8.3 0.00 2.9 18.0 12:43p SE 30 76.5 93.8 12:59p 57.3 12:00m 1.2 12.7 0.00 1.1 14.0 8:28a S 31 65.6 69.1 8:39p 56.5 12:15a 0.1 0.2 0.00 0.5 7.0 8:25p SE ------------------------------------------------------------------------------------- 72.6 94.9 16 49.9 1 45.9 281.0 1.61 2.5 36.0 18 SE Max >= 90.0: 14 Max <= 32.0: 0 Min <= 32.0: 0 Min <= 0.0: 0 Max Rain: 0.69 ON 07/23/08 Days of Rain: 6 (>.01 in) 4 (>.1 in) 0 (>1 in) Heat Base: 65.0 Cool Base: 65.0 Method: Integration
Note: For Weather Data, and Records Prior to December 2006 please click here for history and records.

Station affiliations

Weather data published to:,
Weather Underground, Citizen Weather Observer Program, WeatherForYou, AnythingWeather.com

Member of: Weather-Matrix, Weather-Watch.com

Quote from the patron saint of the webmaster, St. Alphonsus Liguori :
"My Jesus, Thou alone art sufficient for me.  MY love, do not permit me to separate myself from Thee.  When shall I be able to say, 'My God, I cannot lose thee any more?' "

 ©2007 ExceptionalWeather.com
Radar/maps © Weather Underground. Used with permission.    Valid XHTML 1.0     Valid CSS
Never base important decisions on this or any weather information obtained from the Internet.