NOAA style reports

NOAA style reports

NOAA-style Climate Reports

2018: Jan | Feb | Mar | Apr | May | Jun | Jul | Aug | Sep | Oct | Nov | Dec 
2017: Jan | Feb | Mar | Apr | May | Jun | Jul | Aug | Sep | Oct | Nov | Dec 
2016: Jan | Feb | Mar | Apr | May | Jun | Jul | Aug | Sep | Oct | Nov | Dec 
2015: Jan | Feb | Mar | Apr | May | Jun | Jul | Aug | Sep | Oct | Nov | Dec 
2014: Jan | Feb | Mar | Apr | May | Jun | Jul | Aug | Sep | Oct | Nov | Dec 
2013: Jan | Feb | Mar | Apr | May | Jun | Jul | Aug | Sep | Oct | Nov | Dec 
2012: Jan | Feb | Mar | Apr | May | Jun | Jul | Aug | Sep | Oct | Nov | Dec 
2011: Jan | Feb | Mar | Apr | May | Jun | Jul | Aug | Sep | Oct | Nov | Dec 
2010: Jan | Feb | Mar | Apr | May | Jun | Jul | Aug | Sep | Oct | Nov | Dec 
 2009: Jan | Feb | Mar | Apr | May | Jun | Jul | Aug | Sep | Oct | Nov | Dec 
2008: Jan | Feb | Mar | Apr | May | Jun | Jul | Aug | Sep | Oct | Nov | Dec 
 2007: Jan | Feb | Mar | Apr | May | Jun | Jul | Aug | Sep | Oct | Nov | Dec 

Report for 2007 12
MONTHLY CLIMATOLOGICAL SUMMARY for DEC. 2007 NAME: Parker CITY: Parker STATE: Colorado ELEV: 6100 ft LAT: 39 27' 00" N LONG: 104 44' 00" W TEMPERATURE (F), RAIN (in), WIND SPEED (mph) HEAT COOL AVG MEAN DEG DEG WIND DOM DAY TEMP HIGH TIME LOW TIME DAYS DAYS RAIN SPEED HIGH TIME DIR ------------------------------------------------------------------------------------ 1 30.7 58.1 1:49p 18.1 6:27a 34.1 0.0 0.01 4.2 30.0 3:00p NNW 2 31.4 46.8 2:07p 17.0 7:02a 33.6 0.0 0.00 3.5 19.0 6:49p SE 3 47.4 64.8 12:44p 27.2 12:16a 17.6 0.0 0.00 2.9 21.0 2:06p W 4 53.5 69.9 1:13p 36.8 6:15a 11.7 0.2 0.00 5.1 36.0 8:42a NW 5 40.9 52.8 1:29p 27.8 8:01a 24.1 0.0 0.00 3.4 20.0 2:28p SE 6 39.7 50.1 1:04p 31.9 7:43a 25.2 0.0 0.05 2.2 18.0 11:53p ENE 7 33.5 38.9 12:01a 26.9 11:49p 31.5 0.0 0.00 3.5 18.0 12:09a NW 8 19.6 26.9 12:01a 5.8 11:59p 45.4 0.0 0.00 3.1 12.0 9:38a NW 9 19.1 31.0 9:58p 4.1 1:25a 45.7 0.0 0.15 1.4 13.0 6:50p NNW 10 29.0 49.4 12:36p 14.4 1:57a 35.9 0.0 0.06 4.0 19.0 4:11p NW 11 18.9 22.7 1:21p 14.0 11:59p 45.9 0.0 0.00 2.7 14.0 1:23a E 12 22.0 42.9 2:52p 4.5 7:00a 42.8 0.0 0.15 0.4 8.0 1:47p SE 13 23.9 33.4 12:57p 11.6 10:44p 40.9 0.0 0.00 4.3 23.0 9:35a SE 14 15.6 20.3 10:41a 3.9 11:59p 49.2 0.0 0.00 4.5 19.0 3:38p NNW 15 13.6 31.3 3:19p -1.0 4:31a 51.0 0.0 0.02 0.9 7.0 1:30p SE 16 25.2 46.0 1:51p 7.7 1:24a 39.8 0.0 0.02 2.2 17.0 5:52p SSE 17 31.7 52.3 3:07p 11.6 3:09a 33.2 0.0 0.00 1.5 15.0 1:18p SE 18 32.7 48.2 1:59p 17.8 5:02a 32.2 0.0 0.00 2.5 17.0 6:08p SE 19 36.5 48.0 12:21p 25.8 9:51p 28.4 0.0 0.00 2.0 17.0 2:53a ESE 20 39.1 56.9 12:45p 23.8 2:36a 25.9 0.0 0.00 2.4 23.0 11:58p ESE 21 29.8 44.2 10:07a 17.2 12:00m 35.2 0.0 0.00 12.3 31.0 4:49a SW 22 16.5 33.1 3:30p 2.4 7:34a 48.3 0.0 0.00 2.4 22.0 12:58a SSE 23 26.8 39.6 12:53p 15.2 4:58a 38.1 0.0 0.00 3.0 22.0 1:57p SSE 24 34.7 53.9 3:17p 13.5 5:43a 30.2 0.0 0.00 2.7 19.0 11:09p SE 25 23.6 45.1 12:44a 10.9 12:00m 41.1 0.0 0.00 7.3 23.0 1:35a NW 26 13.6 31.8 2:43p 1.8 2:46a 50.5 0.0 0.06 1.4 11.0 1:48p SE 27 12.5 14.6 1:28p 5.2 12:01a 51.9 0.0 0.00 4.9 17.0 12:00p NW 28 11.4 27.2 2:25p -7.5 7:19a 53.2 0.0 0.06 2.1 13.0 4:42p SE 29 18.8 31.6 12:27p 8.6 7:15a 46.0 0.0 0.01 2.3 14.0 1:57a SSE 30 24.7 40.3 2:26p 7.2 4:48a 40.2 0.0 0.03 7.8 39.0 7:38p SSE 31 15.9 24.7 1:39p -1.2 11:32p 49.0 0.0 0.00 7.5 30.0 9:47a W ------------------------------------------------------------------------------------- 26.8 69.9 4 -7.5 28 1177.8 0.2 0.62 3.6 39.0 30 SE Max >= 90.0: 0 Max <= 32.0: 10 Min <= 32.0: 30 Min <= 0.0: 3 Max Rain: 0.15 ON 12/09/07 Days of Rain: 9 (>.01 in) 2 (>.1 in) 0 (>1 in) Heat Base: 65.0 Cool Base: 65.0 Method: Integration
Note: For Weather Data, and Records Prior to December 2006 please click here for history and records.

Station affiliations

Weather data published to:,
Weather Underground, Citizen Weather Observer Program, WeatherForYou, AnythingWeather.com

Member of: Weather-Matrix, Weather-Watch.com

Quote from the patron saint of the webmaster, St. Alphonsus Liguori :
"My Jesus, Thou alone art sufficient for me.  MY love, do not permit me to separate myself from Thee.  When shall I be able to say, 'My God, I cannot lose thee any more?' "

 ©2007 ExceptionalWeather.com
Radar/maps © Weather Underground. Used with permission.    Valid XHTML 1.0     Valid CSS
Never base important decisions on this or any weather information obtained from the Internet.