NOAA style reports

NOAA style reports

NOAA-style Climate Reports

2018: Jan | Feb | Mar | Apr | May | Jun | Jul | Aug | Sep | Oct | Nov | Dec 
2017: Jan | Feb | Mar | Apr | May | Jun | Jul | Aug | Sep | Oct | Nov | Dec 
2016: Jan | Feb | Mar | Apr | May | Jun | Jul | Aug | Sep | Oct | Nov | Dec 
2015: Jan | Feb | Mar | Apr | May | Jun | Jul | Aug | Sep | Oct | Nov | Dec 
2014: Jan | Feb | Mar | Apr | May | Jun | Jul | Aug | Sep | Oct | Nov | Dec 
2013: Jan | Feb | Mar | Apr | May | Jun | Jul | Aug | Sep | Oct | Nov | Dec 
2012: Jan | Feb | Mar | Apr | May | Jun | Jul | Aug | Sep | Oct | Nov | Dec 
2011: Jan | Feb | Mar | Apr | May | Jun | Jul | Aug | Sep | Oct | Nov | Dec 
2010: Jan | Feb | Mar | Apr | May | Jun | Jul | Aug | Sep | Oct | Nov | Dec 
 2009: Jan | Feb | Mar | Apr | May | Jun | Jul | Aug | Sep | Oct | Nov | Dec 
2008: Jan | Feb | Mar | Apr | May | Jun | Jul | Aug | Sep | Oct | Nov | Dec 
 2007: Jan | Feb | Mar | Apr | May | Jun | Jul | Aug | Sep | Oct | Nov | Dec 

Report for 2007 11
MONTHLY CLIMATOLOGICAL SUMMARY for NOV. 2007 NAME: Parker CITY: Parker STATE: Colorado ELEV: 6100 ft LAT: 39 27' 00" N LONG: 104 44' 00" W TEMPERATURE (F), RAIN (in), WIND SPEED (mph) HEAT COOL AVG MEAN DEG DEG WIND DOM DAY TEMP HIGH TIME LOW TIME DAYS DAYS RAIN SPEED HIGH TIME DIR ------------------------------------------------------------------------------------ 1 44.3 65.6 2:39p 25.4 7:26a 20.7 0.0 0.00 1.4 16.0 12:07a SE 2 37.4 49.2 3:24p 28.2 7:55a 27.6 0.0 0.00 2.3 18.0 5:41a E 3 46.3 66.3 1:31p 26.9 6:28a 18.8 0.1 0.00 2.4 19.0 12:42a SE 4 51.6 73.9 2:47p 31.8 1:11a 15.1 1.7 0.00 2.8 23.0 1:51p E 5 39.8 47.6 2:51p 26.9 9:47p 25.2 0.0 0.00 2.3 14.0 3:36p ENE 6 39.1 62.6 2:05p 23.9 6:20a 25.9 0.0 0.00 1.9 14.0 12:04p SE 7 47.8 70.6 12:13p 27.0 12:01a 18.2 1.0 0.00 2.9 19.0 9:20a SE 8 46.5 70.3 2:35p 27.2 5:38a 19.3 0.8 0.00 1.6 20.0 12:48p NW 9 46.2 71.3 1:24p 27.6 6:58a 19.5 0.7 0.00 0.4 9.0 2:32p E 10 52.9 70.4 2:12p 34.1 12:42a 12.7 0.6 0.00 1.8 34.0 5:33p ESE 11 52.3 68.6 12:37p 39.1 12:00m 13.1 0.4 0.00 2.7 21.0 8:15p SE 12 40.9 52.2 3:11p 32.8 2:42a 24.0 0.0 0.00 3.4 25.0 10:34p SE 13 53.5 70.9 10:51a 35.0 11:58p 12.3 0.9 0.00 4.7 26.0 9:47a SE 14 30.9 38.3 3:04p 23.3 9:19p 34.1 0.0 0.00 1.7 13.0 5:21a ENE 15 44.2 68.9 2:01p 23.5 1:54a 21.1 0.4 0.00 2.7 15.0 4:28a SE 16 52.2 70.8 1:34p 31.0 11:40p 13.5 0.7 0.00 2.1 19.0 3:22p WSW 17 44.4 60.1 1:47p 29.5 1:18a 20.5 0.0 0.00 0.9 10.0 1:39p SE 18 52.5 69.1 2:12p 36.0 6:44a 12.8 0.3 0.00 1.6 14.0 7:05p ESE 19 60.1 75.8 3:02p 50.5 5:49a 6.9 2.0 0.00 5.4 24.0 8:30a SSE 20 38.1 56.2 12:01a 24.8 11:33p 26.8 0.0 0.00 4.1 19.0 11:24p E 21 21.5 28.5 11:39a 15.1 11:51p 43.4 0.0 0.12 1.4 15.0 1:38a ENE 22 20.3 33.7 3:08p 11.2 3:38a 44.6 0.0 0.00 1.6 13.0 3:15p W 23 17.7 22.2 12:01a 8.4 10:13p 47.1 0.0 0.00 3.5 20.0 1:37p NW 24 22.2 40.2 3:14p 1.1 7:15a 42.6 0.0 0.04 1.3 11.0 6:08p SE 25 32.7 56.9 12:56p 17.3 5:12a 32.2 0.0 0.00 2.0 18.0 1:18p ENE 26 33.6 44.8 2:52p 22.4 12:24a 31.3 0.0 0.00 2.1 17.0 11:48p SE 27 43.3 62.3 2:31p 31.5 12:01a 21.7 0.0 0.00 5.7 26.0 11:09a SE 28 27.9 36.0 12:01a 21.0 6:32p 37.0 0.0 0.03 6.2 31.0 12:48a NW 29 30.5 49.5 2:01p 13.6 6:45a 34.4 0.0 0.00 2.6 23.0 12:05a SE 30 29.2 41.8 1:30p 17.3 8:01a 35.5 0.0 0.00 6.5 29.0 10:32a SE ------------------------------------------------------------------------------------- 40.0 75.8 19 1.1 24 757.9 9.6 0.19 2.7 34.0 10 SE Max >= 90.0: 0 Max <= 32.0: 2 Min <= 32.0: 24 Min <= 0.0: 0 Max Rain: 0.12 ON 11/21/07 Days of Rain: 3 (>.01 in) 1 (>.1 in) 0 (>1 in) Heat Base: 65.0 Cool Base: 65.0 Method: Integration
Note: For Weather Data, and Records Prior to December 2006 please click here for history and records.

Station affiliations

Weather data published to:,
Weather Underground, Citizen Weather Observer Program, WeatherForYou, AnythingWeather.com

Member of: Weather-Matrix, Weather-Watch.com

Quote from the patron saint of the webmaster, St. Alphonsus Liguori :
"My Jesus, Thou alone art sufficient for me.  MY love, do not permit me to separate myself from Thee.  When shall I be able to say, 'My God, I cannot lose thee any more?' "

 ©2007 ExceptionalWeather.com
Radar/maps © Weather Underground. Used with permission.    Valid XHTML 1.0     Valid CSS
Never base important decisions on this or any weather information obtained from the Internet.