NOAA style reports

NOAA style reports

NOAA-style Climate Reports

2018: Jan | Feb | Mar | Apr | May | Jun | Jul | Aug | Sep | Oct | Nov | Dec 
2017: Jan | Feb | Mar | Apr | May | Jun | Jul | Aug | Sep | Oct | Nov | Dec 
2016: Jan | Feb | Mar | Apr | May | Jun | Jul | Aug | Sep | Oct | Nov | Dec 
2015: Jan | Feb | Mar | Apr | May | Jun | Jul | Aug | Sep | Oct | Nov | Dec 
2014: Jan | Feb | Mar | Apr | May | Jun | Jul | Aug | Sep | Oct | Nov | Dec 
2013: Jan | Feb | Mar | Apr | May | Jun | Jul | Aug | Sep | Oct | Nov | Dec 
2012: Jan | Feb | Mar | Apr | May | Jun | Jul | Aug | Sep | Oct | Nov | Dec 
2011: Jan | Feb | Mar | Apr | May | Jun | Jul | Aug | Sep | Oct | Nov | Dec 
2010: Jan | Feb | Mar | Apr | May | Jun | Jul | Aug | Sep | Oct | Nov | Dec 
 2009: Jan | Feb | Mar | Apr | May | Jun | Jul | Aug | Sep | Oct | Nov | Dec 
2008: Jan | Feb | Mar | Apr | May | Jun | Jul | Aug | Sep | Oct | Nov | Dec 
 2007: Jan | Feb | Mar | Apr | May | Jun | Jul | Aug | Sep | Oct | Nov | Dec 

Report for 2007 10
MONTHLY CLIMATOLOGICAL SUMMARY for OCT. 2007 NAME: Parker CITY: Parker STATE: Colorado ELEV: 6100 ft LAT: 39 27' 00" N LONG: 104 44' 00" W TEMPERATURE (F), RAIN (in), WIND SPEED (mph) HEAT COOL AVG MEAN DEG DEG WIND DOM DAY TEMP HIGH TIME LOW TIME DAYS DAYS RAIN SPEED HIGH TIME DIR ------------------------------------------------------------------------------------ 1 62.3 71.6 4:08p 45.7 6:15a 4.6 1.9 0.00 4.4 32.0 8:20a SSE 2 58.9 72.5 4:33p 45.4 4:59a 7.0 0.9 0.00 3.5 21.0 3:11a SSE 3 63.1 84.3 4:01p 44.6 4:11a 7.3 5.4 0.00 3.3 26.0 8:58a SE 4 62.2 82.0 2:10p 40.5 6:45a 5.0 3.1 0.00 1.6 16.0 3:02p SSE 5 6 69.1 81.1 1:12p 43.1 11:41p 2.7 5.2 0.00 8.7 33.0 2:43p SSE 7 41.3 53.2 1:10p 32.7 12:00m 23.6 0.0 0.05 1.6 20.0 5:30p E 8 50.0 73.5 3:13p 26.1 5:52a 16.3 1.3 0.00 1.7 15.0 4:55p SE 9 56.6 77.2 3:21p 34.3 6:38a 11.3 2.8 0.00 1.8 13.0 6:33p NW 10 57.1 80.9 3:13p 36.2 6:36a 11.2 3.4 0.00 1.3 15.0 3:12p S 11 61.1 80.7 2:40p 39.5 6:53a 8.2 4.3 0.00 2.6 23.0 3:34p ENE 12 52.8 72.3 1:51p 38.3 7:02a 13.2 1.0 0.00 1.8 21.0 3:03p ENE 13 49.4 61.0 12:51p 41.5 9:44p 15.6 0.0 0.55 2.8 19.0 6:21p NNW 14 38.5 42.5 12:01a 35.9 10:32p 26.5 0.0 0.42 5.4 18.0 8:02a NW 15 44.2 58.6 4:22p 35.5 1:09a 20.8 0.0 0.04 1.9 16.0 11:59a NW 16 49.4 68.4 2:12p 31.8 7:10a 15.8 0.3 0.00 1.6 16.0 4:18p SE 17 47.4 60.5 12:41p 39.2 5:30a 17.6 0.0 0.00 4.1 32.0 1:39p NW 18 43.1 53.9 1:22p 29.3 11:44p 21.9 0.0 0.00 8.1 32.0 3:58p WNW 19 52.2 71.8 12:55p 29.1 4:54a 14.2 1.4 0.00 1.8 18.0 10:58a ESE 20 58.9 77.6 2:07p 35.0 11:21p 8.6 2.6 0.11 8.4 41.0 4:09p SW 21 31.1 35.8 12:12a 23.2 11:33p 33.8 0.0 0.23 3.0 25.0 3:49p NNW 22 30.7 47.4 4:27p 19.1 6:49a 33.8 0.0 0.19 1.0 12.0 12:04p E 23 43.1 62.9 3:32p 26.3 12:53a 21.9 0.0 0.00 0.9 14.0 4:27p E 24 50.0 76.5 3:48p 30.0 3:09a 16.9 1.9 0.00 0.9 11.0 7:53p SE 25 53.9 77.9 3:18p 34.3 6:32a 14.1 3.0 0.00 0.6 10.0 1:18p SE 26 43.6 55.1 1:48p 31.9 7:31a 21.4 0.0 0.00 2.8 19.0 12:20p NNW 27 41.6 53.5 3:29p 36.0 7:06a 23.4 0.0 0.00 1.4 13.0 3:17p ENE 28 49.5 70.1 2:53p 31.3 6:59a 16.2 0.8 0.00 1.0 12.0 10:13p SE 29 53.2 73.7 3:06p 34.4 7:38a 13.4 1.6 0.00 1.3 13.0 10:49a SE 30 57.7 74.6 2:31p 39.8 11:59p 8.8 1.5 0.00 3.6 24.0 12:49p S 31 38.0 47.9 4:40p 31.8 6:15a 27.0 0.0 0.00 3.9 19.0 12:41a NNW ------------------------------------------------------------------------------------- 50.3 84.3 3 19.1 22 482.1 42.4 1.59 2.9 41.0 20 SE Max >= 90.0: 0 Max <= 32.0: 0 Min <= 32.0: 11 Min <= 0.0: 0 Max Rain: 0.55 ON 10/13/07 Days of Rain: 7 (>.01 in) 5 (>.1 in) 0 (>1 in) Heat Base: 65.0 Cool Base: 65.0 Method: Integration
Note: For Weather Data, and Records Prior to December 2006 please click here for history and records.

Station affiliations

Weather data published to:,
Weather Underground, Citizen Weather Observer Program, WeatherForYou, AnythingWeather.com

Member of: Weather-Matrix, Weather-Watch.com

Quote from the patron saint of the webmaster, St. Alphonsus Liguori :
"My Jesus, Thou alone art sufficient for me.  MY love, do not permit me to separate myself from Thee.  When shall I be able to say, 'My God, I cannot lose thee any more?' "

 ©2007 ExceptionalWeather.com
Radar/maps © Weather Underground. Used with permission.    Valid XHTML 1.0     Valid CSS
Never base important decisions on this or any weather information obtained from the Internet.