NOAA style reports

NOAA style reports

NOAA-style Climate Reports

2018: Jan | Feb | Mar | Apr | May | Jun | Jul | Aug | Sep | Oct | Nov | Dec 
2017: Jan | Feb | Mar | Apr | May | Jun | Jul | Aug | Sep | Oct | Nov | Dec 
2016: Jan | Feb | Mar | Apr | May | Jun | Jul | Aug | Sep | Oct | Nov | Dec 
2015: Jan | Feb | Mar | Apr | May | Jun | Jul | Aug | Sep | Oct | Nov | Dec 
2014: Jan | Feb | Mar | Apr | May | Jun | Jul | Aug | Sep | Oct | Nov | Dec 
2013: Jan | Feb | Mar | Apr | May | Jun | Jul | Aug | Sep | Oct | Nov | Dec 
2012: Jan | Feb | Mar | Apr | May | Jun | Jul | Aug | Sep | Oct | Nov | Dec 
2011: Jan | Feb | Mar | Apr | May | Jun | Jul | Aug | Sep | Oct | Nov | Dec 
2010: Jan | Feb | Mar | Apr | May | Jun | Jul | Aug | Sep | Oct | Nov | Dec 
 2009: Jan | Feb | Mar | Apr | May | Jun | Jul | Aug | Sep | Oct | Nov | Dec 
2008: Jan | Feb | Mar | Apr | May | Jun | Jul | Aug | Sep | Oct | Nov | Dec 
 2007: Jan | Feb | Mar | Apr | May | Jun | Jul | Aug | Sep | Oct | Nov | Dec 

Report for 2007 09
MONTHLY CLIMATOLOGICAL SUMMARY for SEP. 2007 NAME: Parker CITY: Parker STATE: Colorado ELEV: 6100 ft LAT: 39 27' 00" N LONG: 104 44' 00" W TEMPERATURE (F), RAIN (in), WIND SPEED (mph) HEAT COOL AVG MEAN DEG DEG WIND DOM DAY TEMP HIGH TIME LOW TIME DAYS DAYS RAIN SPEED HIGH TIME DIR ------------------------------------------------------------------------------------ 1 69.9 85.7 1:55p 52.3 6:55a 2.6 7.5 0.00 2.1 19.0 3:15p SE 2 69.0 87.0 3:00p 50.4 6:46a 3.1 7.1 0.18 2.4 26.0 9:06p SE 3 68.4 88.2 2:11p 51.6 5:28a 3.1 6.5 0.00 1.0 13.0 7:52p SE 4 68.8 86.5 4:35p 50.7 6:03a 3.7 7.4 0.00 0.8 16.0 3:24p SE 5 65.8 84.9 1:25p 53.2 7:23a 3.7 4.5 0.76 2.6 31.0 3:27p SE 6 65.1 80.7 4:02p 52.8 6:03a 4.5 4.6 0.00 1.8 17.0 1:17p ENE 7 62.2 76.0 3:15p 45.5 5:40a 5.7 2.9 0.00 3.5 26.0 5:23p SE 8 65.3 83.2 3:32p 48.5 7:25a 4.6 4.9 0.00 2.7 24.0 5:27p NNW 9 55.3 70.3 2:11p 48.8 1:50a 9.9 0.4 0.07 3.3 20.0 3:58p NW 10 49.0 57.8 6:00p 41.2 12:00m 16.0 0.0 0.04 2.0 18.0 12:10a NNW 11 57.5 79.0 3:59p 35.8 6:48a 10.8 3.3 0.00 1.3 13.0 6:17p SE 12 66.5 82.8 4:50p 47.0 4:29a 4.4 5.9 0.00 1.3 14.0 10:39a SE 13 59.8 74.2 2:43p 48.9 11:41p 6.8 1.6 0.00 1.8 15.0 4:36p ENE 14 55.5 69.8 2:54p 45.4 6:32a 9.7 0.2 0.00 1.8 18.0 10:14p SSE 15 64.6 85.3 2:01p 46.4 7:01a 6.4 6.0 0.00 1.7 19.0 1:04a SE 16 66.2 85.7 1:34p 50.2 7:25a 2.9 4.1 0.11 1.5 30.0 3:02p E 17 58.1 69.6 3:08p 54.7 7:03a 7.0 0.1 0.02 1.7 31.0 4:03p SE 18 60.5 77.2 3:52p 41.1 7:08a 7.0 2.5 0.00 1.4 17.0 11:30p ESE 19 63.9 78.5 2:00p 41.9 7:07a 5.3 4.2 0.00 3.4 23.0 2:47p SE 20 68.2 85.9 3:48p 49.1 3:40a 3.9 7.1 0.00 2.9 26.0 11:47a SE 21 67.6 84.7 3:13p 47.6 7:00a 3.5 6.0 0.00 2.8 25.0 4:16p ESE 22 68.5 81.4 2:49p 55.7 6:09a 2.2 5.7 0.00 5.2 25.0 3:28p SSE 23 65.0 81.1 1:32p 50.4 11:58p 3.8 3.8 0.00 4.6 29.0 1:39p SSE 24 49.2 59.8 11:38a 40.9 5:27a 15.8 0.0 0.01 3.1 21.0 9:58a ENE 25 50.3 68.1 3:12p 33.8 6:32a 14.9 0.2 0.01 1.3 15.0 11:09p SE 26 53.3 73.9 3:58p 31.9 7:00a 13.2 1.6 0.00 1.0 11.0 1:22p ENE 27 54.8 73.5 3:41p 32.8 7:20a 11.7 1.4 0.00 2.5 21.0 3:27p E 28 62.4 76.7 2:16p 52.5 5:04a 5.2 2.6 0.00 5.1 24.0 5:29p SE 29 63.3 78.5 2:21p 51.9 11:59p 4.5 2.8 0.00 7.6 45.0 4:50p SSE 30 55.9 73.9 3:47p 40.6 7:20a 10.1 1.0 0.00 3.7 46.0 2:25a SE ------------------------------------------------------------------------------------- 61.7 88.2 3 31.9 26 206.0 105.9 1.20 2.6 46.0 30 SE Max >= 90.0: 0 Max <= 32.0: 0 Min <= 32.0: 1 Min <= 0.0: 0 Max Rain: 0.76 ON 09/05/07 Days of Rain: 6 (>.01 in) 3 (>.1 in) 0 (>1 in) Heat Base: 65.0 Cool Base: 65.0 Method: Integration
Note: For Weather Data, and Records Prior to December 2006 please click here for history and records.

Station affiliations

Weather data published to:,
Weather Underground, Citizen Weather Observer Program, WeatherForYou, AnythingWeather.com

Member of: Weather-Matrix, Weather-Watch.com

Quote from the patron saint of the webmaster, St. Alphonsus Liguori :
"My Jesus, Thou alone art sufficient for me.  MY love, do not permit me to separate myself from Thee.  When shall I be able to say, 'My God, I cannot lose thee any more?' "

 ©2007 ExceptionalWeather.com
Radar/maps © Weather Underground. Used with permission.    Valid XHTML 1.0     Valid CSS
Never base important decisions on this or any weather information obtained from the Internet.